{"id":82,"date":"2013-11-20T02:09:54","date_gmt":"2013-11-20T02:09:54","guid":{"rendered":"http:\/\/blog.espol.edu.ec\/ssegovia95\/?page_id=82"},"modified":"2013-11-21T00:09:33","modified_gmt":"2013-11-21T00:09:33","slug":"crianza-y-cuidados","status":"publish","type":"page","link":"https:\/\/blog.espol.edu.ec\/ssegovia95\/crianza-y-cuidados\/","title":{"rendered":"REPRODUCCION"},"content":{"rendered":"<table width=\"757\" border=\"0\" cellspacing=\"0\" cellpadding=\"0\" align=\"center\">\n<tbody>\n<tr>\n<td colspan=\"2\" valign=\"bottom\" height=\"24\"><strong><span style=\"font-family: Verdana, Arial, Helvetica, sans-serif\">Reproducci\u00f3n y Crianza<\/span><\/strong><\/td>\n<\/tr>\n<tr>\n<td align=\"left\" valign=\"top\" height=\"279\"><img loading=\"lazy\" decoding=\"async\" alt=\"foto\" src=\"http:\/\/www.caballomania.com\/enciclopedia_reproduc_crianza\/imagenes\/crianza.jpg\" width=\"200\" height=\"231\" align=\"right\" \/>Los factores existentes que capacitan al semental para montar una yeguada son dos, las normas permisos que rijan en el pa\u00eds de origen para el acoplamiento, las cuales deben revisarse detalladamente desde el principio y el tipo de instalaciones y las caracter\u00edsticas que presenta para dicho prop\u00f3sito, van de acuerdo al nivel econ\u00f3mico que se tenga.Algunas de las posibles causas por las cuales el animal no pueda procrear son: esparav\u00e1n, cataratas, alteraciones de los \u00f3rganos genitales, rugidos o silbidos, enfermedades que afecten a los huesos naviculares, y algunos otros trastornos.La conformaci\u00f3n morfol\u00f3gica y la funci\u00f3n deben ser casi perfectas, ya que el papel del semental es suplir las deficiencias de la yegua.<\/p>\n<p><i>Lo que se busca principalmente en los caballos de carreras, son las marcas del semental; la conformaci\u00f3n pasa a un segundo t\u00e9rmino.<\/i><\/p>\n<p>El funcionamiento y la apariencia de los \u00f3rganos genitales del semental deben ser normales, visibles, encontrarse al mismo nivel, y ser de igual tama\u00f1o. Si por alg\u00fan motivo un test\u00edculo se encuentra retenido en el interior del tronco, el caballo se considera inadecuado para utilizarse como semental ya que son infecundos y sus descendientes machos heredan el defecto. Lo que necesita el semental es un amplio establo y una zona de c\u00e9sped o patio para hacer ejercicio, as\u00edmismo un \u00e1rea de acoplamiento, con el equipo necesario para las operaciones previas a la cubrici\u00f3n. Los cuidados deben estar a cargo de un<b>gu\u00eda experto<\/b>, que necesitar\u00e1 a su vez personas capaces de colaborar con \u00e9l en el manejo de las yeguas.<\/p>\n<p>Estableciendo el v\u00ednculo, es recomendable mantener juntos al gu\u00eda y al semental durante toda la temporada, ya que es m\u00e1s f\u00e1cil para los dos trabajar juntos, siendo cada uno de ellos capaz de prever los movimientos del otro.<\/p>\n<p>El manejo del semental en el establo es muy importante. Al sentirse en familia es m\u00e1s feliz, en algunas ocasiones no participa en las actividades generales y habituales. El trato con sus compa\u00f1eros debe ser el mismo, tomando en cuenta ciertas restricciones, como evitar la cercan\u00eda con otros en la \u00e9poca de acoplamiento. No es recomendable introducir en cualquier establo a un semental, m\u00e1s aun si se trata de un animal excitable, puede llegar a sentirse inc\u00f3modo; debe proporcion\u00e1rseles libertad, ya que si permanecen encerrados o apartados de compa\u00f1\u00eda, exceptuando los momentos de acoplamiento, el resultado ser\u00e1 frustraci\u00f3n, soledad e infelicidad. Causando un dif\u00edcil manejo. Las patas del semental deben mantenerse siempre limpias, por la larga permanencia en pesebres y zonas sucias, que pueden producir la aparici\u00f3n de higo y contracturas de los miembros. Diariamente se debe limpiar y almohazar, para mantener en \u00f3ptimas condiciones su pelaje, sus m\u00fasculos en buen estado y sus poros permeables. El aceite de linaza hervido, adem\u00e1s de ser un magn\u00edfico acondicionador, proporciona al pelaje un bello lustre. Los sementales pura sangre y los de las razas mayores necesitan una dieta rica en prote\u00ednas, de hasta 7 kg. de avena machacada por d\u00eda, para lograr una m\u00e1xima fertilidad. Tambi\u00e9n es necesario darles heno de buena calidad. Con este tipo de dieta es esencial que aparte de las actividades de yeguada, el semental efect\u00fae ejercicio de forma regular, para mantenerlo en excelentes condiciones, sin engordar. El exceso de grasa es una de las causas fundamentales de infertilidad y puede dar lugar a laminitis (afecci\u00f3n dolorosa de los extremos de las patas).<\/p>\n<p>Puede montarse o conducirse a muchos sementales de razas m\u00e1s peque\u00f1as; gracias a su inteligencia distinguir\u00e1 inmediatamente entre el freno usado para ejercicios y la j\u00e1quima utilizada para el acoplamiento. Si se inculca una conducta correcta desde el principio, la mayor parte de los sementales aceptar\u00e1n y aprender\u00e1n que el deseo sexual es totalmente inaceptable durante el ejercicio. Los pura sangre no suelen montarse y deben efectuar una o dos horas diarias de ejercicio, con un gu\u00eda, si poseen una vitalidad excesiva. Deben tener acceso a una zona de c\u00e9sped donde estar libres durante los meses fuera de temporada, o disponer de unos d\u00edas libres de actividades de yeguada. Un cercado fuerte, alto y con doble valla, con una separaci\u00f3n de la longitud de un caballo entre las dos cercas, servir\u00e1 para disuadir la idea de saltar o escapar, incluso a los m\u00e1s decididos. Los m\u00e1s peque\u00f1os pueden permanecer en zonas adyacentes, con un cercado sencillo.<\/p>\n<p>La j\u00e1quima de cubrici\u00f3n se compone de una brida con bocado de metal recto y con una resistente cadena de unos 45 cm. de longitud. Esta cadena se sujeta con unos anillos a una larga tira de cuero o de cuerda de cincha, de una longitud que permite practicar la arremetida, y que se para a trav\u00e9s del asidero derecho del freno, por debajo de la mand\u00edbula, y se sujeta en el izquierdo. Cuando se aplica tracci\u00f3n por medio de la cuerda, resulta dolorosa y suele controlar los deseos del animal. Si, por ser inminente la cubrici\u00f3n, el semental resulta dif\u00edcil de embridar, se le puede colocar un collar de cabeza, con tira frontal, y mantenerlo durante las horas libres de actividad, acopl\u00e1ndole un bocado o freno a los asideros laterales, cuando sea necesario. Se debe utilizar una cuerda larga, ya que ciertos sementales se encabritan antes de agotar sus energ\u00edas. El gu\u00eda debe llevar una\u00a0<b>fusta corta y fuerte<\/b>.<\/p>\n<p>El proceso consiste en presentar a la yegua y al semental, coloc\u00e1ndolos a los lados de unas cercas o tableros dise\u00f1ados para este fin. Esto se hace para mantener la seguridad del macho, ya que es un medio de seguridad para evitar que brinque sobre la yegua y la monte antes de que se encuentre preparada. Algunas veces los sementales son demasiado viriles e hiperexcitables, para juguetear con la yegua y determinar si est\u00e1 a punto para el acoplamiento. En cuyo caso, se utiliza para este fin otro caballo, cuya tarea es coquetear con las yeguas bajo la observaci\u00f3n del mozo de cuadra, de forma que \u00e9ste puede deducir cu\u00e1les son las que se encuentran preparadas para efectuar un acoplamiento.<\/p>\n<p>Los potros que tienen dos a\u00f1os son capaces de cubrir a unas seis yeguas en su primera temporada de acoplamiento; lo m\u00e1s conveniente es que sus primeros contactos sean con hembras maduras, que al estar fl\u00e1cidas, facilitan la cubrici\u00f3n. En general, estas yeguas suelen mantenerse quietas y toleran los torpes e insuficientes intentos precoces del potro. \u00c9stos se lanzan con frecuencia hacia las hembras sin erecci\u00f3n del pene y trepan sobre ellas sin efectos \u00fatiles; ahora bien, un buen mozo de cuadra sabr\u00e1 mantener al potro en esta actitud hasta que se encuentre en condiciones de acoplarse realmente. El conductor de la yegua puede entonces llevar a \u00e9sta al otro lado del port\u00f3n, acerc\u00e1ndola al macho en el momento \u00f3ptimo. Con la ayuda de yeguas dispuestas, el joven potro aprender\u00e1 pronto, siempre y cuando no quebrante con premura su confianza a consecuencia de alguna potranca joven y resabiada.<\/p>\n<p>Cuando el semental cuenta con los tres a\u00f1os, puede acoplarse con 20 yeguas aproximadamente, a los cuatro, con 60, para que \u00e9sto sea posible es primordial que el semental se encuentre en perfectas condiciones y que los acoplamientos se distribuyan adecuadamente a lo largo de la temporada; hay que presentar las yeguas al macho en condiciones de limpieza y tras inspecci\u00f3n veterinaria, para que sean cubiertas en el momento \u00f3ptimo de su ciclo de estro; de esta forma se reduce el n\u00famero de servicios necesarios del semental. Pueden aparecer problemas especiales en ciertos sementales. En ocasiones, se dilata de forma prematura la extremidad del pene, en animales demasiado excitados, haciendo que sea demasiado grande para penetrar a trav\u00e9s de la vulva y entrar en la vagina de la yegua. En tal situaci\u00f3n, el gu\u00eda debe evitar que el semental monte a la yegua y, si ya lo ha hecho, debe tirar de \u00e9l con fuerza, para evitar que se produzca la eyaculaci\u00f3n desplazada del semen, que inutilizar\u00eda el servicio. Debe alejarse al semental, hasta que se hayan normalizado las dimensiones del miembro, y puede efectuarse entonces el segundo intento.<\/p>\n<p>Existen sementales que tardan mucho en conseguir la erecci\u00f3n y su capacidad para montar es menor. En estos casos es necesario utilizar un poco de astucia y hacer que la yegua se mueva por la zona, para provocar la agresi\u00f3n del macho. Se recomienda suplementar la dieta con cantidades adicionales de vitamina E. Algunas veces encontraremos que determinados sementales rehusar\u00e1n cubrir algunas yeguas, sin importarles que sean de buena raza, y desear\u00e1n montar a una peque\u00f1a hembra de dudosa ascendencia. Aqu\u00ed tambi\u00e9n puede ser de utilidad encelar al semental; muchos de ellos han cubierto a una yegua a la que previamente ignoraban, tras colocarle una manta de colores y ponerla a la luz crepuscular o de la luna.<\/p>\n<p>El trato que se le d\u00e9 al semental cuando se sienta molesto ante alguna yegua o cuando se encuentre nervioso ante el acto del acoplamiento debe ser muy cuidadoso; ya que en un momento determinado, es posible que el caballo eche hacia atr\u00e1s las orejas, dar la vuelta, y cocearla violentamente. En ocasiones llegan a morder el cuello de la yegua durante el acto produciendo lesiones en la piel y m\u00fasculos. La aplicaci\u00f3n de un protector almohadillado sobre el cuello protege a la yegua y evita que el dolor la haga saltar o que intente resistirse al momento de la inseminaci\u00f3n. Los sementales que se encuentran agotados por el esfuerzo, caen al suelo detr\u00e1s de la yegua inclin\u00e1ndose sobre las patas traseras de ella. Puesto que en varias ocasiones la hembra cocea, el gu\u00eda debe retirar al macho con rapidez; entre tanto, el responsable de la yegua debe levantar inmediatamente la cabeza y hacerla girar, para que los cuartos traseros se alejen del semental.<\/p>\n<p>Las precauciones que deben tomarse para evitar que reciban coces los \u00f3rganos genitales del caballo deben ser muy cuidadas. Los posibles cortes producidos podr\u00edan ulcerarle y la curaci\u00f3n ser lenta, con lo que el animal quedar\u00eda moment\u00e1neamente inutilizado; una coz violenta recibida en los test\u00edculos puede hacer que un semental se vuelva irreversiblemente est\u00e9ril.<\/p>\n<p>Los sementales pueden continuar activos hasta su tercera d\u00e9cada, sin embargo a consecuencia de la edad cubren un n\u00famero menor de yeguas. La senilidad aparece cuando ya no procrea, lo mejor es sacrificarlo de forma humanitaria en su propio territorio, antes de que se convierta en una decr\u00e9pita sombra de su antigua naturaleza, incapaz ya de disfrutar<\/td>\n<\/tr>\n<\/tbody>\n<\/table>\n","protected":false},"excerpt":{"rendered":"<p>Reproducci\u00f3n y Crianza Los factores existentes que capacitan al semental para montar una yeguada son dos, las normas permisos que rijan en el pa\u00eds de origen para el acoplamiento, las cuales deben revisarse detalladamente desde el principio y el tipo &hellip; <a href=\"https:\/\/blog.espol.edu.ec\/ssegovia95\/crianza-y-cuidados\/\">Sigue leyendo <span class=\"meta-nav\">&rarr;<\/span><\/a><\/p>\n","protected":false},"author":8861,"featured_media":0,"parent":0,"menu_order":7,"comment_status":"open","ping_status":"closed","template":"","meta":{"footnotes":""},"class_list":["post-82","page","type-page","status-publish","hentry"],"_links":{"self":[{"href":"https:\/\/blog.espol.edu.ec\/ssegovia95\/wp-json\/wp\/v2\/pages\/82","targetHints":{"allow":["GET"]}}],"collection":[{"href":"https:\/\/blog.espol.edu.ec\/ssegovia95\/wp-json\/wp\/v2\/pages"}],"about":[{"href":"https:\/\/blog.espol.edu.ec\/ssegovia95\/wp-json\/wp\/v2\/types\/page"}],"author":[{"embeddable":true,"href":"https:\/\/blog.espol.edu.ec\/ssegovia95\/wp-json\/wp\/v2\/users\/8861"}],"replies":[{"embeddable":true,"href":"https:\/\/blog.espol.edu.ec\/ssegovia95\/wp-json\/wp\/v2\/comments?post=82"}],"version-history":[{"count":2,"href":"https:\/\/blog.espol.edu.ec\/ssegovia95\/wp-json\/wp\/v2\/pages\/82\/revisions"}],"predecessor-version":[{"id":84,"href":"https:\/\/blog.espol.edu.ec\/ssegovia95\/wp-json\/wp\/v2\/pages\/82\/revisions\/84"}],"wp:attachment":[{"href":"https:\/\/blog.espol.edu.ec\/ssegovia95\/wp-json\/wp\/v2\/media?parent=82"}],"curies":[{"name":"wp","href":"https:\/\/api.w.org\/{rel}","templated":true}]}}