{"id":19,"date":"2010-08-04T21:50:33","date_gmt":"2010-08-04T21:50:33","guid":{"rendered":"http:\/\/blog.espol.edu.ec\/steffych\/?page_id=19"},"modified":"2010-08-10T13:56:20","modified_gmt":"2010-08-10T13:56:20","slug":"el-mor-de-dios","status":"publish","type":"page","link":"https:\/\/blog.espol.edu.ec\/steffych\/el-mor-de-dios\/","title":{"rendered":"@mor de Dios..."},"content":{"rendered":"<h1 style=\"text-align: center\"><span style=\"color: #800080\">\"El @mor de Dios \"<\/span><\/h1>\n<h1 style=\"text-align: center\">\u00a0<\/h1>\n<h2>Porque de tal manera am\u00f3 Dios al Mundo<\/h2>\n<h3>\u00a1Dios es amor!<\/h3>\n<h3>\"Porque de tal manera am\u00f3 Dios al mundo, que ha dado a Su Hijo unig\u00e9nito, para que todo aquel que en \u00c9l cree, no se pierda, m\u00e1s tenga vida eterna.\u00a0<\/h3>\n<h3>\u00a0\"En esto se mostr\u00f3 el amor de Dios para con nosotros: En que Dios envi\u00f3 a Su Hijo unig\u00e9nito, para que vivamos por \u00c9l.<\/h3>\n<h4><span style=\"color: #008000\">Esta cancion es mi favorita, habla del @mor de Dios que alcanz\u00f3 una persona y esta persona en agradecimiento testifica del amor de Dios...<\/span><\/h4>\n<p><a>\\\"CANTARE DE TU AMOR\\\"<\/a>\u00a0\u00a0\u00a0<\/p>\n<p><strong>\u00a0<\/strong>\u00a0\u00a0\u00a0<\/p>\n<h1 style=\"text-align: center\"><span style=\"color: #800080\">COMICS Y HUMOR CRISTIANO<\/span><\/h1>\n<p style=\"text-align: center\"><a href=\"http:\/\/blog.espol.edu.ec\/steffych\/files\/2010\/08\/add_toon_info2.gif\"><img loading=\"lazy\" decoding=\"async\" class=\"size-full wp-image-69  aligncenter\" title=\"add_toon_info\" src=\"http:\/\/blog.espol.edu.ec\/steffych\/files\/2010\/08\/add_toon_info2.gif\" alt=\"\" width=\"360\" height=\"315\" srcset=\"https:\/\/blog.espol.edu.ec\/steffych\/files\/2010\/08\/add_toon_info2.gif 360w, https:\/\/blog.espol.edu.ec\/steffych\/files\/2010\/08\/add_toon_info2-300x262.gif 300w\" sizes=\"auto, (max-width: 360px) 100vw, 360px\" \/><\/a>\u00a0\u00a0\u00a0<\/p>\n<p><a href=\"http:\/\/blog.espol.edu.ec\/steffych\/files\/2010\/08\/add_toon_info11.gif\"><img loading=\"lazy\" decoding=\"async\" class=\"aligncenter size-full wp-image-70\" title=\"add_toon_info1\" src=\"http:\/\/blog.espol.edu.ec\/steffych\/files\/2010\/08\/add_toon_info11.gif\" alt=\"\" width=\"360\" height=\"299\" srcset=\"https:\/\/blog.espol.edu.ec\/steffych\/files\/2010\/08\/add_toon_info11.gif 360w, https:\/\/blog.espol.edu.ec\/steffych\/files\/2010\/08\/add_toon_info11-300x249.gif 300w\" sizes=\"auto, (max-width: 360px) 100vw, 360px\" \/><\/a>\u00a0\u00a0\u00a0<\/p>\n<p style=\"text-align: center\"><a href=\"http:\/\/blog.espol.edu.ec\/steffych\/files\/2010\/08\/add_toon_info41.gif\"><img loading=\"lazy\" decoding=\"async\" class=\"size-full wp-image-71   aligncenter\" title=\"add_toon_info4\" src=\"http:\/\/blog.espol.edu.ec\/steffych\/files\/2010\/08\/add_toon_info41.gif\" alt=\"\" width=\"360\" height=\"299\" srcset=\"https:\/\/blog.espol.edu.ec\/steffych\/files\/2010\/08\/add_toon_info41.gif 360w, https:\/\/blog.espol.edu.ec\/steffych\/files\/2010\/08\/add_toon_info41-300x249.gif 300w\" sizes=\"auto, (max-width: 360px) 100vw, 360px\" \/><\/a>\u00a0\u00a0\u00a0<\/p>\n<h2>\u00a0<\/h2>\n<h1><span style=\"color: #ff0000\">ENTERATE...<\/span><\/h1>\n<h2><span style=\"color: #ff0000\">M\u00daSICOS FAMOSOS CONVERTIDOS AL CRISTIANISMO <\/span><\/h2>\n<h3>Cantantes reconocidos en el mundo del espect\u00e1culo decidieron hacer un alto en el camino para reencontrarse con Dios y \"tener una mejor calidad de vida\", como ellos mismos dicen. \u00a1Te invitamos a conocerlos!<\/h3>\n<\/p>\n<p style=\"text-align: center\">\u00a0<img loading=\"lazy\" decoding=\"async\" class=\"size-full wp-image-72  aligncenter\" title=\"VICO\" src=\"http:\/\/blog.espol.edu.ec\/steffych\/files\/2010\/08\/VICO.jpg\" alt=\"\" width=\"300\" height=\"450\" srcset=\"https:\/\/blog.espol.edu.ec\/steffych\/files\/2010\/08\/VICO.jpg 300w, https:\/\/blog.espol.edu.ec\/steffych\/files\/2010\/08\/VICO-200x300.jpg 200w\" sizes=\"auto, (max-width: 300px) 100vw, 300px\" \/>\u00a0\u00a0\u00a0<\/p>\n<h3>VICO C, UNA HISTORIA DE VIDA Un accidente en moto cambi\u00f3 la vida de Vico C y lo llev\u00f3 a un nuevo despertar. Su historia de conversi\u00f3n, comenz\u00f3 con este acontecimiento que lo dej\u00f3 en una profunda depresi\u00f3n y lo llev\u00f3 a buscar amparo en las drogas (hero\u00edna, coca\u00edna, marihuana y alcohol). Luego, viviendo en Orlando (Florida) Vico C conoci\u00f3 la soledad de una celda de prisi\u00f3n, aunque nunca se envolvi\u00f3 en ella. Por el contrario, fue el momento en que se sinti\u00f3 m\u00e1s acompa\u00f1ado que nunca por su familia y los amigos. Sin rendirse y por el contrario, motivado a volver a cambiar su vida, decide en la c\u00e1rcel comenzar a grabar un nuevo disco titulado: En Honor a la Verdad<\/h3>\n<p>\u00a0\u00a0\u00a0\u00a0<\/p>\n<p style=\"text-align: center\">\u00a0<a href=\"http:\/\/blog.espol.edu.ec\/steffych\/files\/2010\/08\/JUAN-LUIS.jpg\"><img loading=\"lazy\" decoding=\"async\" class=\"size-full wp-image-73  aligncenter\" title=\"JUAN LUIS\" src=\"http:\/\/blog.espol.edu.ec\/steffych\/files\/2010\/08\/JUAN-LUIS.jpg\" alt=\"\" width=\"348\" height=\"398\" srcset=\"https:\/\/blog.espol.edu.ec\/steffych\/files\/2010\/08\/JUAN-LUIS.jpg 348w, https:\/\/blog.espol.edu.ec\/steffych\/files\/2010\/08\/JUAN-LUIS-262x300.jpg 262w\" sizes=\"auto, (max-width: 348px) 100vw, 348px\" \/><\/a>\u00a0\u00a0\u00a0<\/p>\n<h3>JUAN LUIS GUERRA, UN EVANGELIZADOR El \u00bfrey de la bachata y el merengue\u00bf, cada que puede confirma su entrega a Dios e invita a sus colegas cantantes y m\u00fasicos a buscar la salvaci\u00f3n con Jesucristo. El cantautor, se ha dedicado en los \u00faltimos a\u00f1os a alabar a Dios y es miembro activo de una iglesia evang\u00e9lica.<\/h3>\n<\/p>\n<p style=\"text-align: center\">\u00a0<a href=\"http:\/\/blog.espol.edu.ec\/steffych\/files\/2010\/08\/GLORIA.jpg\"><img loading=\"lazy\" decoding=\"async\" class=\"size-full wp-image-74  aligncenter\" title=\"GLORIA\" src=\"http:\/\/blog.espol.edu.ec\/steffych\/files\/2010\/08\/GLORIA.jpg\" alt=\"\" width=\"300\" height=\"450\" srcset=\"https:\/\/blog.espol.edu.ec\/steffych\/files\/2010\/08\/GLORIA.jpg 300w, https:\/\/blog.espol.edu.ec\/steffych\/files\/2010\/08\/GLORIA-200x300.jpg 200w\" sizes=\"auto, (max-width: 300px) 100vw, 300px\" \/><\/a>\u00a0\u00a0\u00a0<\/p>\n<h3>GLORIA TREVI, \u00bfREENCUETRO CON DIOS\u00bf La artista vivi\u00f3 una experiencia \u00fanica con Dios que le ayud\u00f3 a darle un giro positivo a su vida. La Trevi lleg\u00f3 un d\u00eda cualquiera a territorios tabasque\u00f1os (M\u00e9xico) donde pas\u00f3 el d\u00eda en casa de amistades de su inseparable amigo Gustavo Berm\u00fadez, quien la apoy\u00f3 durante todo su proceso judicial y estuvo junto a ella en la liberaci\u00f3n.<\/h3>\n<\/p>\n<p style=\"text-align: center\"><a href=\"http:\/\/blog.espol.edu.ec\/steffych\/files\/2010\/08\/YURI.jpg\"><img loading=\"lazy\" decoding=\"async\" class=\"size-full wp-image-75  aligncenter\" title=\"YURI\" src=\"http:\/\/blog.espol.edu.ec\/steffych\/files\/2010\/08\/YURI.jpg\" alt=\"\" width=\"400\" height=\"350\" srcset=\"https:\/\/blog.espol.edu.ec\/steffych\/files\/2010\/08\/YURI.jpg 400w, https:\/\/blog.espol.edu.ec\/steffych\/files\/2010\/08\/YURI-300x262.jpg 300w\" sizes=\"auto, (max-width: 400px) 100vw, 400px\" \/><\/a>\u00a0\u00a0\u00a0\u00a0<\/p>\n<h3>YURI, \u00bfSOY M\u00c1S PERSONA QUE ARTISTA\u00bf La cantante acept\u00f3 a Dios, luego de pensar en el suicidio, tras llevar una vida de excesos en las drogas y el alcohol. Despu\u00e9s de su conversi\u00f3n, la artista confiesa que vive tranquila y est\u00e1 feliz con su matrimonio. Yuri relata que se retir\u00f3 cinco a\u00f1os del mundo del espect\u00e1culo y se dedic\u00f3 a \u00bfplanchar, cocinar y a ser m\u00e1s persona que artista\u00bf. Luego, regres\u00f3 a la escena musical promocionado un disco hom\u00f3nimo donde interpreta m\u00fasica regional mexicana.<\/h3>\n<\/p>\n<p style=\"text-align: center\">\u00a0<a href=\"http:\/\/blog.espol.edu.ec\/steffych\/files\/2010\/08\/RICARDO.jpg\"><img loading=\"lazy\" decoding=\"async\" class=\"size-full wp-image-76  aligncenter\" title=\"RICARDO\" src=\"http:\/\/blog.espol.edu.ec\/steffych\/files\/2010\/08\/RICARDO.jpg\" alt=\"\" width=\"300\" height=\"450\" srcset=\"https:\/\/blog.espol.edu.ec\/steffych\/files\/2010\/08\/RICARDO.jpg 300w, https:\/\/blog.espol.edu.ec\/steffych\/files\/2010\/08\/RICARDO-200x300.jpg 200w\" sizes=\"auto, (max-width: 300px) 100vw, 300px\" \/><\/a>\u00a0\u00a0\u00a0<\/p>\n<h3>RICARDO MONTANER, FE INDELEBLE Ricardo Montaner no ha necesitado \u00bftocar fondo\u00bf para reconocer su \u00edntima relaci\u00f3n con Dios. En todas sus entrevistas con los medios de comunicaci\u00f3n jam\u00e1s se olvida mencionarlo y agradecerle su \u00e9xito, directa o indirectamente. Su fe es tan grande que, desde hace alg\u00fan tiempo, engendra un proyecto donde la m\u00fasica cristiana ser\u00e1 la protagonista<span style=\"color: #ff6600\">.<strong>[1]<\/strong><\/span><\/h3>\n<p>\u00a0\u00a0\u00a0\u00a0<\/p>\n<h2 style=\"text-align: center\"><span style=\"color: #ff0000\">S\u00cdMBOLOS QUE LOS CRISTIANOS DEBEN EVITAR<\/span><\/h2>\n<h3><span style=\"color: #00ccff\">Algunos s\u00edmbolos que sin saber su significado hemos usado, son invitaciones que abren puertas al mundo espiritual, y que al tenerlos o usarlos, por ignorancia estamos permitiendo que nuestro hogar, nuestro trabajo o nuestras relaciones sean contaminadas.<\/span><\/h3>\n<h3><span style=\"color: #00ccff\">Muchas veces no comprendemos porqu\u00e9 nuestras oraciones no son contestadas, y la respuesta es que tenemos en nuestra casa, trabajo, negocio, o en el lugar donde solemos orar, s\u00edmbolos que encierran antiqu\u00edsimos poderes ocultistas usados por brujos y hechiceros a lo largo de la historia de la humanidad, y que tienen poder para alejar a las personas de Jes\u00fas, el \u00fanico y suficiente Salvador que puede, con su poder absoluto, liberarnos de Satan\u00e1s y sus huestes de maldad.<\/span><\/h3>\n<p><strong><span style=\"color: #00ccff\">\u00a0\u00a0<\/span><\/strong><a href=\"http:\/\/blog.espol.edu.ec\/steffych\/files\/2010\/08\/clip_image002.jpg\"><strong><img loading=\"lazy\" decoding=\"async\" class=\"aligncenter size-full wp-image-79\" title=\"clip_image002\" src=\"http:\/\/blog.espol.edu.ec\/steffych\/files\/2010\/08\/clip_image002.jpg\" alt=\"\" width=\"103\" height=\"95\" \/><\/strong><\/a><strong><span style=\"color: #ff00ff\">PENTAGRAMA INVERTIDO<\/span>: <span style=\"color: #ffff00\">Simboliza la estrella de la ma\u00f1ana, nombre que Satan\u00e1s ha tomado para s\u00ed. Usada en brujer\u00eda y rituales ocultos para conjurar esp\u00edritus de maldad. Puede estar dentro de un c\u00edrculo o no, de cualquier manera representa a Satan\u00e1s.<\/span><\/strong><span style=\"color: #ffff00\">\u00a0<\/span>\u00a0\u00a0<\/p>\n<p><a href=\"http:\/\/blog.espol.edu.ec\/steffych\/files\/2010\/08\/clip_image0021.jpg\"><strong><img loading=\"lazy\" decoding=\"async\" class=\"aligncenter size-full wp-image-80\" title=\"clip_image002\" src=\"http:\/\/blog.espol.edu.ec\/steffych\/files\/2010\/08\/clip_image0021.jpg\" alt=\"\" width=\"103\" height=\"95\" \/><\/strong><\/a><strong><span style=\"color: #ff00ff\">PENTAGRAMA:<\/span> <span style=\"color: #ffff00\">Simbolo usado en brujer\u00eda, representa los elementos, la tierra, el viento el fuego y el agua, con el esp\u00edritu rodeandolos .<\/span><\/strong><span style=\"color: #ffff00\">\u00a0<\/span>\u00a0\u00a0<\/p>\n<p><strong><span style=\"color: #ffff00\">\u00a0<\/span><\/strong><a href=\"http:\/\/blog.espol.edu.ec\/steffych\/files\/2010\/08\/clip_image0022.jpg\"><strong><img loading=\"lazy\" decoding=\"async\" class=\"aligncenter size-full wp-image-81\" title=\"clip_image002\" src=\"http:\/\/blog.espol.edu.ec\/steffych\/files\/2010\/08\/clip_image0022.jpg\" alt=\"\" width=\"103\" height=\"95\" \/><\/strong><\/a><strong><span style=\"color: #ff00ff\">HEXAGRAMA:<\/span> <span style=\"color: #ffff00\">Es uno de los s\u00edmbolos m\u00e1s potentes usados en los poderes de las tinieblas. Usado en los trabajos de magia. Se confunde con la estrella de David, pero \u00e9sta estrella est\u00e1 dentro de un c\u00edrculo<\/span><span style=\"color: #ffff00\">.<\/span><\/strong>\u00a0\u00a0\u00a0<\/p>\n<p><strong>\u00a0<\/strong><a href=\"http:\/\/blog.espol.edu.ec\/steffych\/files\/2010\/08\/clip_image0023.jpg\"><strong><img loading=\"lazy\" decoding=\"async\" class=\"aligncenter size-full wp-image-82\" title=\"clip_image002\" src=\"http:\/\/blog.espol.edu.ec\/steffych\/files\/2010\/08\/clip_image0023.jpg\" alt=\"\" width=\"103\" height=\"95\" \/><\/strong><\/a><strong><span style=\"color: #ff00ff\">ANKHA:<\/span> <span style=\"color: #ffff00\">Simboliza los rituales de fertilidad. Adem\u00e1s el esp\u00edritu que es el poder de uni\u00f3n de las representaciones de lo masculino y femenino. Es adem\u00e1s llamado el sello de por vida.<\/span><\/strong><span style=\"color: #ffff00\">\u00a0<\/span>\u00a0\u00a0<\/p>\n<p><strong>\u00a0<\/strong><a href=\"http:\/\/blog.espol.edu.ec\/steffych\/files\/2010\/08\/clip_image0024.jpg\"><strong><img loading=\"lazy\" decoding=\"async\" class=\"aligncenter size-full wp-image-83\" title=\"clip_image002\" src=\"http:\/\/blog.espol.edu.ec\/steffych\/files\/2010\/08\/clip_image0024.jpg\" alt=\"\" width=\"103\" height=\"95\" \/><\/strong><\/a><strong><span style=\"color: #ff00ff\">SVASTICA O RUEDA DEL SOL<\/span>. <span style=\"color: #ffff00\">Es un s\u00edmbolo religioso antiguo usado mucho tiempo antes de que Hitler tomara el poder. Ha sido usado en inscripciones Budistas, Monumentos Celtas y monedas Griegas. Representa el curso del sol en los cielos. Tambi\u00e9n representa el poder del boomerang, todo lo que sube tiene que bajar, todo lo que haces se devuelve.<\/span><\/strong><span style=\"color: #ffff00\">\u00a0<\/span>\u00a0\u00a0<\/p>\n<div><strong>\u00a0<\/strong><\/div>\n<p><a href=\"http:\/\/blog.espol.edu.ec\/steffych\/files\/2010\/08\/clip_image0025.jpg\"><strong><img loading=\"lazy\" decoding=\"async\" class=\"aligncenter size-full wp-image-84\" title=\"clip_image002\" src=\"http:\/\/blog.espol.edu.ec\/steffych\/files\/2010\/08\/clip_image0025.jpg\" alt=\"\" width=\"103\" height=\"95\" \/><\/strong><\/a><strong><span style=\"color: #ff00ff\">CRUZ INVERTIDA:<\/span> <span style=\"color: #ffff00\">Simboliza burla y rechazo a JES\u00daS. Los satanistas se ponen estas cruces como collares. Puedes verla en cantantes de Rock y en las portadas de sus discos.<\/span><\/strong><span style=\"color: #ffff00\">\u00a0<\/span>\u00a0\u00a0<\/p>\n<p><a href=\"http:\/\/blog.espol.edu.ec\/steffych\/files\/2010\/08\/clip_image0027.jpg\"><strong><img loading=\"lazy\" decoding=\"async\" class=\"aligncenter size-full wp-image-86\" title=\"clip_image002\" src=\"http:\/\/blog.espol.edu.ec\/steffych\/files\/2010\/08\/clip_image0027.jpg\" alt=\"\" width=\"103\" height=\"95\" \/><\/strong><\/a><strong><span style=\"color: #ff00ff\">ZODIACO<\/span><span style=\"color: #ff00ff\">:<\/span> <span style=\"color: #ffff00\">Usado en adoraci\u00f3n sat\u00e1nica oculta. Los practicantes conocen a su Dios como Baal o Lucifer. Esto incluye los signos de los hor\u00f3scopos.<\/span><\/strong><span style=\"color: #ffff00\">\u00a0<\/span>\u00a0\u00a0<\/p>\n<p><a href=\"http:\/\/blog.espol.edu.ec\/steffych\/files\/2010\/08\/clip_image0026.jpg\"><strong><img loading=\"lazy\" decoding=\"async\" class=\"aligncenter size-full wp-image-85\" title=\"clip_image002\" src=\"http:\/\/blog.espol.edu.ec\/steffych\/files\/2010\/08\/clip_image0026.jpg\" alt=\"\" width=\"103\" height=\"95\" \/><\/strong><\/a><strong><span style=\"color: #ff00ff\">YING YANG:<\/span> <span style=\"color: #ffff00\">En la filosof\u00eda china, son dos grandes principios opuestos o fuerzas de las que todo depende. Yang es masculino, luz y positivo. Yin es femenino, oscuro y negativo.<\/span><\/strong><span style=\"color: #ffff00\">\u00a0<\/span>\u00a0\u00a0<\/p>\n<p><strong>\u00a0<\/strong><a href=\"http:\/\/blog.espol.edu.ec\/steffych\/files\/2010\/08\/clip_image0028.jpg\"><strong><img loading=\"lazy\" decoding=\"async\" class=\"aligncenter size-full wp-image-87\" title=\"clip_image002\" src=\"http:\/\/blog.espol.edu.ec\/steffych\/files\/2010\/08\/clip_image0028.jpg\" alt=\"\" width=\"103\" height=\"95\" \/><\/strong><\/a><strong><span style=\"color: #ff00ff\">666 (LOS TRES SEISES):<\/span> <span style=\"color: #ffff00\">EL NOMBRE DE HOMBRE. LA MARCA DE LA BESTIA.<span style=\"color: #993300\"> APOCALIPSIS 13:18<\/span><\/span><\/strong><span style=\"color: #ff6600\">\u00a0\u00a0<strong>[11]<\/strong><\/span>\u00a0<\/p>\n<div><strong>\u00a0<\/strong><\/div>\n<p>\u00a0\u00a0\u00a0<\/p>\n<div><strong>\u00a0\u00a0<\/strong><\/div>\n<p>\u00a0\u00a0<\/p>\n<div><strong>\u00a0\u00a0<\/strong><\/div>\n<p>\u00a0<\/p>\n<p><strong>\u00a0\u00a0<\/p>\n<p><\/strong><\/p>\n","protected":false},"excerpt":{"rendered":"<p>\"El @mor de Dios \" \u00a0 Porque de tal manera am\u00f3 Dios al Mundo \u00a1Dios es amor! \"Porque de tal manera am\u00f3 Dios al mundo, que ha dado a Su Hijo unig\u00e9nito, para que todo aquel que en \u00c9l cree, no se pierda, m\u00e1s tenga vida eterna.\u00a0 \u00a0\"En esto se mostr\u00f3 el amor de Dios [&hellip;]<\/p>\n","protected":false},"author":3992,"featured_media":0,"parent":0,"menu_order":0,"comment_status":"open","ping_status":"open","template":"","meta":{"footnotes":""},"class_list":["post-19","page","type-page","status-publish","hentry"],"_links":{"self":[{"href":"https:\/\/blog.espol.edu.ec\/steffych\/wp-json\/wp\/v2\/pages\/19","targetHints":{"allow":["GET"]}}],"collection":[{"href":"https:\/\/blog.espol.edu.ec\/steffych\/wp-json\/wp\/v2\/pages"}],"about":[{"href":"https:\/\/blog.espol.edu.ec\/steffych\/wp-json\/wp\/v2\/types\/page"}],"author":[{"embeddable":true,"href":"https:\/\/blog.espol.edu.ec\/steffych\/wp-json\/wp\/v2\/users\/3992"}],"replies":[{"embeddable":true,"href":"https:\/\/blog.espol.edu.ec\/steffych\/wp-json\/wp\/v2\/comments?post=19"}],"version-history":[{"count":11,"href":"https:\/\/blog.espol.edu.ec\/steffych\/wp-json\/wp\/v2\/pages\/19\/revisions"}],"predecessor-version":[{"id":62,"href":"https:\/\/blog.espol.edu.ec\/steffych\/wp-json\/wp\/v2\/pages\/19\/revisions\/62"}],"wp:attachment":[{"href":"https:\/\/blog.espol.edu.ec\/steffych\/wp-json\/wp\/v2\/media?parent=19"}],"curies":[{"name":"wp","href":"https:\/\/api.w.org\/{rel}","templated":true}]}}