{"id":22,"date":"2010-08-04T22:14:19","date_gmt":"2010-08-04T22:14:19","guid":{"rendered":"http:\/\/blog.espol.edu.ec\/steffych\/?page_id=22"},"modified":"2010-08-10T16:48:43","modified_gmt":"2010-08-10T16:48:43","slug":"amor-entre-parejas","status":"publish","type":"page","link":"https:\/\/blog.espol.edu.ec\/steffych\/amor-entre-parejas\/","title":{"rendered":"Amor entre parejas.."},"content":{"rendered":"<p style=\"text-align: center\"><a href=\"http:\/\/blog.espol.edu.ec\/steffych\/files\/2010\/08\/images.jpg\"><img loading=\"lazy\" decoding=\"async\" class=\"size-full wp-image-90    aligncenter\" title=\"images\" src=\"http:\/\/blog.espol.edu.ec\/steffych\/files\/2010\/08\/images.jpg\" alt=\"\" width=\"150\" height=\"110\" \/><img loading=\"lazy\" decoding=\"async\" class=\"aligncenter size-full wp-image-91\" title=\"images3\" src=\"http:\/\/blog.espol.edu.ec\/steffych\/files\/2010\/08\/images3.jpg\" alt=\"\" width=\"114\" height=\"116\" \/><\/a>\u00a0\u00a0\u00a0\u00a0<\/p>\n<h1 style=\"text-align: center\"><span style=\"color: #ff0000\">AMOR ENTRE PAREJAS<\/span><\/h1>\n<h3 style=\"text-align: justify\"><span style=\"color: #00ffff\">El amor de pareja est\u00e1 condenado al fracaso si no se intenta comprender que no depende de la apariencia ni se trata de una cuesti\u00f3n de suerte o azar o simple atracci\u00f3n sexual.<\/span><\/h3>\n<h3 style=\"text-align: justify\"><span style=\"color: #00ffff\">En una sociedad de consumo donde todo se compra y se vende y donde todo depende de la oferta y la demanda, los sentimientos tambi\u00e9n ocupan un lugar en una vidriera y adoptan las mismas caracter\u00edsticas que los objetos.<\/span><\/h3>\n<h3 style=\"text-align: justify\"><span style=\"color: #00ffff\">El amor no se puede objetivar porque cuando el amor es un objeto m\u00e1s, es utilitario y se requiere s\u00f3lo para satisfacer las necesidades, suplir carencias o tener compa\u00f1\u00eda.<\/span><\/h3>\n<h3 style=\"text-align: justify\"><span style=\"color: #00ffff\">Todos queremos ser amados sin embargo no estamos dispuestos a hacer ning\u00fan esfuerzo para brindar amor.<\/span><\/h3>\n<h3 style=\"text-align: justify\"><span style=\"color: #00ffff\">Para lograr un amor verdadero, no alcanzan ni la buena figura, ni la capacidad de empat\u00eda ni el magnetismo, porque no se trata de una serie de cualidades que se consideran deseables para ser atractivo sino que consiste m\u00e1s en una disposici\u00f3n, una capacidad, una habilidad que se construye con esfuerzo<span style=\"color: #993366\">.<strong>[2]<\/strong><\/span><\/span><\/h3>\n<p>\u00a0\u00a0\u00a0\u00a0<\/p>\n<p style=\"text-align: justify\">\u00a0\u00a0\u00a0\u00a0\u00a0\u00a0<\/p>\n<h1 style=\"text-align: center\"><span style=\"color: #ff0000\">\"Los\u00a0Cuatro Tips del amor\"<\/span><\/h1>\n<h3 style=\"text-align: justify\"><span style=\"color: #ff6600\">Mantener una relaci\u00f3n amorosa en forma saludable y excitante exige mucho esfuerzo y muchas ganas. Para que no uses tus energ\u00edas en direcci\u00f3n contraria y te compliques con cosas que no tienen sentido, te damos estas diez claves. Te ayudar\u00e1n a disfrutar de una relaci\u00f3n y, en definitiva, a ser m\u00e1s feliz...<\/span><\/h3>\n<p><span style=\"color: #ff6600\">\u00a0\u00a0<\/span>\u00a0\u00a0\u00a0<\/p>\n<p style=\"text-align: justify\"><strong><span style=\"color: #ff00cc\">1. Para estar bien con alguien, hay que estar bien primero con una mismo<\/span><br \/>\n<\/strong><span style=\"color: #009900\">No ser\u00e1s capaz de entregarte a otra persona si no est\u00e1s bien contigo mismo. Hay que conseguir alcanzar un equilibrio personal aceptando tu manera de ser y tu f\u00edsico.<\/span>\u00a0\u00a0\u00a0\u00a0<\/p>\n<p><span style=\"color: #993366\">\u00a0<strong>consejo:<\/strong><\/span> <span style=\"color: #3366cc\">cuida tu aspecto exterior y g\u00fastate, s\u00f3lo as\u00ed conseguir\u00e1s ser atractiva\/o para los dem\u00e1s. <\/span>\u00a0\u00a0\u00a0\u00a0<\/p>\n<p><a href=\"http:\/\/blog.espol.edu.ec\/steffych\/files\/2010\/08\/images1.jpg\"><img loading=\"lazy\" decoding=\"async\" class=\"aligncenter size-full wp-image-92\" title=\"images1\" src=\"http:\/\/blog.espol.edu.ec\/steffych\/files\/2010\/08\/images1.jpg\" alt=\"\" width=\"130\" height=\"104\" \/><\/a>\u00a0\u00a0\u00a0\u00a0\u00a0<\/p>\n<p><strong><span style=\"color: #ff00cc\">2. Cultiva tu amor de forma inteligente<\/span><\/strong><br \/>\n<span style=\"color: #009900\">No existe un amor eterno que se abandona al paso de los a\u00f1os. El amor hay que trabajarlo d\u00eda a d\u00eda para mantenerlo siempre joven. La clave est\u00e1 aunar coraz\u00f3n, cabeza y sexo: coraz\u00f3n, para dejar aflorar los sentimientos; cabeza, para poder superar las dificultades; y sexo, para poder disfrutar del amor f\u00edsicamente.<\/span>\u00a0\u00a0\u00a0\u00a0<\/p>\n<p>\u00a0<strong><span style=\"color: #0099ff\">Consejo:<\/span><\/strong><span style=\"color: #ff0033\">nunca pierdas la capacidad de sorprenderle. As\u00ed le demostrar\u00e1s que es un ser \u00fanico y especial para ti. <\/span>\u00a0\u00a0\u00a0\u00a0<\/p>\n<p><a href=\"http:\/\/blog.espol.edu.ec\/steffych\/files\/2010\/08\/images2.jpg\"><img loading=\"lazy\" decoding=\"async\" class=\"aligncenter size-full wp-image-93\" title=\"images2\" src=\"http:\/\/blog.espol.edu.ec\/steffych\/files\/2010\/08\/images2.jpg\" alt=\"\" width=\"126\" height=\"91\" \/><\/a>\u00a0\u00a0\u00a0\u00a0\u00a0<\/p>\n<p><strong>3\u00a0.Sexo con humor<\/strong><br \/>\n<span style=\"color: #ff66cc\">\u00bfQui\u00e9n ha dicho que el sexo es un acto serio y protocolario? Si realmente quieres seguir manteniendo la llama del deseo encendida, debes practicar un sexo sano, ameno y fantasioso. T\u00f3matelo con amor y humor<\/span>.\u00a0\u00a0\u00a0\u00a0\u00a0<\/p>\n<p><strong>Consejo:<\/strong> <span style=\"color: #cc9900\">es importante que marqu\u00e9s los l\u00edmites que nunca traspasar\u00e9is, as\u00ed no te encontrar\u00e1s con sorpresas desagradable4s<\/span>.\u00a0\u00a0\u00a0\u00a0<\/p>\n<p><strong><span style=\"color: #cc00ff\"><a href=\"http:\/\/blog.espol.edu.ec\/steffych\/files\/2010\/08\/images09.jpg\"><img loading=\"lazy\" decoding=\"async\" class=\"aligncenter size-full wp-image-94\" title=\"images09\" src=\"http:\/\/blog.espol.edu.ec\/steffych\/files\/2010\/08\/images09.jpg\" alt=\"\" width=\"124\" height=\"125\" \/><\/a>4. Aprende a dar y compartir sin agobiar<\/span><\/strong><br \/>\n<span style=\"color: #663399\">Muchas mujeres conducidas por el miedo de perder a quien aman, buscan cualquier excusa para estar siempre con \u00e9l, impidiendo que tenga su propia vida en casa o en el trabajo. Craso error. Con esta actitud s\u00f3lo conseguir\u00e1s agobiarle y que siempre busque la manera de deshacerte de ti, aunque sea por un minuto. Ten en cuenta que cada uno deb\u00e9is tener vuestro espacio para poder desarrollaros como individuos.<\/span>\u00a0\u00a0\u00a0\u00a0<\/p>\n<p><strong><span style=\"color: #cc3300\">Consejo:<\/span><\/strong> <span style=\"color: #999900\">ap\u00f3yale cuando quiera salir con sus amigos. Esta actitud de confianza har\u00e1 que est\u00e9 deseando volver a casa para recompensarte.\u00a0<\/span><span style=\"color: #ff6600\">\u00a0<strong>[10]<\/strong><\/span>\u00a0\u00a0\u00a0<\/p>\n<div><span style=\"color: #999900\"><strong><span style=\"color: #ff00ff\"><a href=\"http:\/\/blog.espol.edu.ec\/steffych\/files\/2010\/08\/images6667.jpg\"><img loading=\"lazy\" decoding=\"async\" class=\"aligncenter size-full wp-image-96\" title=\"images6667\" src=\"http:\/\/blog.espol.edu.ec\/steffych\/files\/2010\/08\/images6667.jpg\" alt=\"\" width=\"90\" height=\"120\" \/><\/a><\/span><\/strong>\u00a0<\/span><\/div>\n<div><span style=\"color: #999900\">\u00a0<\/span><\/div>\n<div><span style=\"color: #999900\">\u00a0<\/span><\/div>\n<p>\u00a0\u00a0\u00a0<\/p>\n<div><span style=\"color: #999900\">\u00a0\u00a0<\/span><\/div>\n<p>\u00a0\u00a0<\/p>\n<div><span style=\"color: #999900\">\u00a0\u00a0<\/span><\/div>\n<p>\u00a0<\/p>\n<p><span style=\"color: #999900\">\u00a0\u00a0<\/p>\n<p><\/span><\/p>\n","protected":false},"excerpt":{"rendered":"<p>\u00a0\u00a0\u00a0\u00a0 AMOR ENTRE PAREJAS El amor de pareja est\u00e1 condenado al fracaso si no se intenta comprender que no depende de la apariencia ni se trata de una cuesti\u00f3n de suerte o azar o simple atracci\u00f3n sexual. En una sociedad de consumo donde todo se compra y se vende y donde todo depende de la [&hellip;]<\/p>\n","protected":false},"author":3992,"featured_media":0,"parent":0,"menu_order":0,"comment_status":"open","ping_status":"open","template":"","meta":{"footnotes":""},"class_list":["post-22","page","type-page","status-publish","hentry"],"_links":{"self":[{"href":"https:\/\/blog.espol.edu.ec\/steffych\/wp-json\/wp\/v2\/pages\/22","targetHints":{"allow":["GET"]}}],"collection":[{"href":"https:\/\/blog.espol.edu.ec\/steffych\/wp-json\/wp\/v2\/pages"}],"about":[{"href":"https:\/\/blog.espol.edu.ec\/steffych\/wp-json\/wp\/v2\/types\/page"}],"author":[{"embeddable":true,"href":"https:\/\/blog.espol.edu.ec\/steffych\/wp-json\/wp\/v2\/users\/3992"}],"replies":[{"embeddable":true,"href":"https:\/\/blog.espol.edu.ec\/steffych\/wp-json\/wp\/v2\/comments?post=22"}],"version-history":[{"count":8,"href":"https:\/\/blog.espol.edu.ec\/steffych\/wp-json\/wp\/v2\/pages\/22\/revisions"}],"predecessor-version":[{"id":89,"href":"https:\/\/blog.espol.edu.ec\/steffych\/wp-json\/wp\/v2\/pages\/22\/revisions\/89"}],"wp:attachment":[{"href":"https:\/\/blog.espol.edu.ec\/steffych\/wp-json\/wp\/v2\/media?parent=22"}],"curies":[{"name":"wp","href":"https:\/\/api.w.org\/{rel}","templated":true}]}}