{"id":63,"date":"2012-07-12T00:14:08","date_gmt":"2012-07-12T00:14:08","guid":{"rendered":"http:\/\/blog.espol.edu.ec\/taspiazu\/?page_id=63"},"modified":"2012-07-12T21:02:57","modified_gmt":"2012-07-12T21:02:57","slug":"integrantes","status":"publish","type":"page","link":"https:\/\/blog.espol.edu.ec\/taspiazu\/integrantes\/","title":{"rendered":"Integrantes"},"content":{"rendered":"<p><strong><em><span style=\"text-decoration: underline\"><span style=\"color: #ff0000;text-decoration: underline\">VilleValo (Vocalista)<\/span><\/span><\/em><\/strong><br \/>\nVilleHermanniValo naci\u00f3 en Helsinki, el 22 de noviembre de 1976 es vocalista, compositor fin\u00e9s, y l\u00edder de la banda finlandesaHIM, de la que es uno de los fundadores.Durante su infancia y juventud vivi\u00f3 en el barrio de Oulunkyl\u00e4. Su familia se compon\u00eda de su padreKari, su madreAnita y de su hermanoJesse, 6 a\u00f1os menor que \u00e9l, quien practica como hobby el boxeo thailand\u00e9s.Naci\u00f3 en Finlandia. Los primeros meses de vida vivi\u00f3 con sus padres en la parte antigua de Vallila, y luego se mudaron a Oulunkyl\u00e4, donde pas\u00f3 los siguientes diecisiete a\u00f1os. Fue al colegio en Oulunkyl\u00e4. La ense\u00f1anza superior la realiz\u00f3 en el liceo de noche de K\u00e4pyl\u00e4, donde coincidi\u00f3 con el guitarrista Petri Vallidel antiguo grupo Kingston Wall.<br \/>\nCon 18 a\u00f1os, sus padres le regalaron un peque\u00f1o estudio, al cual se mud\u00f3, y estuvo trabajando en el sex shop \"AdultsToyshopAikuistenLelukauppa\" que pertenece a su padre.En 1995, debido a la inconformidad por la m\u00fasica existente, form\u00f3 HIM, que en un principio fue pensado como grupo de covers de bandas como KISS, Danzig, Black Sabbath y DepecheMode, pero desarrollaron un estilo al que ellos denominaron Love Metal.En un principio, iba a ser el bajista, pero como Mig\u00e9 tambi\u00e9n lo era, pas\u00f3 a ser el vocalista y compositor del grupo, adem\u00e1s, suele ser \u00e9l quien se encarga de dar las entrevistas.Ha compaginado su trabajo en HIM, con otros proyectos colaborando con grupos como The 69 Eyes y formando parte del proyecto de Linde, Daniel Lioneye.En 2005, estuvo comprometido con la modelo y presentadora de Mtv Finlandia JonnaNygren, terminando la relaci\u00f3n un a\u00f1o m\u00e1s tarde, siendo hoy en d\u00eda el \u00fanico miembro soltero de la banda.En 2007, entr\u00f3 en una cl\u00ednica de desintoxicaci\u00f3n, debido a su alcoholismo, desde entonces se ha mantenido sobrio, y ha sido tema a relucir en sus entrevistas durante la presentaci\u00f3n del disco Venus Doom. Actualmente ha declarado haber dejado tambi\u00e9n su h\u00e1bito de fumar.<\/p>\n<p><a href=\"http:\/\/blog.espol.edu.ec\/taspiazu\/files\/2012\/07\/ville-valo_140635.jpg\"><img loading=\"lazy\" decoding=\"async\" class=\"wp-image-78 aligncenter\" src=\"http:\/\/blog.espol.edu.ec\/taspiazu\/files\/2012\/07\/ville-valo_140635-300x225.jpg\" alt=\"\" width=\"257\" height=\"192\" srcset=\"https:\/\/blog.espol.edu.ec\/taspiazu\/files\/2012\/07\/ville-valo_140635-300x225.jpg 300w, https:\/\/blog.espol.edu.ec\/taspiazu\/files\/2012\/07\/ville-valo_140635.jpg 1024w\" sizes=\"auto, (max-width: 257px) 100vw, 257px\" \/><\/a><\/p>\n<p>&nbsp;<\/p>\n<p>&nbsp;<\/p>\n<p>&nbsp;<\/p>\n<p><span style=\"text-decoration: underline;color: #ff0000\"><em><strong>MikkoLindstr\u00f6m (Guitarrista)<\/strong><\/em><\/span><br \/>\nMikkoViljamiLindstr\u00f6m, mejor conocido como Lily Lazer o Linde, es el guitarrista de la banda finlandesa de Love Metal HIM. Naci\u00f3 el 12 de agosto de 1976. Es la mano derecha de VilleValo, vocalista de HIM, tan as\u00ed que \u00e9ste ha llegado a decir que Lily es su hermano. Se hizo dreadlocks en el a\u00f1o 2000, por ello HIM ha dicho en varias ocasiones: \"Cuando empezamos, estabamos en contra del movimiento Rastafari, pero ahora por culpa del cabello de Lily deber\u00edamos apoyarlo\".<br \/>\nEn 2001 desarroll\u00f3 un proyecto al que llam\u00f3 \"Daniel Lioneye&amp;theRollers\" junto a Mig\u00e9Amour y VilleValo. \u00c9l era el vocalista, cosa que es extra\u00f1o puesto que es el miembro de HIM que menos habla, sin embargo fue Valo quien dio las entrevistas de la banda. Grabaron un \u00fanico disco y fueron vistos en un m\u00e1ximo de 5 conciertos. Daniel Lioneye es un proyecto que Linde sigue liderando.<\/p>\n<p><a href=\"http:\/\/blog.espol.edu.ec\/taspiazu\/files\/2012\/07\/bnbn.jpeg\"><img loading=\"lazy\" decoding=\"async\" class=\"wp-image-75 aligncenter\" src=\"http:\/\/blog.espol.edu.ec\/taspiazu\/files\/2012\/07\/bnbn.jpeg\" alt=\"\" width=\"215\" height=\"244\" \/><\/a><\/p>\n<p>&nbsp;<\/p>\n<p>&nbsp;<\/p>\n<p><strong><em><span style=\"text-decoration: underline\"><span style=\"color: #ff0000;text-decoration: underline\">Mig\u00e9Amour (Bajista)<\/span><\/span><\/em><\/strong><br \/>\nMikkoHenrikJuliusPaananennacioen Helsinki, Finlandia el 19 de diciembre de 1974, m\u00e1s conocido como Mig\u00e9, es el actual bajista de la banda de rock HIM.Vivi\u00f3 en Oulunkyl\u00e4 hasta la edad de 13 a\u00f1os, cuando sus padres se divorciaron y su padre se traslad\u00f3 a otro lugar. La familia entonces se traslad\u00f3 a Tuusula, a unos 30 km al norte de Helsinki.<br \/>\nPaananen creci\u00f3 en una familia art\u00edstica. Cuando estaba con su padre, se encontraba siempre en lugares rodeado de diferentes instrumentos. Para Paananen los instrumentos eran como juguetes y pasaba mucho tiempo con ellos. Paananen cree que la raz\u00f3n de dedicarse a la m\u00fasica es la influencia que ejerci\u00f3 su familia sobre \u00e9l. Su padre escuchaba m\u00fasica cl\u00e1sica y su madre escuchaba \"FuckingOperettas\". Conoci\u00f3 a VilleValo en la escuela y, a pesar de ser mayor, se hicieron r\u00e1pidamente amigos debido a que ambos tocaban el bajo.<\/p>\n<p><a href=\"http:\/\/blog.espol.edu.ec\/taspiazu\/files\/2012\/07\/sd.jpeg\"><img loading=\"lazy\" decoding=\"async\" class=\"wp-image-74 aligncenter\" src=\"http:\/\/blog.espol.edu.ec\/taspiazu\/files\/2012\/07\/sd.jpeg\" alt=\"\" width=\"267\" height=\"177\" \/><\/a><\/p>\n<p>&nbsp;<\/p>\n<p>&nbsp;<\/p>\n<p>&nbsp;<\/p>\n<p><strong><em><span style=\"text-decoration: underline\"><span style=\"color: #ff0000;text-decoration: underline\">MikaKarppinen (Baterista)<\/span><\/span><\/em><\/strong><br \/>\nMikaKristianKarppinennacio el 8 de Febrero de 1971en Eskilstuna, tambi\u00e9n conocido como Gas Lipstick, es un bateristasueco, actualmente miembro de la banda HIM. \u00c9l tambi\u00e9n ha tocado la bater\u00eda en la banda finlandesa de deathgrindToSeparatetheFleshfromtheBones, en la banda de punk\u00c5\u00e5ritila y en la banda de metalBendover.<br \/>\nMika se cas\u00f3 con su novia Natali en la Iglesia de Temppeliaukio, Helsinki, el 30 de Agosto de 2008. Tuvo una hija que naci\u00f3 el 16 de Enero de 2009.<\/p>\n<p><a href=\"http:\/\/blog.espol.edu.ec\/taspiazu\/files\/2012\/07\/\u00edndice.jpeg\"><img loading=\"lazy\" decoding=\"async\" class=\"wp-image-77 aligncenter\" src=\"http:\/\/blog.espol.edu.ec\/taspiazu\/files\/2012\/07\/\u00edndice.jpeg\" alt=\"\" width=\"304\" height=\"202\" \/><\/a><\/p>\n<p>&nbsp;<\/p>\n<p>&nbsp;<\/p>\n<p>&nbsp;<\/p>\n<p><strong><em><span style=\"text-decoration: underline\"><span style=\"color: #ff0000;text-decoration: underline\">Emmerson Burton (Tecladista)<\/span><\/span><\/em><\/strong><br \/>\nJanne Johannes Puurtinen, m\u00e1s conocido como Emerson Burton, es el actual teclista de la banda HIM. Naci\u00f3 el 17 de octubre de 1974 en Helsinki. Proviene de una familia de bailarines. \u00c9l tambi\u00e9n intent\u00f3 bailar, pero lo dej\u00f3 ya que \"no le aportaba nada\". Comenz\u00f3 a tocar el piano cuando ten\u00eda alrededor de 5 a\u00f1os. Era amigo de algunos miembros de la banda, ya que compartieron escuela, pero no se uni\u00f3 de inmediato. Comenz\u00f3 estudiando m\u00fasica a un nivel superior.<br \/>\nBurton hizo su segundo debut como miembro temporal de la banda en el concierto organizado en el \"Semifinal Club\" el 12 de enero de 2001. Esa fue la oportunidad del teclista para aparecer en un ambiente importante y clave, antes de las giras por Suecia, Noruega y Dinamarca programadas para ese mismo mes. Burton explic\u00f3 que tocar con HIM \"es realmente f\u00e1cil y c\u00f3modo\", y que sus compa\u00f1eros de banda le ayudaron mucho. A finales de Enero del 2001, le propusieron ser un miembro fijo de la banda. En las influencias de Burton se incluyen entre otros Tchaikovsky, Michael Jackson y Pink Floyd.<\/p>\n<p><a href=\"http:\/\/blog.espol.edu.ec\/taspiazu\/files\/2012\/07\/images.jpeg\"><img loading=\"lazy\" decoding=\"async\" class=\"wp-image-76 aligncenter\" src=\"http:\/\/blog.espol.edu.ec\/taspiazu\/files\/2012\/07\/images.jpeg\" alt=\"\" width=\"342\" height=\"201\" \/><\/a><\/p>\n<p>&nbsp;<\/p>\n","protected":false},"excerpt":{"rendered":"<p>VilleValo (Vocalista) VilleHermanniValo naci\u00f3 en Helsinki, el 22 de noviembre de 1976 es vocalista, compositor fin\u00e9s, y l\u00edder de la banda finlandesaHIM, de la que es uno de los fundadores.Durante su infancia y juventud vivi\u00f3 en el barrio de Oulunkyl\u00e4. Su familia se compon\u00eda de su padreKari, su madreAnita y de su hermanoJesse, 6 a\u00f1os [&hellip;]<\/p>\n","protected":false},"author":7543,"featured_media":0,"parent":0,"menu_order":0,"comment_status":"open","ping_status":"open","template":"","meta":{"footnotes":""},"class_list":["post-63","page","type-page","status-publish","hentry"],"_links":{"self":[{"href":"https:\/\/blog.espol.edu.ec\/taspiazu\/wp-json\/wp\/v2\/pages\/63","targetHints":{"allow":["GET"]}}],"collection":[{"href":"https:\/\/blog.espol.edu.ec\/taspiazu\/wp-json\/wp\/v2\/pages"}],"about":[{"href":"https:\/\/blog.espol.edu.ec\/taspiazu\/wp-json\/wp\/v2\/types\/page"}],"author":[{"embeddable":true,"href":"https:\/\/blog.espol.edu.ec\/taspiazu\/wp-json\/wp\/v2\/users\/7543"}],"replies":[{"embeddable":true,"href":"https:\/\/blog.espol.edu.ec\/taspiazu\/wp-json\/wp\/v2\/comments?post=63"}],"version-history":[{"count":12,"href":"https:\/\/blog.espol.edu.ec\/taspiazu\/wp-json\/wp\/v2\/pages\/63\/revisions"}],"predecessor-version":[{"id":104,"href":"https:\/\/blog.espol.edu.ec\/taspiazu\/wp-json\/wp\/v2\/pages\/63\/revisions\/104"}],"wp:attachment":[{"href":"https:\/\/blog.espol.edu.ec\/taspiazu\/wp-json\/wp\/v2\/media?parent=63"}],"curies":[{"name":"wp","href":"https:\/\/api.w.org\/{rel}","templated":true}]}}