{"id":1,"date":"2008-10-16T15:27:13","date_gmt":"2008-10-16T19:27:13","guid":{"rendered":""},"modified":"2016-05-20T11:53:03","modified_gmt":"2016-05-20T16:53:03","slug":"somos","status":"publish","type":"page","link":"https:\/\/blog.espol.edu.ec\/taws\/somos\/","title":{"rendered":"\u00bfQuienes somos?"},"content":{"rendered":"<p style=\"text-align: center\"><a href=\"http:\/\/taws.espol.edu.ec\/\"><img decoding=\"async\" class=\"aligncenter wp-image-556\" src=\"http:\/\/blog.espol.edu.ec\/taws\/files\/2015\/01\/logo2015.png\" alt=\"logo taws\" width=\"180\" srcset=\"https:\/\/blog.espol.edu.ec\/taws\/files\/2015\/01\/logo2015.png 453w, https:\/\/blog.espol.edu.ec\/taws\/files\/2015\/01\/logo2015-240x300.png 240w\" sizes=\"(max-width: 453px) 100vw, 453px\" \/><\/a><\/p>\n<div style=\"float: left\"><a href=\"http:\/\/blog.espol.edu.ec\/taws\/files\/2008\/10\/adhesivos.jpg\"><br \/>\n<\/a><\/div>\n<pre><strong>TAWS<\/strong>, Grupo de Investigaci\u00f3n de Tecnolog\u00edas Web y M\u00f3viles<\/pre>\n<p><!-- here --><\/p>\n<div style=\"height: 70px\">\n<div style=\"width: 49%;float: left;text-align: justify\"><strong>Misi\u00f3n:<\/strong><br \/>\n<em>Contribuir a la formaci\u00f3n de j\u00f3venes investigadores, precursores en el desarrollo de aplicaciones web, fomentando el uso de nuevas tecnolog\u00edas inform\u00e1ticas.<\/em><\/div>\n<div style=\"width: 49%;float: right;text-align: justify\"><strong>Visi\u00f3n:<\/strong><br \/>\n<em>Ser profesionales l\u00edderes y promotores de proyectos Inform\u00e1ticos en la Web y sus aplicaciones de acuerdo a las necesidades que la comunidad requiera satisfacer en el plano educativo, comercial y laboral en general.<\/em><\/div>\n<\/div>\n<p><!-- end here--><\/p>\n<p>&nbsp;<\/p>\n<p><strong>Miembros Activos:<\/strong><\/p>\n<p style=\"padding-left: 30px\"><strong>Mentor: <\/strong> PhD. Carmen Vaca<br \/>\n<strong>Presidente:<\/strong> Rodrigo Castro.<br \/>\n<strong>Vicepresidente:<\/strong> Jhon Barreiro.<br \/>\n<strong>Tesorero:<\/strong> Kevin Ortiz.<br \/>\n<strong>Secretario:<\/strong> Gabriela Paredes.<\/p>\n<p><strong>Miembros TAWS:<\/strong> <\/p>\n<ul>\n<li>Estefania Lozano.<\/li>\n<li>Daniel Izquierdo.<\/li>\n<li>Leonel Ram\u00edrez.<\/li>\n<li>C\u00e9sar San Lucas.<\/li>\n<li>Darwin Le\u00f3n.<\/li>\n<li>Jorge Fierro.<\/li>\n<\/ul>\n<p><strong>Aspirantes TAWS:<\/strong> <\/p>\n<ul>\n<li>Anni Santacruz.<\/li>\n<li>Maria Bel\u00e9n Guaranda.<\/li>\n<li>Leiber Rivas.<\/li>\n<li>Pepe Lucho.<\/li>\n<li>Galo Castillo.<\/li>\n<li>Fabricio Layedra.<\/li>\n<li>Marlon Segarra.<\/li>\n<li>Carlos Orellana.<\/li>\n<li>Juan Carlos Saltos.<\/li>\n<li>Mauricio Leiton.<\/li>\n<li>Gerald Fernando.<\/li>\n<li>Leonardo Kuff\u00f3.<\/li>\n<li>Jos\u00e9 Viteri.<\/li>\n<\/ul>\n<p><!-- here --><br \/>\n<strong>TAWS Senior:<\/strong><\/p>\n<div style=\"height: 70px\">\n<div style=\"width: 49%;float: left;text-align: justify\">\n<p style=\"padding-left: 30px\">Ing. Carmen Vaca.<br \/>\nIng. Vanessa Cede\u00f1o.<br \/>\nIng. Gustavo Salazar.<br \/>\nIng. Marco Calder\u00f3n<\/p>\n<p style=\"padding-left: 30px\">Alejandro Vinueza.<br \/>\nF\u00e9lix Rivas.<br \/>\nCarla Salvatierra.<br \/>\nNorian Pilco.<br \/>\nEstefan\u00eda Mor\u00e1n.<br \/>\nJefferson Cunalata.<br \/>\nJefferson Rubio.<br \/>\nJos\u00e9 Bed\u00f3n.<br \/>\nLeonardo Hern\u00e1ndez.<br \/>\nLuis Astudillo.<br \/>\nJorge Salas.<br \/>\nJuan Rodr\u00edguez.<br \/>\nIng. Gustavo Cali.<br \/>\nIng. Allan Avenda\u00f1o.<br \/>\nIng. Denisse Cayetano.<br \/>\nIng. Johanna Del Pino.<br \/>\nIng. Juan Carlos Basurto<br \/>\nCatalina Tobar.<br \/>\nKenneth Jim\u00e9nez<br \/>\nIng. Lucy Lanchi.<br \/>\nIng. Andr\u00e9s Vargas.<br \/>\nIng. Juan Antonio Plaza.<\/p>\n<\/div>\n<div style=\"width: 49%;float: right;text-align: justify\">\n<p style=\"padding-left: 30px\">Carlos Corral.<br \/>\nNadia Molina.<br \/>\nJuan Carlos Ibarra.<br \/>\nGyomara Rosales.<br \/>\nRosa Campa\u00f1a.<br \/>\nIrene Varas.<br \/>\nEricka Castro.<br \/>\nEdison Figueroa.<br \/>\nAngel Merch\u00e1n.<br \/>\nFrank Malo.<br \/>\nErick Moreno.<\/p>\n<p style=\"padding-left: 30px\">Denny Schuldt.<br \/>\nBryan Garc\u00e9s.<br \/>\nIng. Gustavo Jarr\u00edn.<br \/>\nHern\u00e1n Ull\u00f3n.<br \/>\nNestor Naula.<\/p>\n<\/div>\n<\/div>\n<p><!-- end here--><\/p>\n","protected":false},"excerpt":{"rendered":"<p>TAWS, Grupo de Investigaci\u00f3n de Tecnolog\u00edas Web y M\u00f3viles Misi\u00f3n: Contribuir a la formaci\u00f3n de j\u00f3venes investigadores, precursores en el desarrollo de aplicaciones web, fomentando el uso de nuevas tecnolog\u00edas inform\u00e1ticas. Visi\u00f3n: Ser profesionales l\u00edderes y promotores de proyectos Inform\u00e1ticos en la Web y sus aplicaciones de acuerdo a las necesidades que la comunidad requiera [&hellip;]<\/p>\n","protected":false},"author":9,"featured_media":0,"parent":0,"menu_order":1,"comment_status":"closed","ping_status":"closed","template":"","meta":{"footnotes":""},"class_list":["post-1","page","type-page","status-publish","hentry"],"aioseo_notices":[],"_links":{"self":[{"href":"https:\/\/blog.espol.edu.ec\/taws\/wp-json\/wp\/v2\/pages\/1","targetHints":{"allow":["GET"]}}],"collection":[{"href":"https:\/\/blog.espol.edu.ec\/taws\/wp-json\/wp\/v2\/pages"}],"about":[{"href":"https:\/\/blog.espol.edu.ec\/taws\/wp-json\/wp\/v2\/types\/page"}],"author":[{"embeddable":true,"href":"https:\/\/blog.espol.edu.ec\/taws\/wp-json\/wp\/v2\/users\/9"}],"replies":[{"embeddable":true,"href":"https:\/\/blog.espol.edu.ec\/taws\/wp-json\/wp\/v2\/comments?post=1"}],"version-history":[{"count":102,"href":"https:\/\/blog.espol.edu.ec\/taws\/wp-json\/wp\/v2\/pages\/1\/revisions"}],"predecessor-version":[{"id":848,"href":"https:\/\/blog.espol.edu.ec\/taws\/wp-json\/wp\/v2\/pages\/1\/revisions\/848"}],"wp:attachment":[{"href":"https:\/\/blog.espol.edu.ec\/taws\/wp-json\/wp\/v2\/media?parent=1"}],"curies":[{"name":"wp","href":"https:\/\/api.w.org\/{rel}","templated":true}]}}