{"id":14,"date":"2015-11-22T20:33:59","date_gmt":"2015-11-22T20:33:59","guid":{"rendered":"http:\/\/blog.espol.edu.ec\/tmyepez\/?page_id=14"},"modified":"2015-11-22T23:05:43","modified_gmt":"2015-11-22T23:05:43","slug":"contacto","status":"publish","type":"page","link":"https:\/\/blog.espol.edu.ec\/tmyepez\/contacto\/","title":{"rendered":"Acerca de"},"content":{"rendered":"<p>&nbsp;<\/p>\n<p>Esta es una p\u00e1gina dedicada a esos fan\u00e1ticos del deporte m\u00e0s popular del mundo, el f\u00fatbol.<\/p>\n<p>Contamos con noticias, im\u00e1genes, videos y m\u00e0s para esos que vivimos y respiramos f\u00fatbol.<\/p>\n<p>Disfruta y marcale un gol a la web.<\/p>\n","protected":false},"excerpt":{"rendered":"<p>&nbsp; Esta es una p\u00e1gina dedicada a esos fan\u00e1ticos del deporte m\u00e0s popular del mundo, el f\u00fatbol. Contamos con noticias, im\u00e1genes, videos y m\u00e0s para esos que vivimos y respiramos f\u00fatbol. Disfruta y marcale un gol a la web.<\/p>\n","protected":false},"author":10022,"featured_media":0,"parent":0,"menu_order":0,"comment_status":"closed","ping_status":"closed","template":"","meta":{"footnotes":""},"class_list":["post-14","page","type-page","status-publish","hentry"],"_links":{"self":[{"href":"https:\/\/blog.espol.edu.ec\/tmyepez\/wp-json\/wp\/v2\/pages\/14","targetHints":{"allow":["GET"]}}],"collection":[{"href":"https:\/\/blog.espol.edu.ec\/tmyepez\/wp-json\/wp\/v2\/pages"}],"about":[{"href":"https:\/\/blog.espol.edu.ec\/tmyepez\/wp-json\/wp\/v2\/types\/page"}],"author":[{"embeddable":true,"href":"https:\/\/blog.espol.edu.ec\/tmyepez\/wp-json\/wp\/v2\/users\/10022"}],"replies":[{"embeddable":true,"href":"https:\/\/blog.espol.edu.ec\/tmyepez\/wp-json\/wp\/v2\/comments?post=14"}],"version-history":[{"count":4,"href":"https:\/\/blog.espol.edu.ec\/tmyepez\/wp-json\/wp\/v2\/pages\/14\/revisions"}],"predecessor-version":[{"id":35,"href":"https:\/\/blog.espol.edu.ec\/tmyepez\/wp-json\/wp\/v2\/pages\/14\/revisions\/35"}],"wp:attachment":[{"href":"https:\/\/blog.espol.edu.ec\/tmyepez\/wp-json\/wp\/v2\/media?parent=14"}],"curies":[{"name":"wp","href":"https:\/\/api.w.org\/{rel}","templated":true}]}}