{"id":27,"date":"2016-11-08T23:58:09","date_gmt":"2016-11-08T23:58:09","guid":{"rendered":"http:\/\/blog.espol.edu.ec\/tngonzal\/?page_id=27"},"modified":"2016-11-09T00:10:34","modified_gmt":"2016-11-09T00:10:34","slug":"importancia-de-la-alimentacion","status":"publish","type":"page","link":"https:\/\/blog.espol.edu.ec\/tngonzal\/importancia-de-la-alimentacion\/","title":{"rendered":"Comidas Chatarras"},"content":{"rendered":"<p>el consumo excesivo de la comidas chatarras esta causando alerta a nivel mundial , la causa de su consumo se la relaciona a rapidez para obtenerla y de sus precios accesibles<br \/>\nSe plantea una control en escuelas y colegios hacia las\u00a0comidas r\u00e1pidas ya que aporta principalmente con calor\u00edas, tiene pocos nutrientes y una elevada cantidad de az\u00facar y sal. Adem\u00e1s es portadora de grasas trans, grasas saturadas y varios colorantes y sabores artificiales sin considerar que se le atribuye ser una de las principales \u00a0causantes de enfermedades graves como la obesidad , hipertension , diabetes , etc.<\/p>\n<p>Para que una persona lleve una buena alimentaci\u00f3n, esta deber\u00e1 ser variada , evitando los excesos o eliminaci\u00f3n de alimentos \u00a0, y agregando una gran cantidad de frutas y vegetales .<\/p>\n<p>Tambi\u00e9n debemos recordar el consumo adecuado de agua para mantenerse hidratado y asi evitar el consumo de bebidas artificiales y azucaradas .<\/p>\n<p>&nbsp;<\/p>\n","protected":false},"excerpt":{"rendered":"<p>el consumo excesivo de la comidas chatarras esta causando alerta a nivel mundial , la causa de su consumo se la relaciona a rapidez para obtenerla y de sus precios accesibles Se plantea una control en escuelas y colegios hacia las\u00a0comidas r\u00e1pidas ya que aporta principalmente con calor\u00edas, tiene pocos nutrientes y una elevada cantidad &hellip; <\/p>\n<p><a class=\"more-link btn\" href=\"https:\/\/blog.espol.edu.ec\/tngonzal\/importancia-de-la-alimentacion\/\">Seguir leyendo<\/a><\/p>\n","protected":false},"author":10673,"featured_media":0,"parent":0,"menu_order":0,"comment_status":"closed","ping_status":"closed","template":"","meta":{"_monsterinsights_skip_tracking":false,"_monsterinsights_sitenote_active":false,"_monsterinsights_sitenote_note":"","_monsterinsights_sitenote_category":0,"footnotes":""},"class_list":["post-27","page","type-page","status-publish","hentry","nodate","item-wrap"],"_links":{"self":[{"href":"https:\/\/blog.espol.edu.ec\/tngonzal\/wp-json\/wp\/v2\/pages\/27","targetHints":{"allow":["GET"]}}],"collection":[{"href":"https:\/\/blog.espol.edu.ec\/tngonzal\/wp-json\/wp\/v2\/pages"}],"about":[{"href":"https:\/\/blog.espol.edu.ec\/tngonzal\/wp-json\/wp\/v2\/types\/page"}],"author":[{"embeddable":true,"href":"https:\/\/blog.espol.edu.ec\/tngonzal\/wp-json\/wp\/v2\/users\/10673"}],"replies":[{"embeddable":true,"href":"https:\/\/blog.espol.edu.ec\/tngonzal\/wp-json\/wp\/v2\/comments?post=27"}],"version-history":[{"count":4,"href":"https:\/\/blog.espol.edu.ec\/tngonzal\/wp-json\/wp\/v2\/pages\/27\/revisions"}],"predecessor-version":[{"id":32,"href":"https:\/\/blog.espol.edu.ec\/tngonzal\/wp-json\/wp\/v2\/pages\/27\/revisions\/32"}],"wp:attachment":[{"href":"https:\/\/blog.espol.edu.ec\/tngonzal\/wp-json\/wp\/v2\/media?parent=27"}],"curies":[{"name":"wp","href":"https:\/\/api.w.org\/{rel}","templated":true}]}}