{"id":2,"date":"2016-05-10T12:22:52","date_gmt":"2016-05-10T12:22:52","guid":{"rendered":"http:\/\/blog.espol.edu.ec\/tpanta\/?page_id=2"},"modified":"2016-05-24T03:42:50","modified_gmt":"2016-05-24T03:42:50","slug":"pagina-ejemplo","status":"publish","type":"page","link":"https:\/\/blog.espol.edu.ec\/tpanta\/pagina-ejemplo\/","title":{"rendered":"Sobre el blog"},"content":{"rendered":"<p>Este blog es \u00fanicamente para darles a conocer a los libros cl\u00e1sico y sus autores. Podr\u00e1n encontrar rese\u00f1as, sugerencias, listas de libros m\u00e1s le\u00eddos y sugerencias para una buena tarde de lectura.<img loading=\"lazy\" decoding=\"async\" class=\"size-medium wp-image-31 alignright\" src=\"http:\/\/blog.espol.edu.ec\/tpanta\/files\/2016\/05\/libros-de-collage-literarias_19-118776-300x300.jpg\" alt=\"libros-de-collage--literarias_19-118776\" width=\"300\" height=\"300\" srcset=\"https:\/\/blog.espol.edu.ec\/tpanta\/files\/2016\/05\/libros-de-collage-literarias_19-118776-300x300.jpg 300w, https:\/\/blog.espol.edu.ec\/tpanta\/files\/2016\/05\/libros-de-collage-literarias_19-118776-150x150.jpg 150w, https:\/\/blog.espol.edu.ec\/tpanta\/files\/2016\/05\/libros-de-collage-literarias_19-118776.jpg 626w\" sizes=\"auto, (max-width: 300px) 100vw, 300px\" \/><\/p>\n<p>No es un blog para descargar libros, es solo para que puedan conocer sobre estos.<\/p>\n<p>Espero se diviertan y recuerden:<\/p>\n<p>Leer es siempre un placer y una buena distracci\u00f3n<\/p>\n","protected":false},"excerpt":{"rendered":"<p>Este blog es \u00fanicamente para darles a conocer a los libros cl\u00e1sico y sus autores. Podr\u00e1n encontrar rese\u00f1as, sugerencias, listas de libros m\u00e1s le\u00eddos y sugerencias para una buena tarde de lectura. No es un blog para descargar libros, es solo para que puedan conocer sobre estos. Espero se diviertan y recuerden: Leer es siempre [&hellip;]<\/p>\n","protected":false},"author":10177,"featured_media":0,"parent":0,"menu_order":0,"comment_status":"closed","ping_status":"open","template":"","meta":{"footnotes":""},"class_list":["post-2","page","type-page","status-publish","hentry"],"_links":{"self":[{"href":"https:\/\/blog.espol.edu.ec\/tpanta\/wp-json\/wp\/v2\/pages\/2","targetHints":{"allow":["GET"]}}],"collection":[{"href":"https:\/\/blog.espol.edu.ec\/tpanta\/wp-json\/wp\/v2\/pages"}],"about":[{"href":"https:\/\/blog.espol.edu.ec\/tpanta\/wp-json\/wp\/v2\/types\/page"}],"author":[{"embeddable":true,"href":"https:\/\/blog.espol.edu.ec\/tpanta\/wp-json\/wp\/v2\/users\/10177"}],"replies":[{"embeddable":true,"href":"https:\/\/blog.espol.edu.ec\/tpanta\/wp-json\/wp\/v2\/comments?post=2"}],"version-history":[{"count":2,"href":"https:\/\/blog.espol.edu.ec\/tpanta\/wp-json\/wp\/v2\/pages\/2\/revisions"}],"predecessor-version":[{"id":32,"href":"https:\/\/blog.espol.edu.ec\/tpanta\/wp-json\/wp\/v2\/pages\/2\/revisions\/32"}],"wp:attachment":[{"href":"https:\/\/blog.espol.edu.ec\/tpanta\/wp-json\/wp\/v2\/media?parent=2"}],"curies":[{"name":"wp","href":"https:\/\/api.w.org\/{rel}","templated":true}]}}