{"id":160,"date":"2011-03-02T15:48:12","date_gmt":"2011-03-02T15:48:12","guid":{"rendered":"http:\/\/blog.espol.edu.ec\/tuseguridad\/?page_id=160"},"modified":"2011-03-04T16:24:47","modified_gmt":"2011-03-04T16:24:47","slug":"nuestro-derecho-a-la-vida-2","status":"publish","type":"page","link":"https:\/\/blog.espol.edu.ec\/tuseguridad\/aportes-profesionales\/nuestro-derecho-a-la-vida-2\/","title":{"rendered":"Nuestro Derecho a la Vida!!!!!"},"content":{"rendered":"<p>La C\u00e1mara de Comercio de Guayaquil en su revista COMERCIO de febrero 2011 en la pag. 12 en su art\u00edculo <a href=\"http:\/\/www.lacamara.org\/attachments\/article\/263\/RevistaFebrero.pdf\" target=\"_blank\">\u201cNegocios en Guayaquil, blanco de la delincuencia\u201d<\/a> hace notar los siguientes criterios:<\/p>\n<ol>\n<li>Fue desestimado por el entonces comandante de la Polic\u00eda de Guayaquil, Juan Ruales, el reporte que coloca a la ciudad en el puesto n\u00famero 14 entre las veinte ciudades m\u00e1s peligrosas de Am\u00e9rica Latina, por su nivel de inseguridad con una tasa de asesinatos del 18,91% por cada 100.000 habitantes hasta finales del 2009, .<\/li>\n<li>El Sr. Presidente Correa admiti\u00f3 que la seguridad es \u201cuna deuda pendiente\u201d de su Gobierno. Las causas del problema, sin embargo, no a\u00fan no est\u00e1n del todo claras.<\/li>\n<li>La Sra. Ministra de Politica, Doris Soliz, indica que \u201cLa delincuencia en Guayaquil est\u00e1 causada por la pobreza, la exclusi\u00f3n de las personas, la injusticia y la falta de beneficios sociales\u201d.<\/li>\n<li>El Municipio de Guayaquil se\u00f1ala otras causas:\u201d Once mil delincuentes han sido liberados en el \u00faltimo a\u00f1o gracias a la caducidad de la prisi\u00f3n preventiva. Esto hace que vuelvan a las calles a robar, violar \u00a0y asesinar\u201d.<\/li>\n<\/ol>\n<p style=\"text-align: center\"><a href=\"http:\/\/blog.espol.edu.ec\/tuseguridad\/files\/2011\/03\/pagina-12.jpg\" target=\"_blank\"><img loading=\"lazy\" decoding=\"async\" class=\"aligncenter size-full wp-image-166\" style=\"margin-top: 1px;margin-bottom: 1px;border: 1px solid black\" title=\"pagina 12\" src=\"http:\/\/blog.espol.edu.ec\/tuseguridad\/files\/2011\/03\/pagina-12.jpg\" alt=\"\" width=\"305\" height=\"430\" srcset=\"https:\/\/blog.espol.edu.ec\/tuseguridad\/files\/2011\/03\/pagina-12.jpg 725w, https:\/\/blog.espol.edu.ec\/tuseguridad\/files\/2011\/03\/pagina-12-212x300.jpg 212w\" sizes=\"auto, (max-width: 305px) 100vw, 305px\" \/><\/a><\/p>\n<p style=\"text-align: center\"><a href=\"http:\/\/blog.espol.edu.ec\/tuseguridad\/files\/2011\/03\/pagina-13.jpg\" target=\"_blank\"><img loading=\"lazy\" decoding=\"async\" class=\"aligncenter size-full wp-image-167\" style=\"margin-top: 1px;margin-bottom: 1px;border: 1px solid black\" title=\"pagina 13\" src=\"http:\/\/blog.espol.edu.ec\/tuseguridad\/files\/2011\/03\/pagina-13.jpg\" alt=\"\" width=\"322\" height=\"421\" srcset=\"https:\/\/blog.espol.edu.ec\/tuseguridad\/files\/2011\/03\/pagina-13.jpg 768w, https:\/\/blog.espol.edu.ec\/tuseguridad\/files\/2011\/03\/pagina-13-229x300.jpg 229w\" sizes=\"auto, (max-width: 322px) 100vw, 322px\" \/><\/a><\/p>\n<p>Tambi\u00e9n plantean las siguientes interrogantes:<\/p>\n<p style=\"text-align: center\"><strong><em><span style=\"color: #0000ff\">\u00bfHasta qu\u00e9 punto influy\u00f3 tambi\u00e9n, en el incremento de la delincuencia en los \u00faltimos meses, la liberaci\u00f3n ,por indulto resuelto por la Asamblea Constituyente, de las \u201cmulas\u201d que portaban menos de 50mkg de droga?<\/span><\/em><\/strong><\/p>\n<p style=\"text-align: center\"><strong><em><span style=\"color: #008000\">\u00bfTiene alguna relaci\u00f3n la rebaja de las penas a los delitos contra la propiedad propiciada por las reformas penales de la misma Asamblea Constituyente , propuesta de los legisladores de Pa\u00eds ?.<\/span><\/em><\/strong><\/p>\n<p style=\"text-align: center\"><span style=\"color: #800000\"><em><strong>\u00bfTendr\u00e1 alguna relaci\u00f3n con las nuevas normas para portar armas, que han desarmado a la sociedad mientras los delincuentes siguen dotados de herramientas para asaltar o asesinar?.<\/strong><\/em><\/span><\/p>\n<p>Estimados lectores, el debilitamiento del poder judicial ha permitido que el Derecho a la Vida , hoy vulnerado por los delincuentes, se transforme en letra muerta \u00a0en nuestra Carta\u00a0 Magna, documento que el actual gobierno gener\u00f3 para desarrollar, entre aplausos sabatinos su llamada \u201cRevoluci\u00f3n\u00a0 Ciudadana\u201d.<\/p>\n<p>Los voceros del Gobierno no plantean soluciones, m\u00e1s bien con argumentos (no con criterios) sociol\u00f3gicos proteccionistas\u00a0 la justifican a trav\u00e9s de una \u00a0percepci\u00f3n equivoca de la \u00a0realidad cotidiana.<\/p>\n<p>El tiempo pasa y las victimas siguen aumentando, es necesario hacer conciencia y decidirnos a ser parte de la soluci\u00f3n. \u201cDenuncia, Previene y Gana\u201d, es la oportunidad<\/p>\n<p>Saludos cordiales, de su amigo.<\/p>\n<p><span style=\"text-decoration: underline\"><strong>Contribuci\u00f3n de:<\/strong><\/span><\/p>\n<p>Ab. Egberto Astudillo Ch<\/p>\n<form id=\"vozme_form_c93339b26673ca4adeab22a4688455ed\" method=\"post\" name=\"vozme_form_c93339b26673ca4adeab22a4688455ed\" target=\"c93339b26673ca4adeab22a4688455ed\" action=\"http:\/\/vozme.com\/text2voice.php\"><input name=\"text\" type=\"hidden\" value=\"Nuestro Derecho a la Vida!!!!!. La C\u00e1mara de Comercio de Guayaquil en su revista COMERCIO de febrero 2011 en la pag. 12 en su art\u00edculo \u201cNegocios en Guayaquil, blanco de la delincuencia\u201d hace notar los siguientes criterios:\n\nFue desestimado por el entonces comandante de la Polic\u00eda de Guayaquil, Juan Ruales, el reporte que coloca a la ciudad en el puesto n\u00famero 14 entre las veinte ciudades m\u00e1s peligrosas de Am\u00e9rica Latina, por su nivel de inseguridad con una tasa de asesinatos del 18,91% por cada 100.000 habitantes hasta finales del 2009, .\nEl Sr. Presidente Correa admiti\u00f3 que la seguridad es \u201cuna deuda pendiente\u201d de su Gobierno. Las causas del problema, sin embargo, no a\u00fan no est\u00e1n del todo claras.\nLa Sra. Ministra de Politica, Doris Soliz, indica que \u201cLa delincuencia en Guayaquil est\u00e1 causada por la pobreza, la exclusi\u00f3n de las personas, la injusticia y la falta de beneficios sociales\u201d.\nEl Municipio de Guayaquil se\u00f1ala otras causas:\u201d Once mil delincuentes han sido liberados en el \u00faltimo a\u00f1o gracias a la caducidad de la prisi\u00f3n preventiva. Esto hace que vuelvan a las calles a robar, violar \u00a0y asesinar\u201d.\n\n\n\nTambi\u00e9n plantean las siguientes interrogantes:\n\u00bfHasta qu\u00e9 punto influy\u00f3 tambi\u00e9n, en el incremento de la delincuencia en los \u00faltimos meses, la liberaci\u00f3n ,por indulto resuelto por la Asamblea Constituyente, de las \u201cmulas\u201d que portaban menos de 50mkg de droga?\n\u00bfTiene alguna relaci\u00f3n la rebaja de las penas a los delitos contra la propiedad propiciada por las reformas penales de la misma Asamblea Constituyente , propuesta de los legisladores de Pa\u00eds ?.\n\u00bfTendr\u00e1 alguna relaci\u00f3n con las nuevas normas para portar armas, que han desarmado a la sociedad mientras los delincuentes siguen dotados de herramientas para asaltar o asesinar?.\nEstimados lectores, el debilitamiento del poder judicial ha permitido que el Derecho a la Vida , hoy vulnerado por los delincuentes, se transforme en letra muerta \u00a0en nuestra Carta\u00a0 Magna, documento que el actual gobierno gener\u00f3 para desarrollar, entre aplausos sabatinos su llamada \u201cRevoluci\u00f3n\u00a0 Ciudadana\u201d.\nLos voceros del Gobierno no plantean soluciones, m\u00e1s bien con argumentos (no con criterios) sociol\u00f3gicos proteccionistas\u00a0 la justifican a trav\u00e9s de una \u00a0percepci\u00f3n equivoca de la \u00a0realidad cotidiana.\nEl tiempo pasa y las victimas siguen aumentando, es necesario hacer conciencia y decidirnos a ser parte de la soluci\u00f3n. \u201cDenuncia, Previene y Gana\u201d, es la oportunidad\nSaludos cordiales, de su amigo.\nContribuci\u00f3n de:\nAb. Egberto Astudillo Ch\n\" \/><input name=\"lang\" type=\"hidden\" value=\"es\" \/><input name=\"gn\" type=\"hidden\" value=\"ml\" \/><input type=\"hidden\" id=\"interface\" name=\"interface\" value=\"full\" \/>\n\t\t\t<div style=\"margin-left:40%;\">\n\t\t\t\n\t\t\t\t<input style=\"float:left;\" type=\"image\" width=\"32\" height=\"32\" src=\"http:\/\/blog.espol.edu.ec\/tuseguridad\/wp-content\/plugins\/vozme\/img\/paper_sound32x32.gif\" alt=\"Escucha este post\" onclick=\"window.open('', 'c93339b26673ca4adeab22a4688455ed', 'width=600,height=370,scrollbars=yes,location=yes,menubar=yes,resizable=yes,status=yes,toolbar=yes');\">\n\t\t\t\t<div style=\"margin-left:40px; text-align:left;\"><a style=\"font-size:12px;\" href=\"javascript:void(0);\" onclick=\"window.open('', 'c93339b26673ca4adeab22a4688455ed', 'width=600,height=370,scrollbars=yes,location=yes,menubar=yes,resizable=yes,status=yes,toolbar=yes'); document.getElementById('vozme_form_c93339b26673ca4adeab22a4688455ed').submit();\">Escucha<br\/>este post<\/a><\/div>\n\t\t\t<\/div><\/form>","protected":false},"excerpt":{"rendered":"<p>La C\u00e1mara de Comercio de Guayaquil en su revista COMERCIO de febrero 2011 en la pag. 12 en su art\u00edculo \u201cNegocios en Guayaquil, blanco de la delincuencia\u201d hace notar los siguientes criterios: Fue desestimado por el entonces comandante de la Polic\u00eda de Guayaquil, Juan Ruales, el reporte que coloca a la ciudad en el puesto [&hellip;]<\/p>\n","protected":false},"author":5137,"featured_media":0,"parent":195,"menu_order":1,"comment_status":"open","ping_status":"open","template":"","meta":{"footnotes":""},"class_list":["post-160","page","type-page","status-publish","hentry"],"_links":{"self":[{"href":"https:\/\/blog.espol.edu.ec\/tuseguridad\/wp-json\/wp\/v2\/pages\/160","targetHints":{"allow":["GET"]}}],"collection":[{"href":"https:\/\/blog.espol.edu.ec\/tuseguridad\/wp-json\/wp\/v2\/pages"}],"about":[{"href":"https:\/\/blog.espol.edu.ec\/tuseguridad\/wp-json\/wp\/v2\/types\/page"}],"author":[{"embeddable":true,"href":"https:\/\/blog.espol.edu.ec\/tuseguridad\/wp-json\/wp\/v2\/users\/5137"}],"replies":[{"embeddable":true,"href":"https:\/\/blog.espol.edu.ec\/tuseguridad\/wp-json\/wp\/v2\/comments?post=160"}],"version-history":[{"count":11,"href":"https:\/\/blog.espol.edu.ec\/tuseguridad\/wp-json\/wp\/v2\/pages\/160\/revisions"}],"predecessor-version":[{"id":230,"href":"https:\/\/blog.espol.edu.ec\/tuseguridad\/wp-json\/wp\/v2\/pages\/160\/revisions\/230"}],"up":[{"embeddable":true,"href":"https:\/\/blog.espol.edu.ec\/tuseguridad\/wp-json\/wp\/v2\/pages\/195"}],"wp:attachment":[{"href":"https:\/\/blog.espol.edu.ec\/tuseguridad\/wp-json\/wp\/v2\/media?parent=160"}],"curies":[{"name":"wp","href":"https:\/\/api.w.org\/{rel}","templated":true}]}}