{"id":242,"date":"2011-03-04T17:13:00","date_gmt":"2011-03-04T17:13:00","guid":{"rendered":"http:\/\/blog.espol.edu.ec\/tuseguridad\/?page_id=242"},"modified":"2011-03-04T17:13:37","modified_gmt":"2011-03-04T17:13:37","slug":"el-mejor-seguro-andar-chiro","status":"publish","type":"page","link":"https:\/\/blog.espol.edu.ec\/tuseguridad\/aportes-profesionales\/el-mejor-seguro-andar-chiro\/","title":{"rendered":"El mejor seguro \"Andar Chiro\""},"content":{"rendered":"<p>Un art\u00edculo tomado del <a href=\"http:\/\/blog.espol.edu.ec\/alopez\/\" target=\"_blank\">Blog de Agucho<\/a>, nos comenta a manera de humor un asalto sufrido por \u00e9l.<\/p>\n<p><a href=\"http:\/\/blog.espol.edu.ec\/tuseguridad\/files\/2011\/03\/dscn5062_b-300x225.jpg\" target=\"_blank\"><img loading=\"lazy\" decoding=\"async\" class=\"alignleft size-full wp-image-243\" style=\"margin-top: 2px;margin-bottom: 2px;border: 2px solid black\" title=\"dscn5062_b-300x225\" src=\"http:\/\/blog.espol.edu.ec\/tuseguridad\/files\/2011\/03\/dscn5062_b-300x225.jpg\" alt=\"\" width=\"240\" height=\"180\" \/><\/a>El d\u00eda martes 14 de Abril del 2009, al regresar a mi casa por la noche fui v\u00edctima de un robo en el bus.<\/p>\n<p>Mientras el bus estaba parado en un sem\u00e1foro en rojo, dos tipos subieron, uno se sent\u00f3 en medio y otro al final. Al arrancar el bus comenzaron a realizar su acto. Para que voy a dar detalles si todos los ecuatorianos han sido v\u00edctimas de un robo as\u00ed que saben c\u00f3mo son esos momentos.<\/p>\n<p>Lo bueno fue, claro si es que puede haber algo bueno en un robo luego de estar amenazado con una pistola y ver como nerviosamente el ladr\u00f3n manipula esta, que no me robaron nada.<\/p>\n<p>\u00bfPor qu\u00e9?<\/p>\n<p>Simplemente porque ten\u00eda mi seguro contra robos: \u201cEstaba Chiro\u201d<\/p>\n<p>Definici\u00f3n de \u201cChiro\u201d en el Ecuador.<\/p>\n<p>Persona que no tiene nada de dinero en sus bolsillos.<\/p>\n<p>Debido a esto no me robaron dinero, pero y el celular, bueno no me robaron el celular porque ya me lo robaron meses atr\u00e1s y aun no tengo otro.<\/p>\n<p>Luego del robo viene algo interesante, este acto que causa nerviosismo en las personas luego origina una amistad entre los pasajeros. Cuando el ladr\u00f3n baja del bus comienza un dialogo interesante. Hay el que dice que la pistola era de juguete o que no estaba cargada o que no val\u00eda, otros dicen que se le podr\u00eda haber agarrado entre todos y no hubiera robado nada (claro eso nunca pasa, son solo unos \u201cvalientes\u201d que solo lo dicen despu\u00e9s del robo pero no lo hacen).La mitad de las persona quieren que el chofer siga al ladr\u00f3n, la otra mitad quiere que avance r\u00e1pido y no pare para nada, todo esto mientras unos a otros intercambiamos detalles de lo que nos robaron o dejaron de robarnos, como un se\u00f1or que irradiaba felicidad porque el ladr\u00f3n no quiso robarle su Alcatel viejito.<\/p>\n<p>Al final todos volvemos a la normalidad el ladr\u00f3n por su lado y los pasajeros por el otro.<\/p>\n<p>Ahora recordemos que el ladr\u00f3n lo que m\u00e1s se robo fue celulares as\u00ed que seg\u00fan nuestra nueva ley ecuatoriana, el no cometi\u00f3 un delito grave.<\/p>\n<p><strong><span style=\"text-decoration: underline\">Colaboracion de:<\/span><\/strong><\/p>\n<p>Andr\u00e9s L\u00f3pez Alvarez<\/p>\n<p>Blog: <a href=\"http:\/\/blog.espol.edu.ec\/alopez\/tag\/asalto\/\">http:\/\/blog.espol.edu.ec\/alopez\/tag\/asalto\/<\/a><\/p>\n<form id=\"vozme_form_a134805173416f9a391aef1dc2e6d790\" method=\"post\" name=\"vozme_form_a134805173416f9a391aef1dc2e6d790\" target=\"a134805173416f9a391aef1dc2e6d790\" action=\"http:\/\/vozme.com\/text2voice.php\"><input name=\"text\" type=\"hidden\" value=\"El mejor seguro &quot;Andar Chiro&quot;. Un art\u00edculo tomado del Blog de Agucho, nos comenta a manera de humor un asalto sufrido por \u00e9l.\nEl d\u00eda martes 14 de Abril del 2009, al regresar a mi casa por la noche fui v\u00edctima de un robo en el bus.\nMientras el bus estaba parado en un sem\u00e1foro en rojo, dos tipos subieron, uno se sent\u00f3 en medio y otro al final. Al arrancar el bus comenzaron a realizar su acto. Para que voy a dar detalles si todos los ecuatorianos han sido v\u00edctimas de un robo as\u00ed que saben c\u00f3mo son esos momentos.\nLo bueno fue, claro si es que puede haber algo bueno en un robo luego de estar amenazado con una pistola y ver como nerviosamente el ladr\u00f3n manipula esta, que no me robaron nada.\n\u00bfPor qu\u00e9?\nSimplemente porque ten\u00eda mi seguro contra robos: \u201cEstaba Chiro\u201d\nDefinici\u00f3n de \u201cChiro\u201d en el Ecuador.\nPersona que no tiene nada de dinero en sus bolsillos.\nDebido a esto no me robaron dinero, pero y el celular, bueno no me robaron el celular porque ya me lo robaron meses atr\u00e1s y aun no tengo otro.\nLuego del robo viene algo interesante, este acto que causa nerviosismo en las personas luego origina una amistad entre los pasajeros. Cuando el ladr\u00f3n baja del bus comienza un dialogo interesante. Hay el que dice que la pistola era de juguete o que no estaba cargada o que no val\u00eda, otros dicen que se le podr\u00eda haber agarrado entre todos y no hubiera robado nada (claro eso nunca pasa, son solo unos \u201cvalientes\u201d que solo lo dicen despu\u00e9s del robo pero no lo hacen).La mitad de las persona quieren que el chofer siga al ladr\u00f3n, la otra mitad quiere que avance r\u00e1pido y no pare para nada, todo esto mientras unos a otros intercambiamos detalles de lo que nos robaron o dejaron de robarnos, como un se\u00f1or que irradiaba felicidad porque el ladr\u00f3n no quiso robarle su Alcatel viejito.\nAl final todos volvemos a la normalidad el ladr\u00f3n por su lado y los pasajeros por el otro.\nAhora recordemos que el ladr\u00f3n lo que m\u00e1s se robo fue celulares as\u00ed que seg\u00fan nuestra nueva ley ecuatoriana, el no cometi\u00f3 un delito grave.\nColaboracion de:\nAndr\u00e9s L\u00f3pez Alvarez\nBlog: http:\/\/blog.espol.edu.ec\/alopez\/tag\/asalto\/\n\" \/><input name=\"lang\" type=\"hidden\" value=\"es\" \/><input name=\"gn\" type=\"hidden\" value=\"ml\" \/><input type=\"hidden\" id=\"interface\" name=\"interface\" value=\"full\" \/>\n\t\t\t<div style=\"margin-left:40%;\">\n\t\t\t\n\t\t\t\t<input style=\"float:left;\" type=\"image\" width=\"32\" height=\"32\" src=\"http:\/\/blog.espol.edu.ec\/tuseguridad\/wp-content\/plugins\/vozme\/img\/paper_sound32x32.gif\" alt=\"Escucha este post\" onclick=\"window.open('', 'a134805173416f9a391aef1dc2e6d790', 'width=600,height=370,scrollbars=yes,location=yes,menubar=yes,resizable=yes,status=yes,toolbar=yes');\">\n\t\t\t\t<div style=\"margin-left:40px; text-align:left;\"><a style=\"font-size:12px;\" href=\"javascript:void(0);\" onclick=\"window.open('', 'a134805173416f9a391aef1dc2e6d790', 'width=600,height=370,scrollbars=yes,location=yes,menubar=yes,resizable=yes,status=yes,toolbar=yes'); document.getElementById('vozme_form_a134805173416f9a391aef1dc2e6d790').submit();\">Escucha<br\/>este post<\/a><\/div>\n\t\t\t<\/div><\/form>","protected":false},"excerpt":{"rendered":"<p>Un art\u00edculo tomado del Blog de Agucho, nos comenta a manera de humor un asalto sufrido por \u00e9l. El d\u00eda martes 14 de Abril del 2009, al regresar a mi casa por la noche fui v\u00edctima de un robo en el bus. Mientras el bus estaba parado en un sem\u00e1foro en rojo, dos tipos subieron, [&hellip;]<\/p>\n","protected":false},"author":5137,"featured_media":0,"parent":195,"menu_order":5,"comment_status":"open","ping_status":"open","template":"","meta":{"footnotes":""},"class_list":["post-242","page","type-page","status-publish","hentry"],"_links":{"self":[{"href":"https:\/\/blog.espol.edu.ec\/tuseguridad\/wp-json\/wp\/v2\/pages\/242","targetHints":{"allow":["GET"]}}],"collection":[{"href":"https:\/\/blog.espol.edu.ec\/tuseguridad\/wp-json\/wp\/v2\/pages"}],"about":[{"href":"https:\/\/blog.espol.edu.ec\/tuseguridad\/wp-json\/wp\/v2\/types\/page"}],"author":[{"embeddable":true,"href":"https:\/\/blog.espol.edu.ec\/tuseguridad\/wp-json\/wp\/v2\/users\/5137"}],"replies":[{"embeddable":true,"href":"https:\/\/blog.espol.edu.ec\/tuseguridad\/wp-json\/wp\/v2\/comments?post=242"}],"version-history":[{"count":2,"href":"https:\/\/blog.espol.edu.ec\/tuseguridad\/wp-json\/wp\/v2\/pages\/242\/revisions"}],"predecessor-version":[{"id":245,"href":"https:\/\/blog.espol.edu.ec\/tuseguridad\/wp-json\/wp\/v2\/pages\/242\/revisions\/245"}],"up":[{"embeddable":true,"href":"https:\/\/blog.espol.edu.ec\/tuseguridad\/wp-json\/wp\/v2\/pages\/195"}],"wp:attachment":[{"href":"https:\/\/blog.espol.edu.ec\/tuseguridad\/wp-json\/wp\/v2\/media?parent=242"}],"curies":[{"name":"wp","href":"https:\/\/api.w.org\/{rel}","templated":true}]}}