{"id":263,"date":"2011-03-06T05:44:21","date_gmt":"2011-03-06T05:44:21","guid":{"rendered":"http:\/\/blog.espol.edu.ec\/tuseguridad\/?page_id=263"},"modified":"2011-03-06T06:14:39","modified_gmt":"2011-03-06T06:14:39","slug":"caracteristicas-comunes-de-los-delincuentes","status":"publish","type":"page","link":"https:\/\/blog.espol.edu.ec\/tuseguridad\/tips-varios\/caracteristicas-comunes-de-los-delincuentes\/","title":{"rendered":"Caracter\u00edsticas comunes de los delincuentes"},"content":{"rendered":"<p><a href=\"http:\/\/blog.espol.edu.ec\/tuseguridad\/files\/2011\/03\/Delincuente.gif\"><img loading=\"lazy\" decoding=\"async\" class=\"aligncenter size-full wp-image-267\" title=\"Delincuente\" src=\"http:\/\/blog.espol.edu.ec\/tuseguridad\/files\/2011\/03\/Delincuente.gif\" alt=\"\" width=\"159\" height=\"200\" \/><\/a><\/p>\n<ul>\n<li>El delincuente es cobarde; siempre se regir\u00e1 <strong><em>por la ley del menor esfuerzo<\/em><\/strong>, buscando las situaciones\u00a0 m\u00e1s f\u00e1ciles y que le impliquen menor riesgo.<\/li>\n<\/ul>\n<ul>\n<li> El delincuente siempre <strong><em>preferir\u00e1 actuar sobre quien luzca como v\u00edctima.<\/em><\/strong><\/li>\n<\/ul>\n<ul>\n<li>El delincuente <strong><em>aprovechar\u00e1 el \u201cfactor sorpresa\u201d<\/em><\/strong> en su beneficio.<\/li>\n<\/ul>\n<ul>\n<li> El delincuente es un \u201cprofesional del delito\u201d y sabe su oficio. Por lo tanto <strong><em>ser\u00e1 dif\u00edcil de sorprender<\/em><\/strong>.<\/li>\n<\/ul>\n<ul>\n<li> El delincuente puede estar ebrio, drogado, nervioso o ser muy novato, lo que resulta a\u00fan m\u00e1s \u00a0peligroso, ya que <strong><em>puede tener reacciones impredecibles y violentas.<\/em><\/strong> El delincuente tiene a desahogar sus sentimientos y frustraciones en sus v\u00edctimas; de ah\u00ed la violencia con que act\u00faa muchas veces, sin motivo aparente.<\/li>\n<\/ul>\n<ul>\n<li> El delincuente <strong><em>generalmente no trabaja solo, suele estar acompa\u00f1ado por otros<\/em><\/strong> que observan de cerca y que act\u00faan en caso de ser necesario.<\/li>\n<\/ul>\n<ul>\n<li> El delincuente <strong><em>buscar\u00e1 en primera instancia efectivo, o bienes (parecidos a \u00e9ste)<\/em><\/strong>, es decir, ligeros valiosos y f\u00e1cilmente vendibles.<\/li>\n<\/ul>\n<ul>\n<li> Para el delincuente, el valor del objetivo es directamente proporcional al riesgo que tomar\u00e1; es decir, <strong><em>cuando mayor valor tenga lo que quiera obtener, m\u00e1s se\u00a0 arriesgar\u00e1.<\/em><\/strong><\/li>\n<\/ul>\n<ul>\n<li>El delincuente <strong><em>no siempre tiene apariencia de delincuente<\/em><\/strong>. Por el contrario, en muchas ocasiones puede irradiar confianza. El que no es delincuente <strong><em>puede serlo, si la oportunidad se le presenta.<\/em><\/strong> Como dice el dicho: \u201cla ocasi\u00f3n hace al ladr\u00f3n\u201d.<\/li>\n<\/ul>\n<ul>\n<li> El delincuente <strong><em>buscar\u00e1 lugares, v\u00edctimas y tiempos en que tenga ventaja.<\/em><\/strong><\/li>\n<\/ul>\n<ul>\n<li>El delincuente <strong><em>siempre actuar\u00e1 en lugares que le permitan una f\u00e1cil y r\u00e1pida huida.<\/em><\/strong><\/li>\n<\/ul>\n<p><span style=\"color: #0000ff\"><strong>(Roberto Pancera-Silvia Dolz)<\/strong><\/span><strong> <\/strong><\/p>\n<form id=\"vozme_form_a1fad101aeef09881e1609e0bed72712\" method=\"post\" name=\"vozme_form_a1fad101aeef09881e1609e0bed72712\" target=\"a1fad101aeef09881e1609e0bed72712\" action=\"http:\/\/vozme.com\/text2voice.php\"><input name=\"text\" type=\"hidden\" value=\"Caracter\u00edsticas comunes de los delincuentes. \n\nEl delincuente es cobarde; siempre se regir\u00e1 por la ley del menor esfuerzo, buscando las situaciones\u00a0 m\u00e1s f\u00e1ciles y que le impliquen menor riesgo.\n\n\n El delincuente siempre preferir\u00e1 actuar sobre quien luzca como v\u00edctima.\n\n\nEl delincuente aprovechar\u00e1 el \u201cfactor sorpresa\u201d en su beneficio.\n\n\n El delincuente es un \u201cprofesional del delito\u201d y sabe su oficio. Por lo tanto ser\u00e1 dif\u00edcil de sorprender.\n\n\n El delincuente puede estar ebrio, drogado, nervioso o ser muy novato, lo que resulta a\u00fan m\u00e1s \u00a0peligroso, ya que puede tener reacciones impredecibles y violentas. El delincuente tiene a desahogar sus sentimientos y frustraciones en sus v\u00edctimas; de ah\u00ed la violencia con que act\u00faa muchas veces, sin motivo aparente.\n\n\n El delincuente generalmente no trabaja solo, suele estar acompa\u00f1ado por otros que observan de cerca y que act\u00faan en caso de ser necesario.\n\n\n El delincuente buscar\u00e1 en primera instancia efectivo, o bienes (parecidos a \u00e9ste), es decir, ligeros valiosos y f\u00e1cilmente vendibles.\n\n\n Para el delincuente, el valor del objetivo es directamente proporcional al riesgo que tomar\u00e1; es decir, cuando mayor valor tenga lo que quiera obtener, m\u00e1s se\u00a0 arriesgar\u00e1.\n\n\nEl delincuente no siempre tiene apariencia de delincuente. Por el contrario, en muchas ocasiones puede irradiar confianza. El que no es delincuente puede serlo, si la oportunidad se le presenta. Como dice el dicho: \u201cla ocasi\u00f3n hace al ladr\u00f3n\u201d.\n\n\n El delincuente buscar\u00e1 lugares, v\u00edctimas y tiempos en que tenga ventaja.\n\n\nEl delincuente siempre actuar\u00e1 en lugares que le permitan una f\u00e1cil y r\u00e1pida huida.\n\n(Roberto Pancera-Silvia Dolz) \n\" \/><input name=\"lang\" type=\"hidden\" value=\"es\" \/><input name=\"gn\" type=\"hidden\" value=\"ml\" \/><input type=\"hidden\" id=\"interface\" name=\"interface\" value=\"full\" \/>\n\t\t\t<div style=\"margin-left:40%;\">\n\t\t\t\n\t\t\t\t<input style=\"float:left;\" type=\"image\" width=\"32\" height=\"32\" src=\"http:\/\/blog.espol.edu.ec\/tuseguridad\/wp-content\/plugins\/vozme\/img\/paper_sound32x32.gif\" alt=\"Escucha este post\" onclick=\"window.open('', 'a1fad101aeef09881e1609e0bed72712', 'width=600,height=370,scrollbars=yes,location=yes,menubar=yes,resizable=yes,status=yes,toolbar=yes');\">\n\t\t\t\t<div style=\"margin-left:40px; text-align:left;\"><a style=\"font-size:12px;\" href=\"javascript:void(0);\" onclick=\"window.open('', 'a1fad101aeef09881e1609e0bed72712', 'width=600,height=370,scrollbars=yes,location=yes,menubar=yes,resizable=yes,status=yes,toolbar=yes'); document.getElementById('vozme_form_a1fad101aeef09881e1609e0bed72712').submit();\">Escucha<br\/>este post<\/a><\/div>\n\t\t\t<\/div><\/form>","protected":false},"excerpt":{"rendered":"<p>El delincuente es cobarde; siempre se regir\u00e1 por la ley del menor esfuerzo, buscando las situaciones\u00a0 m\u00e1s f\u00e1ciles y que le impliquen menor riesgo. El delincuente siempre preferir\u00e1 actuar sobre quien luzca como v\u00edctima. El delincuente aprovechar\u00e1 el \u201cfactor sorpresa\u201d en su beneficio. El delincuente es un \u201cprofesional del delito\u201d y sabe su oficio. Por [&hellip;]<\/p>\n","protected":false},"author":5137,"featured_media":0,"parent":210,"menu_order":2,"comment_status":"open","ping_status":"open","template":"","meta":{"footnotes":""},"class_list":["post-263","page","type-page","status-publish","hentry"],"_links":{"self":[{"href":"https:\/\/blog.espol.edu.ec\/tuseguridad\/wp-json\/wp\/v2\/pages\/263","targetHints":{"allow":["GET"]}}],"collection":[{"href":"https:\/\/blog.espol.edu.ec\/tuseguridad\/wp-json\/wp\/v2\/pages"}],"about":[{"href":"https:\/\/blog.espol.edu.ec\/tuseguridad\/wp-json\/wp\/v2\/types\/page"}],"author":[{"embeddable":true,"href":"https:\/\/blog.espol.edu.ec\/tuseguridad\/wp-json\/wp\/v2\/users\/5137"}],"replies":[{"embeddable":true,"href":"https:\/\/blog.espol.edu.ec\/tuseguridad\/wp-json\/wp\/v2\/comments?post=263"}],"version-history":[{"count":6,"href":"https:\/\/blog.espol.edu.ec\/tuseguridad\/wp-json\/wp\/v2\/pages\/263\/revisions"}],"predecessor-version":[{"id":265,"href":"https:\/\/blog.espol.edu.ec\/tuseguridad\/wp-json\/wp\/v2\/pages\/263\/revisions\/265"}],"up":[{"embeddable":true,"href":"https:\/\/blog.espol.edu.ec\/tuseguridad\/wp-json\/wp\/v2\/pages\/210"}],"wp:attachment":[{"href":"https:\/\/blog.espol.edu.ec\/tuseguridad\/wp-json\/wp\/v2\/media?parent=263"}],"curies":[{"name":"wp","href":"https:\/\/api.w.org\/{rel}","templated":true}]}}