{"id":138,"date":"2015-11-21T05:00:15","date_gmt":"2015-11-21T05:00:15","guid":{"rendered":"http:\/\/blog.espol.edu.ec\/tvillama\/?page_id=138"},"modified":"2015-11-21T07:02:41","modified_gmt":"2015-11-21T07:02:41","slug":"orco","status":"publish","type":"page","link":"https:\/\/blog.espol.edu.ec\/tvillama\/razas-alianza\/razas-horda\/orco\/","title":{"rendered":"Orco"},"content":{"rendered":"<p style=\"text-align: justify\"><a href=\"http:\/\/blog.espol.edu.ec\/tvillama\/files\/2015\/11\/Orco-warcraft-02.jpg\"><img loading=\"lazy\" decoding=\"async\" class=\"alignnone size-medium wp-image-139\" src=\"http:\/\/blog.espol.edu.ec\/tvillama\/files\/2015\/11\/Orco-warcraft-02-225x300.jpg\" alt=\"Orco-warcraft-02\" width=\"225\" height=\"300\" srcset=\"https:\/\/blog.espol.edu.ec\/tvillama\/files\/2015\/11\/Orco-warcraft-02-225x300.jpg 225w, https:\/\/blog.espol.edu.ec\/tvillama\/files\/2015\/11\/Orco-warcraft-02.jpg 450w\" sizes=\"auto, (max-width: 225px) 100vw, 225px\" \/><\/a><\/p>\n<p style=\"text-align: justify\">A diferencia de las dem\u00e1s razas de la Horda, los orcos no son naturales de Azeroth. Al principio, viv\u00edan como clanes cham\u00e1nicos en el exuberante mundo de Draenor. Abandonaron su pac\u00edfica cultura cuando Kil\u2019jaeden, un Se\u00f1or demon\u00edaco de la Legi\u00f3n Ardiente, corrompi\u00f3 a los orcos y los utiliz\u00f3 para llevar a cabo su venganza contra los draenei, que hab\u00edan sido exiliados del mundo natal de Kil\u2019jaeden.<\/p>\n<h2 style=\"text-align: justify\"><span style=\"color: #ff0000\">Caracter\u00edsticas<\/span><\/h2>\n<p style=\"text-align: justify\"><span style=\"color: #ff0000\">Furia sangrienta<\/span><br \/>\nLos orcos pueden entrar en estado de ira que aumenta su poder de ataque y poder con hechizos durante un breve per\u00edodo de tiempo.<\/p>\n<p style=\"text-align: justify\"><span style=\"color: #ff0000\">Firmeza<\/span><br \/>\nToscos por naturaleza, los orcos se recuperan de los efectos de Aturdir m\u00e1s r\u00e1pido que otras razas.<\/p>\n<p style=\"text-align: justify\"><span style=\"color: #ff0000\">Ordenar<\/span><br \/>\nLos orcos trabajan bien con mascotas de combate, que reciben un bonus al da\u00f1o que infligen bajo el cuidado de sus maestros orcos.<\/p>\n","protected":false},"excerpt":{"rendered":"<p>A diferencia de las dem\u00e1s razas de la Horda, los orcos no son naturales de Azeroth. Al principio, viv\u00edan como clanes cham\u00e1nicos en el exuberante mundo de Draenor. Abandonaron su pac\u00edfica cultura cuando Kil\u2019jaeden, un Se\u00f1or demon\u00edaco de la Legi\u00f3n Ardiente, corrompi\u00f3 a los orcos y los utiliz\u00f3 para llevar a cabo su venganza contra [&hellip;]<\/p>\n","protected":false},"author":10111,"featured_media":0,"parent":78,"menu_order":0,"comment_status":"open","ping_status":"closed","template":"","meta":{"footnotes":""},"class_list":["post-138","page","type-page","status-publish","hentry"],"_links":{"self":[{"href":"https:\/\/blog.espol.edu.ec\/tvillama\/wp-json\/wp\/v2\/pages\/138","targetHints":{"allow":["GET"]}}],"collection":[{"href":"https:\/\/blog.espol.edu.ec\/tvillama\/wp-json\/wp\/v2\/pages"}],"about":[{"href":"https:\/\/blog.espol.edu.ec\/tvillama\/wp-json\/wp\/v2\/types\/page"}],"author":[{"embeddable":true,"href":"https:\/\/blog.espol.edu.ec\/tvillama\/wp-json\/wp\/v2\/users\/10111"}],"replies":[{"embeddable":true,"href":"https:\/\/blog.espol.edu.ec\/tvillama\/wp-json\/wp\/v2\/comments?post=138"}],"version-history":[{"count":2,"href":"https:\/\/blog.espol.edu.ec\/tvillama\/wp-json\/wp\/v2\/pages\/138\/revisions"}],"predecessor-version":[{"id":260,"href":"https:\/\/blog.espol.edu.ec\/tvillama\/wp-json\/wp\/v2\/pages\/138\/revisions\/260"}],"up":[{"embeddable":true,"href":"https:\/\/blog.espol.edu.ec\/tvillama\/wp-json\/wp\/v2\/pages\/78"}],"wp:attachment":[{"href":"https:\/\/blog.espol.edu.ec\/tvillama\/wp-json\/wp\/v2\/media?parent=138"}],"curies":[{"name":"wp","href":"https:\/\/api.w.org\/{rel}","templated":true}]}}