{"id":141,"date":"2015-11-21T05:03:02","date_gmt":"2015-11-21T05:03:02","guid":{"rendered":"http:\/\/blog.espol.edu.ec\/tvillama\/?page_id=141"},"modified":"2015-11-21T19:50:35","modified_gmt":"2015-11-21T19:50:35","slug":"troll","status":"publish","type":"page","link":"https:\/\/blog.espol.edu.ec\/tvillama\/razas-alianza\/razas-horda\/troll\/","title":{"rendered":"Troll"},"content":{"rendered":"<p style=\"text-align: justify\"><a href=\"http:\/\/blog.espol.edu.ec\/tvillama\/files\/2015\/11\/180px-Vilebranch_Amanzasi_Guard.jpg\"><img loading=\"lazy\" decoding=\"async\" class=\"alignnone wp-image-143\" src=\"http:\/\/blog.espol.edu.ec\/tvillama\/files\/2015\/11\/180px-Vilebranch_Amanzasi_Guard.jpg\" alt=\"180px-Vilebranch_Aman'zasi_Guard\" width=\"195\" height=\"323\" \/><\/a><\/p>\n<p style=\"text-align: justify\">Los salvajes trols de Azeroth son conocidos por su crueldad, misticismo oscuro y odio ardiente hacia las dem\u00e1s razas. Pero la tribu Lanza Negra y su astuto l\u00edder, Vol\u2019jin, son una excepci\u00f3n entre los trols. Perseguida por una historia de sumisi\u00f3n y exilio, esta orgullosa tribu estaba al borde de la extinci\u00f3n cuando el Jefe de Guerra Thrall y las tropas de su poderosa Horda fueron conducidos por una violenta tormenta a su remota isla hogar en los Mares del Sur.<\/p>\n<h2 style=\"text-align: justify\"><span style=\"color: #ff0000\">Caracter\u00edsticas\u00a0<\/span><\/h2>\n<p style=\"text-align: justify\"><span style=\"color: #ff0000\">Rabiar<\/span><br \/>\nLos trols pueden entrar en frenes\u00ed, aumentando su velocidad de ataque y lanzamiento de hechizos durante un breve per\u00edodo de tiempo.<\/p>\n<p style=\"text-align: justify\"><span style=\"color: #ff0000\">La marcha vud\u00fa<\/span><br \/>\nGracias a su impresionante ligereza, los trols se ven menos afectados por los efectos de reducci\u00f3n del movimiento que otras razas.<\/p>\n<p style=\"text-align: justify\"><span style=\"color: #ff0000\">Regeneraci\u00f3n<\/span><br \/>\nLos trols tienen un factor de sanaci\u00f3n natural que rellena constantemente su salud, incluso en medio de un combate.<\/p>\n<p style=\"text-align: justify\"><span style=\"color: #ff0000\">Especializaci\u00f3n en armas arrojadizas y arco<\/span><br \/>\nLos trols reciben bonificaciones cuando usan sus armas favoritas.<\/p>\n<p style=\"text-align: justify\"><span style=\"color: #ff0000\">Matanza de bestias<\/span><br \/>\nLos trols cazan con una aguda percepci\u00f3n y obtienen experiencia adicional al matar bestias.<\/p>\n","protected":false},"excerpt":{"rendered":"<p>Los salvajes trols de Azeroth son conocidos por su crueldad, misticismo oscuro y odio ardiente hacia las dem\u00e1s razas. Pero la tribu Lanza Negra y su astuto l\u00edder, Vol\u2019jin, son una excepci\u00f3n entre los trols. Perseguida por una historia de sumisi\u00f3n y exilio, esta orgullosa tribu estaba al borde de la extinci\u00f3n cuando el Jefe [&hellip;]<\/p>\n","protected":false},"author":10111,"featured_media":0,"parent":78,"menu_order":0,"comment_status":"open","ping_status":"closed","template":"","meta":{"footnotes":""},"class_list":["post-141","page","type-page","status-publish","hentry"],"_links":{"self":[{"href":"https:\/\/blog.espol.edu.ec\/tvillama\/wp-json\/wp\/v2\/pages\/141","targetHints":{"allow":["GET"]}}],"collection":[{"href":"https:\/\/blog.espol.edu.ec\/tvillama\/wp-json\/wp\/v2\/pages"}],"about":[{"href":"https:\/\/blog.espol.edu.ec\/tvillama\/wp-json\/wp\/v2\/types\/page"}],"author":[{"embeddable":true,"href":"https:\/\/blog.espol.edu.ec\/tvillama\/wp-json\/wp\/v2\/users\/10111"}],"replies":[{"embeddable":true,"href":"https:\/\/blog.espol.edu.ec\/tvillama\/wp-json\/wp\/v2\/comments?post=141"}],"version-history":[{"count":3,"href":"https:\/\/blog.espol.edu.ec\/tvillama\/wp-json\/wp\/v2\/pages\/141\/revisions"}],"predecessor-version":[{"id":290,"href":"https:\/\/blog.espol.edu.ec\/tvillama\/wp-json\/wp\/v2\/pages\/141\/revisions\/290"}],"up":[{"embeddable":true,"href":"https:\/\/blog.espol.edu.ec\/tvillama\/wp-json\/wp\/v2\/pages\/78"}],"wp:attachment":[{"href":"https:\/\/blog.espol.edu.ec\/tvillama\/wp-json\/wp\/v2\/media?parent=141"}],"curies":[{"name":"wp","href":"https:\/\/api.w.org\/{rel}","templated":true}]}}