{"id":237,"date":"2015-11-21T06:48:06","date_gmt":"2015-11-21T06:48:06","guid":{"rendered":"http:\/\/blog.espol.edu.ec\/tvillama\/?page_id=237"},"modified":"2015-11-21T06:48:06","modified_gmt":"2015-11-21T06:48:06","slug":"paladin","status":"publish","type":"page","link":"https:\/\/blog.espol.edu.ec\/tvillama\/clases\/paladin\/","title":{"rendered":"Paladin"},"content":{"rendered":"<p style=\"text-align: justify\">\u00a0<a href=\"http:\/\/blog.espol.edu.ec\/tvillama\/files\/2015\/11\/paladin02-full.jpg\"><img loading=\"lazy\" decoding=\"async\" class=\"alignnone size-medium wp-image-239\" src=\"http:\/\/blog.espol.edu.ec\/tvillama\/files\/2015\/11\/paladin02-full-227x300.jpg\" alt=\"paladin02-full\" width=\"227\" height=\"300\" srcset=\"https:\/\/blog.espol.edu.ec\/tvillama\/files\/2015\/11\/paladin02-full-227x300.jpg 227w, https:\/\/blog.espol.edu.ec\/tvillama\/files\/2015\/11\/paladin02-full.jpg 595w\" sizes=\"auto, (max-width: 227px) 100vw, 227px\" \/><\/a><\/p>\n<p style=\"text-align: justify\">Esta es la llamada del palad\u00edn: proteger a los d\u00e9biles, llevar la justicia a los injustos y eliminar el mal de los rincones m\u00e1s oscuros del mundo. Estos guerreros sagrados van equipados con armadura de placas para poder enfrentarse a los enemigos m\u00e1s duros y la bendici\u00f3n de la Luz les permite sanar heridas y, en algunos casos, incluso devolver la vida a los muertos.<\/p>\n<h2 style=\"text-align: justify\"><span style=\"color: #ff9900\">Caracter\u00edsticas<\/span><\/h2>\n<p style=\"text-align: justify\">\n<span style=\"color: #ff9900\">Defensa<\/span><br \/>\nLos fieles paladines est\u00e1n entrenados para usar las armaduras y escudos m\u00e1s pesados y pueden usar sus habilidades para asegurarse de que los enemigos se centran en ellos, defendiendo a los miembros m\u00e1s d\u00e9biles del grupo.<\/p>\n<p style=\"text-align: justify\">\n<span style=\"color: #ff9900\">Da\u00f1o cuerpo a cuerpo<\/span><br \/>\nLos paladines cargan su armas con poder sagrado, lo que les permite infligir da\u00f1o consistente con sus golpes.<\/p>\n<p style=\"text-align: justify\">\n<span style=\"color: #ff9900\">Bendiciones y sellos<\/span><br \/>\nComo defensores del orden, los paladines son extremadamente poderosos en un grupo: sus bendiciones y sellos pueden aumentar su da\u00f1o y su capacidad de supervivencia y la del grupo.<\/p>\n<p style=\"text-align: justify\">\n<span style=\"color: #ff9900\">Sanaci\u00f3n<\/span><br \/>\nCuando ellos o sus compa\u00f1eros est\u00e1n heridos, las potentes facultades de sanaci\u00f3n de los paladines pueden asegurar que se mantengan en la lucha.<\/p>\n","protected":false},"excerpt":{"rendered":"<p>\u00a0 Esta es la llamada del palad\u00edn: proteger a los d\u00e9biles, llevar la justicia a los injustos y eliminar el mal de los rincones m\u00e1s oscuros del mundo. Estos guerreros sagrados van equipados con armadura de placas para poder enfrentarse a los enemigos m\u00e1s duros y la bendici\u00f3n de la Luz les permite sanar heridas [&hellip;]<\/p>\n","protected":false},"author":10111,"featured_media":0,"parent":232,"menu_order":0,"comment_status":"open","ping_status":"closed","template":"","meta":{"footnotes":""},"class_list":["post-237","page","type-page","status-publish","hentry"],"_links":{"self":[{"href":"https:\/\/blog.espol.edu.ec\/tvillama\/wp-json\/wp\/v2\/pages\/237","targetHints":{"allow":["GET"]}}],"collection":[{"href":"https:\/\/blog.espol.edu.ec\/tvillama\/wp-json\/wp\/v2\/pages"}],"about":[{"href":"https:\/\/blog.espol.edu.ec\/tvillama\/wp-json\/wp\/v2\/types\/page"}],"author":[{"embeddable":true,"href":"https:\/\/blog.espol.edu.ec\/tvillama\/wp-json\/wp\/v2\/users\/10111"}],"replies":[{"embeddable":true,"href":"https:\/\/blog.espol.edu.ec\/tvillama\/wp-json\/wp\/v2\/comments?post=237"}],"version-history":[{"count":1,"href":"https:\/\/blog.espol.edu.ec\/tvillama\/wp-json\/wp\/v2\/pages\/237\/revisions"}],"predecessor-version":[{"id":240,"href":"https:\/\/blog.espol.edu.ec\/tvillama\/wp-json\/wp\/v2\/pages\/237\/revisions\/240"}],"up":[{"embeddable":true,"href":"https:\/\/blog.espol.edu.ec\/tvillama\/wp-json\/wp\/v2\/pages\/232"}],"wp:attachment":[{"href":"https:\/\/blog.espol.edu.ec\/tvillama\/wp-json\/wp\/v2\/media?parent=237"}],"curies":[{"name":"wp","href":"https:\/\/api.w.org\/{rel}","templated":true}]}}