{"id":242,"date":"2015-11-21T06:52:08","date_gmt":"2015-11-21T06:52:08","guid":{"rendered":"http:\/\/blog.espol.edu.ec\/tvillama\/?page_id=242"},"modified":"2015-11-21T06:53:04","modified_gmt":"2015-11-21T06:53:04","slug":"cazador","status":"publish","type":"page","link":"https:\/\/blog.espol.edu.ec\/tvillama\/clases\/cazador\/","title":{"rendered":"Cazador"},"content":{"rendered":"<p style=\"text-align: justify\"><a href=\"http:\/\/blog.espol.edu.ec\/tvillama\/files\/2015\/11\/punte.jpg\"><img loading=\"lazy\" decoding=\"async\" class=\"alignnone size-medium wp-image-243\" src=\"http:\/\/blog.espol.edu.ec\/tvillama\/files\/2015\/11\/punte-300x212.jpg\" alt=\"punte\" width=\"300\" height=\"212\" srcset=\"https:\/\/blog.espol.edu.ec\/tvillama\/files\/2015\/11\/punte-300x212.jpg 300w, https:\/\/blog.espol.edu.ec\/tvillama\/files\/2015\/11\/punte.jpg 1024w\" sizes=\"auto, (max-width: 300px) 100vw, 300px\" \/><\/a><\/p>\n<p style=\"text-align: justify\">Desde temprana edad, la llamada de la naturaleza atrae a algunos aventureros desde la comodidad de sus hogares hacia el implacable mundo primario. Aquellos que aguantan se convierten en cazadores. Maestros de su entorno, son capaces de escabullirse como fantasmas entre los \u00e1rboles y poner trampas en el camino de sus enemigos.<\/p>\n<h2 style=\"text-align: justify\"><span style=\"color: #ff9900\">Caracter\u00edsticas<\/span><\/h2>\n<p style=\"text-align: justify\"><span style=\"color: #ff9900\">Mascotas<\/span><br \/>\nLos cazadores doman a las bestias salvajes y, a cambio, esas bestias les sirven atacando a sus enemigos y protegi\u00e9ndolos del da\u00f1o con sus cuerpos.<\/p>\n<p style=\"text-align: justify\"><span style=\"color: #ff9900\">Da\u00f1o a distancia<\/span><br \/>\nYa sean arcos, pistolas o ballestas, los cazadores son mort\u00edferos con armas a distancia. Son capaces de asestar da\u00f1o elevado consistente.<\/p>\n<p style=\"text-align: justify\"><span style=\"color: #ff9900\">Trampas<\/span><br \/>\nLos cazadores son supervivientes consumados capaces de poner trampas para quemar, congelar y dejar inv\u00e1lida a la presa potencial.<\/p>\n<p style=\"text-align: justify\"><span style=\"color: #ff9900\">En solitario<\/span><br \/>\nGracias a sus mascotas y al da\u00f1o que infligen, los cazadores son muy efectivos completando misiones y subiendo de nivel r\u00e1pidamente cuando est\u00e1n solos.<\/p>\n","protected":false},"excerpt":{"rendered":"<p>Desde temprana edad, la llamada de la naturaleza atrae a algunos aventureros desde la comodidad de sus hogares hacia el implacable mundo primario. Aquellos que aguantan se convierten en cazadores. Maestros de su entorno, son capaces de escabullirse como fantasmas entre los \u00e1rboles y poner trampas en el camino de sus enemigos. Caracter\u00edsticas Mascotas Los [&hellip;]<\/p>\n","protected":false},"author":10111,"featured_media":0,"parent":232,"menu_order":0,"comment_status":"open","ping_status":"closed","template":"","meta":{"footnotes":""},"class_list":["post-242","page","type-page","status-publish","hentry"],"_links":{"self":[{"href":"https:\/\/blog.espol.edu.ec\/tvillama\/wp-json\/wp\/v2\/pages\/242","targetHints":{"allow":["GET"]}}],"collection":[{"href":"https:\/\/blog.espol.edu.ec\/tvillama\/wp-json\/wp\/v2\/pages"}],"about":[{"href":"https:\/\/blog.espol.edu.ec\/tvillama\/wp-json\/wp\/v2\/types\/page"}],"author":[{"embeddable":true,"href":"https:\/\/blog.espol.edu.ec\/tvillama\/wp-json\/wp\/v2\/users\/10111"}],"replies":[{"embeddable":true,"href":"https:\/\/blog.espol.edu.ec\/tvillama\/wp-json\/wp\/v2\/comments?post=242"}],"version-history":[{"count":2,"href":"https:\/\/blog.espol.edu.ec\/tvillama\/wp-json\/wp\/v2\/pages\/242\/revisions"}],"predecessor-version":[{"id":245,"href":"https:\/\/blog.espol.edu.ec\/tvillama\/wp-json\/wp\/v2\/pages\/242\/revisions\/245"}],"up":[{"embeddable":true,"href":"https:\/\/blog.espol.edu.ec\/tvillama\/wp-json\/wp\/v2\/pages\/232"}],"wp:attachment":[{"href":"https:\/\/blog.espol.edu.ec\/tvillama\/wp-json\/wp\/v2\/media?parent=242"}],"curies":[{"name":"wp","href":"https:\/\/api.w.org\/{rel}","templated":true}]}}