{"id":26,"date":"2015-11-18T03:11:03","date_gmt":"2015-11-18T03:11:03","guid":{"rendered":"http:\/\/blog.espol.edu.ec\/tvillama\/?page_id=26"},"modified":"2015-11-21T02:20:18","modified_gmt":"2015-11-21T02:20:18","slug":"horda","status":"publish","type":"page","link":"https:\/\/blog.espol.edu.ec\/tvillama\/pagina-ejemplo\/horda\/","title":{"rendered":"Horda"},"content":{"rendered":"<p><a href=\"http:\/\/blog.espol.edu.ec\/tvillama\/files\/2015\/11\/1927p_0c_2b.jpg\"><img loading=\"lazy\" decoding=\"async\" class=\"alignnone size-medium wp-image-23\" src=\"http:\/\/blog.espol.edu.ec\/tvillama\/files\/2015\/11\/1927p_0c_2b-234x300.jpg\" alt=\"1927p_0c_2b\" width=\"234\" height=\"300\" srcset=\"https:\/\/blog.espol.edu.ec\/tvillama\/files\/2015\/11\/1927p_0c_2b-234x300.jpg 234w, https:\/\/blog.espol.edu.ec\/tvillama\/files\/2015\/11\/1927p_0c_2b.jpg 545w\" sizes=\"auto, (max-width: 234px) 100vw, 234px\" \/><\/a><\/p>\n<p style=\"text-align: justify\">La Horda actualmente est\u00e1 comandada por <a title=\"Vol'jin\" href=\"http:\/\/es.worldofwarcraft.wikia.com\/wiki\/Vol%27jin\">Vol'jin<\/a> que recibi\u00f3 el cargo al liberar a la horda de la tiran\u00eda de <a title=\"Garrosh Hellscream\" href=\"http:\/\/es.worldofwarcraft.wikia.com\/wiki\/Garrosh_Hellscream\">Garrosh Hellscream<\/a>, que hered\u00f3 el cargo de su l\u00edder y mentor <a title=\"Thrall\" href=\"http:\/\/es.worldofwarcraft.wikia.com\/wiki\/Thrall\">Thrall<\/a>, pues este dej\u00f3 su puesto para ayudar al Anillo de la Tierra a frenar el da\u00f1o causado por <a title=\"Alamuerte\" href=\"http:\/\/es.worldofwarcraft.wikia.com\/wiki\/Alamuerte\">Alamuerte<\/a> en la expansi\u00f3n Cataclysm.,Thrall, a su vez recibi\u00f3 el mando de manos de <a title=\"Orgrim Doomhammer\" href=\"http:\/\/es.worldofwarcraft.wikia.com\/wiki\/Orgrim_Doomhammer\">Orgrim Doomhammer<\/a>. Sin embargo la posici\u00f3n ideol\u00f3gica de la organizaci\u00f3n ha variado mucho con el paso del tiempo. Fue fundada en <a title=\"Draenor\" href=\"http:\/\/es.worldofwarcraft.wikia.com\/wiki\/Draenor\">Draenor<\/a> por <a title=\"Ner'zhul\" href=\"http:\/\/es.worldofwarcraft.wikia.com\/wiki\/Ner%27zhul\">Ner'zhul<\/a> y entre sus filas solo hab\u00eda orcos malditos por el ansia de sangre, goblins y ogros. Con el paso del tiempo, se han ido uniendo nuevas razas, cada una con una motivaci\u00f3n distinta, como los tauren, los trolls de la tribu Darkspear, los elfos de sangre o los Forsaken. Tienen un deseo com\u00fan, ya sea por extensi\u00f3n o por sus ideas: la supremac\u00eda de la Horda.<\/p>\n<p style=\"text-align: justify\">La Horda tiene dos particulares reglas: est\u00e1n prohibidos el canibalismo desde la llegada de los Lanza Negra y el esclavismo a causa de lo que pasaron los orcos en los campos de concentraci\u00f3n.<\/p>\n","protected":false},"excerpt":{"rendered":"<p>La Horda actualmente est\u00e1 comandada por Vol'jin que recibi\u00f3 el cargo al liberar a la horda de la tiran\u00eda de Garrosh Hellscream, que hered\u00f3 el cargo de su l\u00edder y mentor Thrall, pues este dej\u00f3 su puesto para ayudar al Anillo de la Tierra a frenar el da\u00f1o causado por Alamuerte en la expansi\u00f3n Cataclysm.,Thrall, [&hellip;]<\/p>\n","protected":false},"author":10111,"featured_media":0,"parent":2,"menu_order":0,"comment_status":"closed","ping_status":"closed","template":"","meta":{"footnotes":""},"class_list":["post-26","page","type-page","status-publish","hentry"],"_links":{"self":[{"href":"https:\/\/blog.espol.edu.ec\/tvillama\/wp-json\/wp\/v2\/pages\/26","targetHints":{"allow":["GET"]}}],"collection":[{"href":"https:\/\/blog.espol.edu.ec\/tvillama\/wp-json\/wp\/v2\/pages"}],"about":[{"href":"https:\/\/blog.espol.edu.ec\/tvillama\/wp-json\/wp\/v2\/types\/page"}],"author":[{"embeddable":true,"href":"https:\/\/blog.espol.edu.ec\/tvillama\/wp-json\/wp\/v2\/users\/10111"}],"replies":[{"embeddable":true,"href":"https:\/\/blog.espol.edu.ec\/tvillama\/wp-json\/wp\/v2\/comments?post=26"}],"version-history":[{"count":2,"href":"https:\/\/blog.espol.edu.ec\/tvillama\/wp-json\/wp\/v2\/pages\/26\/revisions"}],"predecessor-version":[{"id":28,"href":"https:\/\/blog.espol.edu.ec\/tvillama\/wp-json\/wp\/v2\/pages\/26\/revisions\/28"}],"up":[{"embeddable":true,"href":"https:\/\/blog.espol.edu.ec\/tvillama\/wp-json\/wp\/v2\/pages\/2"}],"wp:attachment":[{"href":"https:\/\/blog.espol.edu.ec\/tvillama\/wp-json\/wp\/v2\/media?parent=26"}],"curies":[{"name":"wp","href":"https:\/\/api.w.org\/{rel}","templated":true}]}}