{"id":263,"date":"2015-11-21T19:24:37","date_gmt":"2015-11-21T19:24:37","guid":{"rendered":"http:\/\/blog.espol.edu.ec\/tvillama\/?page_id=263"},"modified":"2015-11-21T19:24:37","modified_gmt":"2015-11-21T19:24:37","slug":"sacerdote","status":"publish","type":"page","link":"https:\/\/blog.espol.edu.ec\/tvillama\/clases\/sacerdote\/","title":{"rendered":"Sacerdote"},"content":{"rendered":"<p style=\"text-align: justify\"><a href=\"http:\/\/blog.espol.edu.ec\/tvillama\/files\/2015\/11\/Iridi.jpg\"><img loading=\"lazy\" decoding=\"async\" class=\"alignnone size-medium wp-image-264\" src=\"http:\/\/blog.espol.edu.ec\/tvillama\/files\/2015\/11\/Iridi-232x300.jpg\" alt=\"Iridi\" width=\"232\" height=\"300\" srcset=\"https:\/\/blog.espol.edu.ec\/tvillama\/files\/2015\/11\/Iridi-232x300.jpg 232w, https:\/\/blog.espol.edu.ec\/tvillama\/files\/2015\/11\/Iridi.jpg 565w\" sizes=\"auto, (max-width: 232px) 100vw, 232px\" \/><\/a><\/p>\n<p style=\"text-align: justify\">Los sacerdotes est\u00e1n entregados a lo espiritual y expresan su inquebrantable fe sirviendo a la gente. Durante milenios han dejado atr\u00e1s los confines de sus templos y la comodidad de sus santuarios para apoyar a sus aliados en las tierras destrozadas por la guerra. En medio del terrible conflicto, ning\u00fan h\u00e9roe cuestiona el valor de las \u00f3rdenes de un sacerdote.<\/p>\n<h2 class=\"scroll-title\" style=\"text-align: justify\"><span style=\"color: #ff9900\">Caracter\u00edsticas<\/span><\/h2>\n<div class=\"scroll-title\" style=\"text-align: justify\"><\/div>\n<div class=\"scroll-content\">\n<div class=\"feature-list\">\n<div class=\"feature-item clear-after\" style=\"text-align: justify\">\n<div class=\"feature-wrapper\"><span class=\"feature-item-title\" style=\"color: #ff9900\">SANACI\u00d3N<\/span><\/div>\n<div class=\"feature-wrapper\">Los sacerdotes utilizan sus inmensos poderes sagrados para restaurar r\u00e1pidamente su salud y la de sus compa\u00f1eros.<\/div>\n<div class=\"feature-wrapper\"><\/div>\n<\/div>\n<div class=\"feature-item clear-after\" style=\"text-align: justify\">\n<div class=\"feature-wrapper\"><span class=\"feature-item-title\" style=\"color: #ff9900\">DA\u00d1O A DISTANCIA<\/span><\/div>\n<div class=\"feature-wrapper\">Los hechizos de sombras que emplean los sacerdotes pueden general altos niveles de da\u00f1o inmediato o terribles dolores que destruyen a los enemigos durante per\u00edodos de tiempo mayores.<\/div>\n<div class=\"feature-wrapper\"><\/div>\n<\/div>\n<div class=\"feature-item clear-after\" style=\"text-align: justify\">\n<div class=\"feature-wrapper\"><span class=\"feature-item-title\" style=\"color: #ff9900\">PALABRAS DE PODER<\/span><\/div>\n<div class=\"feature-wrapper\">Invocando un escudo m\u00edstico y un empoderamientos sagrado, los sacerdotes pueden evitar el da\u00f1o y mejorar sus defensas y las de sus compa\u00f1eros de grupo.<\/div>\n<div class=\"feature-wrapper\"><\/div>\n<\/div>\n<div class=\"feature-item clear-after\">\n<div class=\"feature-wrapper\" style=\"text-align: justify\"><span class=\"feature-item-title\" style=\"color: #ff9900\">CONTROL MENTAL<\/span><\/div>\n<div class=\"feature-wrapper\" style=\"text-align: justify\">Control mental\u00a0\u2013 La conexi\u00f3n de los sacerdotes con las mentes y esp\u00edritus de los seres vivos les permiten controlarlas y manipular sus cuerpos y facultades..<\/div>\n<\/div>\n<\/div>\n<\/div>\n","protected":false},"excerpt":{"rendered":"<p>Los sacerdotes est\u00e1n entregados a lo espiritual y expresan su inquebrantable fe sirviendo a la gente. Durante milenios han dejado atr\u00e1s los confines de sus templos y la comodidad de sus santuarios para apoyar a sus aliados en las tierras destrozadas por la guerra. En medio del terrible conflicto, ning\u00fan h\u00e9roe cuestiona el valor de [&hellip;]<\/p>\n","protected":false},"author":10111,"featured_media":0,"parent":232,"menu_order":0,"comment_status":"open","ping_status":"closed","template":"","meta":{"footnotes":""},"class_list":["post-263","page","type-page","status-publish","hentry"],"_links":{"self":[{"href":"https:\/\/blog.espol.edu.ec\/tvillama\/wp-json\/wp\/v2\/pages\/263","targetHints":{"allow":["GET"]}}],"collection":[{"href":"https:\/\/blog.espol.edu.ec\/tvillama\/wp-json\/wp\/v2\/pages"}],"about":[{"href":"https:\/\/blog.espol.edu.ec\/tvillama\/wp-json\/wp\/v2\/types\/page"}],"author":[{"embeddable":true,"href":"https:\/\/blog.espol.edu.ec\/tvillama\/wp-json\/wp\/v2\/users\/10111"}],"replies":[{"embeddable":true,"href":"https:\/\/blog.espol.edu.ec\/tvillama\/wp-json\/wp\/v2\/comments?post=263"}],"version-history":[{"count":1,"href":"https:\/\/blog.espol.edu.ec\/tvillama\/wp-json\/wp\/v2\/pages\/263\/revisions"}],"predecessor-version":[{"id":265,"href":"https:\/\/blog.espol.edu.ec\/tvillama\/wp-json\/wp\/v2\/pages\/263\/revisions\/265"}],"up":[{"embeddable":true,"href":"https:\/\/blog.espol.edu.ec\/tvillama\/wp-json\/wp\/v2\/pages\/232"}],"wp:attachment":[{"href":"https:\/\/blog.espol.edu.ec\/tvillama\/wp-json\/wp\/v2\/media?parent=263"}],"curies":[{"name":"wp","href":"https:\/\/api.w.org\/{rel}","templated":true}]}}