{"id":278,"date":"2015-11-21T19:41:32","date_gmt":"2015-11-21T19:41:32","guid":{"rendered":"http:\/\/blog.espol.edu.ec\/tvillama\/?page_id=278"},"modified":"2015-11-21T19:41:32","modified_gmt":"2015-11-21T19:41:32","slug":"monje","status":"publish","type":"page","link":"https:\/\/blog.espol.edu.ec\/tvillama\/clases\/monje\/","title":{"rendered":"Monje"},"content":{"rendered":"<p style=\"text-align: justify\"><a href=\"http:\/\/blog.espol.edu.ec\/tvillama\/files\/2015\/11\/wow-mist-pandaria-1.jpeg\"><img loading=\"lazy\" decoding=\"async\" class=\"alignnone wp-image-279 size-full\" src=\"http:\/\/blog.espol.edu.ec\/tvillama\/files\/2015\/11\/wow-mist-pandaria-1.jpeg\" alt=\"wow-mist-pandaria-1\" width=\"620\" height=\"350\" srcset=\"https:\/\/blog.espol.edu.ec\/tvillama\/files\/2015\/11\/wow-mist-pandaria-1.jpeg 620w, https:\/\/blog.espol.edu.ec\/tvillama\/files\/2015\/11\/wow-mist-pandaria-1-300x169.jpeg 300w\" sizes=\"auto, (max-width: 620px) 100vw, 620px\" \/><\/a><\/p>\n<p style=\"text-align: justify\">Cuando, hace siglos, los pandaren sufr\u00edan bajo el yugo de los mogu, fueron los monjes quienes trajeron la esperanza a lo que parec\u00eda inevitablemente un futuro aciago. Debido a la prohibici\u00f3n del uso de armas impuesta por sus amos, estos pandaren eligieron centrarse en aprovechar su chi y aprender a combatir sin el concurso de armas. Cuando lleg\u00f3 la oportunidad de desencadenar una revoluci\u00f3n, estaban suficientemente bien entrenados para sacudirse el yugo de la opresi\u00f3n.<\/p>\n<h2 class=\"scroll-title\"><span style=\"color: #ff9900\">Caracter\u00edsticas<\/span><\/h2>\n<div class=\"scroll-content\">\n<div class=\"feature-list\">\n<div class=\"feature-wrapper\" style=\"text-align: justify\"><span class=\"feature-item-title\" style=\"color: #ff9900\">CHI<\/span><\/div>\n<div class=\"feature-wrapper\" style=\"text-align: justify\">Todos los monjes utilizan su potente energ\u00eda \"chi\" para mejorar sus facultades o llevar a cabo devastadores ataques contra sus enemigos.<\/div>\n<div class=\"feature-wrapper\"><span class=\"feature-item-title\" style=\"color: #ff9900\">ENERG\u00cdA O MAN\u00c1<\/span><\/div>\n<div class=\"feature-wrapper\">Tanto el resistente maestro cervecero como el fiero viajero del viento utilizan energ\u00eda como su recurso primario, mientras que el inmutable tejedor de niebla conf\u00eda en el uso del man\u00e1.<\/div>\n<div class=\"feature-wrapper\"><span class=\"feature-item-title\" style=\"color: #ff9900\">ESTILO DE LUCHA<\/span><\/div>\n<div class=\"feature-wrapper\">Cambiando el tipo de arma que lleva, el monje modifica el comportamiento de ciertos ataques, lo que puede aumentar su velocidad o el da\u00f1o que infligen.<\/div>\n<div class=\"feature-item clear-after\">\n<div class=\"feature-wrapper\">\n<p style=\"text-align: justify\"><span class=\"feature-item-title\" style=\"color: #ff9900\">VERSATILIDAD<\/span><\/p>\n<p style=\"text-align: justify\">Los monjes son una clase verdaderamente h\u00edbrida, capaz de actuar como tanque, sanador o DPS cuerpo a cuerpo<\/p>\n<\/div>\n<\/div>\n<\/div>\n<\/div>\n","protected":false},"excerpt":{"rendered":"<p>Cuando, hace siglos, los pandaren sufr\u00edan bajo el yugo de los mogu, fueron los monjes quienes trajeron la esperanza a lo que parec\u00eda inevitablemente un futuro aciago. Debido a la prohibici\u00f3n del uso de armas impuesta por sus amos, estos pandaren eligieron centrarse en aprovechar su chi y aprender a combatir sin el concurso de [&hellip;]<\/p>\n","protected":false},"author":10111,"featured_media":0,"parent":232,"menu_order":0,"comment_status":"open","ping_status":"closed","template":"","meta":{"footnotes":""},"class_list":["post-278","page","type-page","status-publish","hentry"],"_links":{"self":[{"href":"https:\/\/blog.espol.edu.ec\/tvillama\/wp-json\/wp\/v2\/pages\/278","targetHints":{"allow":["GET"]}}],"collection":[{"href":"https:\/\/blog.espol.edu.ec\/tvillama\/wp-json\/wp\/v2\/pages"}],"about":[{"href":"https:\/\/blog.espol.edu.ec\/tvillama\/wp-json\/wp\/v2\/types\/page"}],"author":[{"embeddable":true,"href":"https:\/\/blog.espol.edu.ec\/tvillama\/wp-json\/wp\/v2\/users\/10111"}],"replies":[{"embeddable":true,"href":"https:\/\/blog.espol.edu.ec\/tvillama\/wp-json\/wp\/v2\/comments?post=278"}],"version-history":[{"count":1,"href":"https:\/\/blog.espol.edu.ec\/tvillama\/wp-json\/wp\/v2\/pages\/278\/revisions"}],"predecessor-version":[{"id":280,"href":"https:\/\/blog.espol.edu.ec\/tvillama\/wp-json\/wp\/v2\/pages\/278\/revisions\/280"}],"up":[{"embeddable":true,"href":"https:\/\/blog.espol.edu.ec\/tvillama\/wp-json\/wp\/v2\/pages\/232"}],"wp:attachment":[{"href":"https:\/\/blog.espol.edu.ec\/tvillama\/wp-json\/wp\/v2\/media?parent=278"}],"curies":[{"name":"wp","href":"https:\/\/api.w.org\/{rel}","templated":true}]}}