{"id":86,"date":"2015-11-21T04:10:13","date_gmt":"2015-11-21T04:10:13","guid":{"rendered":"http:\/\/blog.espol.edu.ec\/tvillama\/?page_id=86"},"modified":"2015-11-22T02:44:40","modified_gmt":"2015-11-22T02:44:40","slug":"enano","status":"publish","type":"page","link":"https:\/\/blog.espol.edu.ec\/tvillama\/razas-alianza\/razas-alianza-2\/enano\/","title":{"rendered":"Enano"},"content":{"rendered":"<p>&nbsp;<\/p>\n<p style=\"text-align: justify\"><a href=\"http:\/\/blog.espol.edu.ec\/tvillama\/files\/2015\/11\/1318708601657.jpg\"><img loading=\"lazy\" decoding=\"async\" class=\"alignnone wp-image-87\" src=\"http:\/\/blog.espol.edu.ec\/tvillama\/files\/2015\/11\/1318708601657-300x240.jpg\" alt=\"1318708601657\" width=\"334\" height=\"267\" srcset=\"https:\/\/blog.espol.edu.ec\/tvillama\/files\/2015\/11\/1318708601657-300x240.jpg 300w, https:\/\/blog.espol.edu.ec\/tvillama\/files\/2015\/11\/1318708601657.jpg 1024w\" sizes=\"auto, (max-width: 334px) 100vw, 334px\" \/><\/a><\/p>\n<p style=\"text-align: justify\">Los audaces y valientes enanos son una antigua raza que desciende de los terr\u00e1neos, seres de piedra viviente creados por los titanes cuando el mundo era joven. Debido a una extra\u00f1a enfermedad conocida como la maldici\u00f3n de la carne, los progenitores terr\u00e1neos de los enanos sufrieron una transformaci\u00f3n que convirti\u00f3 sus p\u00e9treos pellejos en suave piel. Finalmente, estas criaturas de sangre y carne se llamaron a s\u00ed mismas &lt;i&gt;enanos&lt;\/i&gt; y esculpieron la tremenda ciudad de Forjaz en los nevados pocos de Khaz Modan.<\/p>\n<h2 style=\"text-align: justify\"><span style=\"color: #2D5EF1\">Caracter\u00edsticas<br \/>\n<\/span><\/h2>\n<p style=\"text-align: justify\"><span style=\"color: #2D5EF1\">Forma de piedra<\/span><br \/>\nLos enanos pueden convertirse en piedra viviente temporalmente, neutralizando cualquier veneno, enfermedad y heridas sangrantes, y a\u00f1adiendo armadura natural.<\/p>\n<p style=\"text-align: justify\"><span style=\"color: #2D5EF1\">Resistencia a la Escarcha<\/span><br \/>\nLos enanos de Forjaz tienen una resistencia natural a la magia de Escarcha.<\/p>\n<p style=\"text-align: justify\"><span style=\"color: #2D5EF1\">Explorador<\/span><br \/>\nLos enanos reciben un bonus de habilidad en arqueolog\u00eda y son capaces de inspeccionar m\u00e1s deprisa que otras razas.<\/p>\n<p style=\"text-align: justify\"><span style=\"color: #2D5EF1\">Poder\u00edo de la monta\u00f1a<\/span><br \/>\nLos enanos combaten con gran ah\u00ednco y obtienen un bonus en los golpes cr\u00edticos.<\/p>\n","protected":false},"excerpt":{"rendered":"<p>&nbsp; Los audaces y valientes enanos son una antigua raza que desciende de los terr\u00e1neos, seres de piedra viviente creados por los titanes cuando el mundo era joven. Debido a una extra\u00f1a enfermedad conocida como la maldici\u00f3n de la carne, los progenitores terr\u00e1neos de los enanos sufrieron una transformaci\u00f3n que convirti\u00f3 sus p\u00e9treos pellejos en [&hellip;]<\/p>\n","protected":false},"author":10111,"featured_media":0,"parent":77,"menu_order":0,"comment_status":"open","ping_status":"closed","template":"","meta":{"footnotes":""},"class_list":["post-86","page","type-page","status-publish","hentry"],"_links":{"self":[{"href":"https:\/\/blog.espol.edu.ec\/tvillama\/wp-json\/wp\/v2\/pages\/86","targetHints":{"allow":["GET"]}}],"collection":[{"href":"https:\/\/blog.espol.edu.ec\/tvillama\/wp-json\/wp\/v2\/pages"}],"about":[{"href":"https:\/\/blog.espol.edu.ec\/tvillama\/wp-json\/wp\/v2\/types\/page"}],"author":[{"embeddable":true,"href":"https:\/\/blog.espol.edu.ec\/tvillama\/wp-json\/wp\/v2\/users\/10111"}],"replies":[{"embeddable":true,"href":"https:\/\/blog.espol.edu.ec\/tvillama\/wp-json\/wp\/v2\/comments?post=86"}],"version-history":[{"count":9,"href":"https:\/\/blog.espol.edu.ec\/tvillama\/wp-json\/wp\/v2\/pages\/86\/revisions"}],"predecessor-version":[{"id":321,"href":"https:\/\/blog.espol.edu.ec\/tvillama\/wp-json\/wp\/v2\/pages\/86\/revisions\/321"}],"up":[{"embeddable":true,"href":"https:\/\/blog.espol.edu.ec\/tvillama\/wp-json\/wp\/v2\/pages\/77"}],"wp:attachment":[{"href":"https:\/\/blog.espol.edu.ec\/tvillama\/wp-json\/wp\/v2\/media?parent=86"}],"curies":[{"name":"wp","href":"https:\/\/api.w.org\/{rel}","templated":true}]}}