{"id":52,"date":"2015-06-16T22:59:54","date_gmt":"2015-06-17T03:59:54","guid":{"rendered":"http:\/\/blog.espol.edu.ec\/urbanologia\/?page_id=52"},"modified":"2015-06-16T22:59:54","modified_gmt":"2015-06-17T03:59:54","slug":"rap-toxico","status":"publish","type":"page","link":"https:\/\/blog.espol.edu.ec\/urbanologia\/?page_id=52","title":{"rendered":"Rap T\u00f3xico"},"content":{"rendered":"<p><a href=\"http:\/\/blog.espol.edu.ec\/urbanologia\/files\/2015\/06\/11148603_488736611273573_7957644502061225852_n.jpg\"><img loading=\"lazy\" decoding=\"async\" class=\" size-medium wp-image-53 aligncenter\" src=\"http:\/\/blog.espol.edu.ec\/urbanologia\/files\/2015\/06\/11148603_488736611273573_7957644502061225852_n-300x300.jpg\" alt=\"Rap T\u00f3xico - Portada\" width=\"300\" height=\"300\" srcset=\"https:\/\/blog.espol.edu.ec\/urbanologia\/files\/2015\/06\/11148603_488736611273573_7957644502061225852_n-300x300.jpg 300w, https:\/\/blog.espol.edu.ec\/urbanologia\/files\/2015\/06\/11148603_488736611273573_7957644502061225852_n-150x150.jpg 150w, https:\/\/blog.espol.edu.ec\/urbanologia\/files\/2015\/06\/11148603_488736611273573_7957644502061225852_n.jpg 960w\" sizes=\"auto, (max-width: 300px) 100vw, 300px\" \/><\/a>Rap T\u00f3xico es un grupo musical compuesto por Gran Osiris y el Rapper del 99. Comenzaron en el a\u00f1o 2010 y hasta el d\u00eda de hoy tienen algunos temas publicados y dos maquetas planificadas.<\/p>\n<p>Entre sus temas subidos tenemos:<\/p>\n<p style=\"text-align: center\"><strong>Osiris - Mi Primer Amor (ft. Josbark) [2013]<\/strong><strong><\/strong><\/p>\n<p><iframe loading=\"lazy\" title=\"Osiris - Mi Primer Amor (ft. Josbark)\" width=\"584\" height=\"329\" src=\"https:\/\/www.youtube.com\/embed\/_HwOhRmpMDU?feature=oembed\" frameborder=\"0\" allow=\"accelerometer; autoplay; clipboard-write; encrypted-media; gyroscope; picture-in-picture; web-share\" referrerpolicy=\"strict-origin-when-cross-origin\" allowfullscreen><\/iframe><\/p>\n<p style=\"text-align: center\"><strong>Rapper del 99 - Puertorrique\u00f1o (ft. El Bronkii) [2014]<\/strong><\/p>\n<p><a href=\"https:\/\/www.youtube.com\/watch?v=j-KEZGtrylk\">https:\/\/www.youtube.com\/watch?v=j-KEZGtrylk<\/a><\/p>\n<p style=\"text-align: center\"><strong>Rap T\u00f3xico - Level Up [2014]<\/strong><\/p>\n<p>https:\/\/www.youtube.com\/watch?v=pXs_DnYlk5g<\/p>\n<p>Puedes apoyar a este grupo haci\u00e9ndote fan en <a href=\"http:\/\/facebook.com\/raptoxicodel99\" target=\"_blank\">su p\u00e1gina de Facebook<\/a> o suscribiendote en <a href=\"https:\/\/www.youtube.com\/channel\/UC_Inre-OAYl1_3voPFWU2Cg\" target=\"_blank\">su canal de Youtube<\/a>.<\/p>\n<p>&nbsp;<\/p>\n","protected":false},"excerpt":{"rendered":"<p>Rap T\u00f3xico es un grupo musical compuesto por Gran Osiris y el Rapper del 99. Comenzaron en el a\u00f1o 2010 y hasta el d\u00eda de hoy tienen algunos temas publicados y dos maquetas planificadas. Entre sus temas subidos tenemos: Osiris &hellip; <a href=\"https:\/\/blog.espol.edu.ec\/urbanologia\/?page_id=52\">Sigue leyendo <span class=\"meta-nav\">&rarr;<\/span><\/a><\/p>\n","protected":false},"author":9689,"featured_media":0,"parent":0,"menu_order":0,"comment_status":"open","ping_status":"open","template":"","meta":{"footnotes":""},"class_list":["post-52","page","type-page","status-publish","hentry"],"_links":{"self":[{"href":"https:\/\/blog.espol.edu.ec\/urbanologia\/index.php?rest_route=\/wp\/v2\/pages\/52","targetHints":{"allow":["GET"]}}],"collection":[{"href":"https:\/\/blog.espol.edu.ec\/urbanologia\/index.php?rest_route=\/wp\/v2\/pages"}],"about":[{"href":"https:\/\/blog.espol.edu.ec\/urbanologia\/index.php?rest_route=\/wp\/v2\/types\/page"}],"author":[{"embeddable":true,"href":"https:\/\/blog.espol.edu.ec\/urbanologia\/index.php?rest_route=\/wp\/v2\/users\/9689"}],"replies":[{"embeddable":true,"href":"https:\/\/blog.espol.edu.ec\/urbanologia\/index.php?rest_route=%2Fwp%2Fv2%2Fcomments&post=52"}],"version-history":[{"count":1,"href":"https:\/\/blog.espol.edu.ec\/urbanologia\/index.php?rest_route=\/wp\/v2\/pages\/52\/revisions"}],"predecessor-version":[{"id":54,"href":"https:\/\/blog.espol.edu.ec\/urbanologia\/index.php?rest_route=\/wp\/v2\/pages\/52\/revisions\/54"}],"wp:attachment":[{"href":"https:\/\/blog.espol.edu.ec\/urbanologia\/index.php?rest_route=%2Fwp%2Fv2%2Fmedia&parent=52"}],"curies":[{"name":"wp","href":"https:\/\/api.w.org\/{rel}","templated":true}]}}