{"id":363,"date":"2010-04-09T11:47:02","date_gmt":"2010-04-09T16:47:02","guid":{"rendered":"http:\/\/blog.espol.edu.ec\/vaeb\/?page_id=363"},"modified":"2010-11-10T01:19:09","modified_gmt":"2010-11-10T06:19:09","slug":"atencion-medica-y-enfermeria","status":"publish","type":"page","link":"https:\/\/blog.espol.edu.ec\/vaeb\/bienestar-estudiantil\/salud\/atencion-medica-y-enfermeria\/","title":{"rendered":"Atenci\u00f3n M\u00e9dica y Enfermer\u00eda"},"content":{"rendered":"<p style=\"text-align: center\"><span style=\"color: #800080\"><strong>EL DEPARTAMENTO M\u00c9DICO-ENFERMER\u00cdA EST\u00c1 COMPROMETIDO EN LA TAREA DE CONVERTIRSE EN UN CENTRO DE PREVENCI\u00d3N DE SALUD PARA EL BENEFICIO DE LA COMUNIDAD POLIT\u00c9CNICA<\/strong><\/span><\/p>\n<p>En el Campus Gustavo Galindo existen dos dispensarios m\u00e9dicos, uno en el \u00e1rea de la Oficina de Bienestar Estudiantil y otro en la Facultad de Econom\u00eda y Negocios. Atienden tres m\u00e9dicos en un horario de 08h00 a 22h00 con el auxilio de dos enfermeras.<\/p>\n<p style=\"text-align: center\"><a href=\"http:\/\/blog.espol.edu.ec\/vaeb\/files\/2010\/04\/P1050522.jpg\"><img loading=\"lazy\" decoding=\"async\" class=\"size-full wp-image-366 aligncenter\" title=\"P1050522\" src=\"http:\/\/blog.espol.edu.ec\/vaeb\/files\/2010\/04\/P1050522.jpg\" alt=\"\" width=\"448\" height=\"336\" srcset=\"https:\/\/blog.espol.edu.ec\/vaeb\/files\/2010\/04\/P1050522.jpg 448w, https:\/\/blog.espol.edu.ec\/vaeb\/files\/2010\/04\/P1050522-300x224.jpg 300w\" sizes=\"auto, (max-width: 448px) 100vw, 448px\" \/><\/a><\/p>\n<p>En el Campus Las Pe\u00f1as existe un profesional en medicina que brinda atenci\u00f3n en el horario de las 09h00 a 12h00 y de 17h00 a 19h00.<\/p>\n<p>Nuestro personal est\u00e1 conformado por:<a href=\"http:\/\/blog.espol.edu.ec\/vaeb\/salud\/atencion-medica-y-enfermeria\/nuestro-personal-de-salud\"><em> (hacer click aqu\u00ed para m\u00e1s informaci\u00f3n)<\/em><\/a><\/p>\n<ul>\n<li> Dra. Patricia Poveda<\/li>\n<li> Dr. Napole\u00f3n Molina<\/li>\n<li> Dr. Manuel Marcillo<\/li>\n<li> Dr. Kl\u00e9ber Villacr\u00e9s<\/li>\n<li> Dr. Jorge Crusellas (Ver Atenci\u00f3n Psicol\u00f3gica)<\/li>\n<li> Lic. Carmen Trujillo<\/li>\n<li> Sra. Raquel Vargas<\/li>\n<\/ul>\n<p style=\"text-align: center\"><a href=\"http:\/\/blog.espol.edu.ec\/vaeb\/files\/2010\/04\/P1050526.jpg\"><img loading=\"lazy\" decoding=\"async\" class=\"size-full wp-image-367 aligncenter\" title=\"P1050526\" src=\"http:\/\/blog.espol.edu.ec\/vaeb\/files\/2010\/04\/P1050526.jpg\" alt=\"\" width=\"448\" height=\"336\" srcset=\"https:\/\/blog.espol.edu.ec\/vaeb\/files\/2010\/04\/P1050526.jpg 448w, https:\/\/blog.espol.edu.ec\/vaeb\/files\/2010\/04\/P1050526-300x224.jpg 300w\" sizes=\"auto, (max-width: 448px) 100vw, 448px\" \/><\/a><\/p>\n<p>Nuestros profesionales se encargan de realizar y ofrecer los siguientes servicios:<\/p>\n<ul>\n<li> Asistencia M\u00e9dica<\/li>\n<li> Campa\u00f1as de Vacunaci\u00f3n<\/li>\n<li> Campa\u00f1as de Desparasitaci\u00f3n<\/li>\n<li> Tomas de Electrocardiogramas<\/li>\n<li> Terapia Respiratoria<\/li>\n<li> Hemoglucotest<\/li>\n<li> Asesor\u00eda y Consejer\u00eda sobre VIH - SIDA<\/li>\n<li> Publicaciones M\u00e9dicas en la Revista Focus<\/li>\n<li> Charlas M\u00e9dicas<\/li>\n<li> Charlas Psicol\u00f3gicas<\/li>\n<li> Visitas M\u00e9dicas a Pacientes Hospitalizados<\/li>\n<li> Visitas Psicol\u00f3gicas a Pacientes Hospitalizados<\/li>\n<li> Programaciones Diversas:\n<ul>\n<li> Examen de Papanicolau<\/li>\n<li> Examen de Mamas<\/li>\n<li> Toma de Ecograf\u00eda<\/li>\n<li> Examen de Densitometr\u00eda \u00d3sea<\/li>\n<li> Ex\u00e1menes de Laboratorio<\/li>\n<\/ul>\n<\/li>\n<\/ul>\n<p style=\"text-align: center\"><a href=\"http:\/\/blog.espol.edu.ec\/vaeb\/files\/2010\/04\/P1050533.jpg\"><img loading=\"lazy\" decoding=\"async\" class=\"size-full wp-image-368 aligncenter\" title=\"P1050533\" src=\"http:\/\/blog.espol.edu.ec\/vaeb\/files\/2010\/04\/P1050533.jpg\" alt=\"\" width=\"336\" height=\"448\" srcset=\"https:\/\/blog.espol.edu.ec\/vaeb\/files\/2010\/04\/P1050533.jpg 336w, https:\/\/blog.espol.edu.ec\/vaeb\/files\/2010\/04\/P1050533-224x300.jpg 224w\" sizes=\"auto, (max-width: 336px) 100vw, 336px\" \/><\/a><\/p>\n<p>Los dispensarios m\u00e9dicos de la ESPOL son anexos al IESS y por lo tanto todos los afiliados se benefician de los siguientes servicios cuando son solicitados por los m\u00e9dicos de la ESPOL:<\/p>\n<ul>\n<li> Ex\u00e1menes de laboratorio<\/li>\n<li> Radiograf\u00edas, ecosonograf\u00eda<\/li>\n<li> Electrocardiogramas<\/li>\n<li> Electroencefalogramas<\/li>\n<li> Audiometr\u00eda<\/li>\n<li> Tomograf\u00eda computarizada axial<\/li>\n<li> Interconsulta a especialistas<\/li>\n<li> Hospitalizaci\u00f3n<\/li>\n<li> Cirug\u00eda gineco-obstetricia<\/li>\n<li> Fisioterapia<\/li>\n<\/ul>\n<p>En los dispensarios m\u00e9dicos, se atienden especialmente consultas externas, medicina preventiva, cirug\u00eda menor (suturas, abscesos, emergencias m\u00e9dicas, etc.).<\/p>\n<p>Adem\u00e1s en enfermer\u00eda se efect\u00faan las primeras curaciones, aplicaci\u00f3n de inyecciones y sueros, control de signos vitales, entrega de medicinas, citas m\u00e9dicas y el control y archivos de las fichas m\u00e9dicas de todos los miembros de la Comunidad Polit\u00e9cnica.<\/p>\n","protected":false},"excerpt":{"rendered":"<p>EL DEPARTAMENTO M\u00c9DICO-ENFERMER\u00cdA EST\u00c1 COMPROMETIDO EN LA TAREA DE CONVERTIRSE EN UN CENTRO DE PREVENCI\u00d3N DE SALUD PARA EL BENEFICIO DE LA COMUNIDAD POLIT\u00c9CNICA En el Campus Gustavo Galindo existen dos dispensarios m\u00e9dicos, uno en el \u00e1rea de la Oficina &hellip; <a href=\"https:\/\/blog.espol.edu.ec\/vaeb\/bienestar-estudiantil\/salud\/atencion-medica-y-enfermeria\/\">Sigue leyendo <span class=\"meta-nav\">&rarr;<\/span><\/a><\/p>\n","protected":false},"author":715,"featured_media":0,"parent":329,"menu_order":0,"comment_status":"open","ping_status":"open","template":"","meta":{"_monsterinsights_skip_tracking":false,"_monsterinsights_sitenote_active":false,"_monsterinsights_sitenote_note":"","_monsterinsights_sitenote_category":0,"footnotes":""},"class_list":["post-363","page","type-page","status-publish","hentry"],"_links":{"self":[{"href":"https:\/\/blog.espol.edu.ec\/vaeb\/wp-json\/wp\/v2\/pages\/363","targetHints":{"allow":["GET"]}}],"collection":[{"href":"https:\/\/blog.espol.edu.ec\/vaeb\/wp-json\/wp\/v2\/pages"}],"about":[{"href":"https:\/\/blog.espol.edu.ec\/vaeb\/wp-json\/wp\/v2\/types\/page"}],"author":[{"embeddable":true,"href":"https:\/\/blog.espol.edu.ec\/vaeb\/wp-json\/wp\/v2\/users\/715"}],"replies":[{"embeddable":true,"href":"https:\/\/blog.espol.edu.ec\/vaeb\/wp-json\/wp\/v2\/comments?post=363"}],"version-history":[{"count":10,"href":"https:\/\/blog.espol.edu.ec\/vaeb\/wp-json\/wp\/v2\/pages\/363\/revisions"}],"predecessor-version":[{"id":365,"href":"https:\/\/blog.espol.edu.ec\/vaeb\/wp-json\/wp\/v2\/pages\/363\/revisions\/365"}],"up":[{"embeddable":true,"href":"https:\/\/blog.espol.edu.ec\/vaeb\/wp-json\/wp\/v2\/pages\/329"}],"wp:attachment":[{"href":"https:\/\/blog.espol.edu.ec\/vaeb\/wp-json\/wp\/v2\/media?parent=363"}],"curies":[{"name":"wp","href":"https:\/\/api.w.org\/{rel}","templated":true}]}}