{"id":43,"date":"2016-10-25T03:41:53","date_gmt":"2016-10-25T03:41:53","guid":{"rendered":"http:\/\/blog.espol.edu.ec\/vanessaloor\/?page_id=43"},"modified":"2016-10-25T12:48:52","modified_gmt":"2016-10-25T12:48:52","slug":"mas-sobre-san-vicente","status":"publish","type":"page","link":"https:\/\/blog.espol.edu.ec\/vanessaloor\/mas-sobre-san-vicente\/","title":{"rendered":"M\u00e1s sobre San Vicente"},"content":{"rendered":"<p style=\"text-align: justify\">Tiene m\u00e1s de 40 km. de playa, principal atractivo tur\u00edstico por la tranquilidad de sus aguas y las opciones de diversi\u00f3n que ofrecen a sus visitantes. Se practican deportes acu\u00e1ticos, de aventura, extremos y de recreaci\u00f3n como paseos a caballos.<\/p>\n<p style=\"text-align: justify\">Durante las noches, especialmente en la parroquia Canoa, se viven verdaderas fiestas al aire libre, atractivo para quienes visitan el lugar.<\/p>\n<p style=\"text-align: justify\">Su infraestructura es levantada con materiales r\u00fasticos y t\u00edpicos de la zona. Su gastronom\u00eda se basa, especialmente, en mariscos. Uno de los platos t\u00edpicos es el \u201cCeviche Interoce\u00e1nico\u201d.<\/p>\n<p>&nbsp;<\/p>\n<p style=\"text-align: left\"><img loading=\"lazy\" decoding=\"async\" class=\"aligncenter size-full wp-image-45\" src=\"http:\/\/blog.espol.edu.ec\/vanessaloor\/files\/2016\/10\/20151116040000_san-vicente-hace-desfile-y-sesia-n-_tn1.jpg\" alt=\"20151116040000_san-vicente-hace-desfile-y-sesia-n-_tn1\" width=\"434\" height=\"256\" srcset=\"https:\/\/blog.espol.edu.ec\/vanessaloor\/files\/2016\/10\/20151116040000_san-vicente-hace-desfile-y-sesia-n-_tn1.jpg 434w, https:\/\/blog.espol.edu.ec\/vanessaloor\/files\/2016\/10\/20151116040000_san-vicente-hace-desfile-y-sesia-n-_tn1-300x177.jpg 300w\" sizes=\"auto, (max-width: 434px) 100vw, 434px\" \/><\/p>\n","protected":false},"excerpt":{"rendered":"<p>Tiene m\u00e1s de 40 km. de playa, principal atractivo tur\u00edstico por la tranquilidad de sus aguas y las opciones de diversi\u00f3n que ofrecen a sus visitantes. Se practican deportes acu\u00e1ticos, de aventura, extremos y de recreaci\u00f3n como paseos a caballos. Durante las noches, especialmente en la parroquia Canoa, se viven verdaderas fiestas al aire libre, [&hellip;]<\/p>\n","protected":false},"author":10530,"featured_media":0,"parent":0,"menu_order":0,"comment_status":"closed","ping_status":"closed","template":"","meta":{"footnotes":""},"class_list":["post-43","page","type-page","status-publish","hentry"],"_links":{"self":[{"href":"https:\/\/blog.espol.edu.ec\/vanessaloor\/wp-json\/wp\/v2\/pages\/43","targetHints":{"allow":["GET"]}}],"collection":[{"href":"https:\/\/blog.espol.edu.ec\/vanessaloor\/wp-json\/wp\/v2\/pages"}],"about":[{"href":"https:\/\/blog.espol.edu.ec\/vanessaloor\/wp-json\/wp\/v2\/types\/page"}],"author":[{"embeddable":true,"href":"https:\/\/blog.espol.edu.ec\/vanessaloor\/wp-json\/wp\/v2\/users\/10530"}],"replies":[{"embeddable":true,"href":"https:\/\/blog.espol.edu.ec\/vanessaloor\/wp-json\/wp\/v2\/comments?post=43"}],"version-history":[{"count":5,"href":"https:\/\/blog.espol.edu.ec\/vanessaloor\/wp-json\/wp\/v2\/pages\/43\/revisions"}],"predecessor-version":[{"id":68,"href":"https:\/\/blog.espol.edu.ec\/vanessaloor\/wp-json\/wp\/v2\/pages\/43\/revisions\/68"}],"wp:attachment":[{"href":"https:\/\/blog.espol.edu.ec\/vanessaloor\/wp-json\/wp\/v2\/media?parent=43"}],"curies":[{"name":"wp","href":"https:\/\/api.w.org\/{rel}","templated":true}]}}