{"id":42,"date":"2008-10-23T12:14:29","date_gmt":"2008-10-23T16:14:29","guid":{"rendered":"http:\/\/blog.espol.edu.ec\/vicenteriofrio\/?page_id=42"},"modified":"2008-10-23T12:14:29","modified_gmt":"2008-10-23T16:14:29","slug":"vivencias-presentacion-ph-d-l-dominguez-p012-221008","status":"publish","type":"page","link":"https:\/\/blog.espol.edu.ec\/vicenteriofrio\/vivencias-presentacion-ph-d-l-dominguez-p012-221008\/","title":{"rendered":"VIVENCIAS PRESENTACI\u00d3N Ph. D. L. DOM\u00cdNGUEZ P012 (22\/10\/08)"},"content":{"rendered":"<div class=\"mceTemp mceIEcenter\" style=\"text-align: left\">UNA GRATA EXPERIENCIA POR PARTE DEL COORDINADOR DE QG I (Ph. D. V. RIOFR\u00cdO T.) DAR A\u00a0 CONOCER A LOS ESTUDIANTES DEL P012 EL PERFIL COMO INVESTIGADOR DEL PROFESOR DE QG I. Ph. D. L. E. DOM\u00cdNGUEZ G.<\/div>\n<div class=\"mceTemp mceIEcenter\"><\/div>\n<div id=\"attachment_44\" style=\"width: 310px\" class=\"wp-caption aligncenter\"><a href=\"http:\/\/blog.espol.edu.ec\/vicenteriofrio\/files\/2008\/10\/ruta-del-investigador-ph-d-l-domanguez-g-oct-23-2008-20cm.jpg\"><img loading=\"lazy\" decoding=\"async\" aria-describedby=\"caption-attachment-44\" class=\"size-medium wp-image-44\" src=\"http:\/\/blog.espol.edu.ec\/vicenteriofrio\/files\/2008\/10\/ruta-del-investigador-ph-d-l-domanguez-g-oct-23-2008-20cm.jpg\" alt=\"PRESENTACI\u00d3N P012 DEL INVESTIGADOR L. E. DOM\u00cdNGUEZ G.\" width=\"300\" height=\"171\" \/><\/a><p id=\"caption-attachment-44\" class=\"wp-caption-text\">PRESENTACI\u00d3N P012 DEL INVESTIGADOR L. E. DOM\u00cdNGUEZ G.<\/p><\/div>\n<p style=\"text-align: left\">M\u00c1S IM\u00c1GENES VER EN:<\/p>\n<p style=\"text-align: left\">http:\/\/picasaweb.google.es\/tesis1.vicente<\/p>\n<p style=\"text-align: left\">POR M\u00c1S DETALLES CONTACTAR A:<\/p>\n<p style=\"text-align: left\">vriofrio@espol.edu.ec \/ tesis1.vicente@gmail.com<\/p>\n<form id=\"vozme_form_c24fd9b511dfbb23d08f3af9c5200bb4\" method=\"post\" name=\"vozme_form_c24fd9b511dfbb23d08f3af9c5200bb4\" target=\"c24fd9b511dfbb23d08f3af9c5200bb4\" action=\"http:\/\/vozme.com\/text2voice.php\"><input name=\"text\" type=\"hidden\" value=\"VIVENCIAS PRESENTACI\u00d3N Ph. D. L. DOM\u00cdNGUEZ P012 (22\/10\/08). UNA GRATA EXPERIENCIA POR PARTE DEL COORDINADOR DE QG I (Ph. D. V. RIOFR\u00cdO T.) DAR A\u00a0 CONOCER A LOS ESTUDIANTES DEL P012 EL PERFIL COMO INVESTIGADOR DEL PROFESOR DE QG I. Ph. D. L. E. DOM\u00cdNGUEZ G.\n\n[caption id=&quot;attachment_44&quot; align=&quot;aligncenter&quot; width=&quot;300&quot; caption=&quot;PRESENTACI\u00d3N P012 DEL INVESTIGADOR L. E. DOM\u00cdNGUEZ G.&quot;][\/caption]\nM\u00c1S IM\u00c1GENES VER EN:\nhttp:\/\/picasaweb.google.es\/tesis1.vicente\nPOR M\u00c1S DETALLES CONTACTAR A:\nvriofrio@espol.edu.ec \/ tesis1.vicente@gmail.com\n\" \/><input name=\"lang\" type=\"hidden\" value=\"es\" \/><input name=\"gn\" type=\"hidden\" value=\"ml\" \/><input type=\"hidden\" id=\"interface\" name=\"interface\" value=\"full\" \/>\n\t\t\t<div style=\"margin-left:40%;\">\n\t\t\t\n\t\t\t\t<input style=\"float:left;\" type=\"image\" width=\"40\" height=\"40\" src=\"http:\/\/blog.espol.edu.ec\/vicenteriofrio\/wp-content\/plugins\/vozme\/img\/megaphone40x40w.gif\" alt=\"Escucha este post\" onclick=\"window.open('', 'c24fd9b511dfbb23d08f3af9c5200bb4', 'width=600,height=370,scrollbars=yes,location=yes,menubar=yes,resizable=yes,status=yes,toolbar=yes');\">\n\t\t\t\t<div style=\"margin-left:48px; text-align:left;\"><a style=\"font-size:12px;\" href=\"javascript:void(0);\" onclick=\"window.open('', 'c24fd9b511dfbb23d08f3af9c5200bb4', 'width=600,height=370,scrollbars=yes,location=yes,menubar=yes,resizable=yes,status=yes,toolbar=yes'); document.getElementById('vozme_form_c24fd9b511dfbb23d08f3af9c5200bb4').submit();\">Escucha<br\/>este post<\/a><\/div>\n\t\t\t<\/div><\/form>","protected":false},"excerpt":{"rendered":"<p>UNA GRATA EXPERIENCIA POR PARTE DEL COORDINADOR DE QG I (Ph. D. V. RIOFR\u00cdO T.) DAR A\u00a0 CONOCER A LOS ESTUDIANTES DEL P012 EL PERFIL COMO INVESTIGADOR DEL PROFESOR DE QG I. Ph. D. L. E. DOM\u00cdNGUEZ G. M\u00c1S IM\u00c1GENES VER EN: http:\/\/picasaweb.google.es\/tesis1.vicente POR M\u00c1S DETALLES CONTACTAR A: vriofrio@espol.edu.ec \/ tesis1.vicente@gmail.com Escuchaeste post<\/p>\n","protected":false},"author":194,"featured_media":0,"parent":0,"menu_order":0,"comment_status":"open","ping_status":"open","template":"","meta":{"_monsterinsights_skip_tracking":false,"_monsterinsights_sitenote_active":false,"_monsterinsights_sitenote_note":"","_monsterinsights_sitenote_category":0,"footnotes":""},"class_list":["post-42","page","type-page","status-publish","hentry"],"_links":{"self":[{"href":"https:\/\/blog.espol.edu.ec\/vicenteriofrio\/wp-json\/wp\/v2\/pages\/42","targetHints":{"allow":["GET"]}}],"collection":[{"href":"https:\/\/blog.espol.edu.ec\/vicenteriofrio\/wp-json\/wp\/v2\/pages"}],"about":[{"href":"https:\/\/blog.espol.edu.ec\/vicenteriofrio\/wp-json\/wp\/v2\/types\/page"}],"author":[{"embeddable":true,"href":"https:\/\/blog.espol.edu.ec\/vicenteriofrio\/wp-json\/wp\/v2\/users\/194"}],"replies":[{"embeddable":true,"href":"https:\/\/blog.espol.edu.ec\/vicenteriofrio\/wp-json\/wp\/v2\/comments?post=42"}],"version-history":[{"count":2,"href":"https:\/\/blog.espol.edu.ec\/vicenteriofrio\/wp-json\/wp\/v2\/pages\/42\/revisions"}],"predecessor-version":[{"id":45,"href":"https:\/\/blog.espol.edu.ec\/vicenteriofrio\/wp-json\/wp\/v2\/pages\/42\/revisions\/45"}],"wp:attachment":[{"href":"https:\/\/blog.espol.edu.ec\/vicenteriofrio\/wp-json\/wp\/v2\/media?parent=42"}],"curies":[{"name":"wp","href":"https:\/\/api.w.org\/{rel}","templated":true}]}}