{"id":41,"date":"2021-02-26T04:02:25","date_gmt":"2021-02-26T03:02:25","guid":{"rendered":"http:\/\/blog.espol.edu.ec\/vidadiaria\/?page_id=41"},"modified":"2021-02-26T04:03:42","modified_gmt":"2021-02-26T03:03:42","slug":"sobre-nosotros","status":"publish","type":"page","link":"https:\/\/blog.espol.edu.ec\/vidadiaria\/sobre-nosotros\/","title":{"rendered":"Sobre Nosotros"},"content":{"rendered":"<p><img loading=\"lazy\" decoding=\"async\" class=\"aligncenter size-full wp-image-48\" src=\"http:\/\/blog.espol.edu.ec\/vidadiaria\/files\/2021\/02\/ESPOL_-_Logo_BN_001.svg_.png\" alt=\"\" width=\"245\" height=\"245\" srcset=\"https:\/\/blog.espol.edu.ec\/vidadiaria\/files\/2021\/02\/ESPOL_-_Logo_BN_001.svg_.png 245w, https:\/\/blog.espol.edu.ec\/vidadiaria\/files\/2021\/02\/ESPOL_-_Logo_BN_001.svg_-150x150.png 150w\" sizes=\"auto, (max-width: 245px) 100vw, 245px\" \/><\/p>\n<p>La\u00a0<b>Escuela Superior Polit\u00e9cnica del Litoral<\/b>\u00a0(ESPOL) es una instituci\u00f3n p\u00fablica de educaci\u00f3n superior, ubicada en\u00a0Guayaquil\u00a0,\u00a0Ecuador. La ESPOL ha cosechado un gran prestigio hist\u00f3rico demostrando notables esfuerzos en sus ramas de investigaci\u00f3n y una constante excelencia acad\u00e9mica.<\/p>\n<p>En septiembre de 2012, <strong>la ESPOL es integrada a\u00a0La Red Ecuatoriana de Universidades y Escuelas Polit\u00e9cnicas para Investigaci\u00f3n y Posgrados\u00a0- REDU<\/strong>, que trabajan en conjunto con las dem\u00e1s Universidades Categor\u00eda \"A\" del Ecuador para fomentar el trabajo investigativo de excelencia y posgrados. La ESPOL ocupa el tercer lugar en puntajes de sus egresados para aspirantes en una beca en las Universidades del Ecuador.<\/p>\n<p><strong>El\u00a0Ranking Quacquarelli Symonds\u00a0(QS)<\/strong>, califica a la ESPOL entre las Mejores Universidades de Am\u00e9rica Latina.\u00a0Webometrics\u00a0en febrero de 2013 (Primera Edici\u00f3n) y en julio de 2013 (Segunda Edici\u00f3n), ubica a la ESPOL en el Primer Lugar del Ranking de Universidades Ecuatorianas. En la publicaci\u00f3n de febrero de 2014, se ratifica la ESPOL liderando con el Primer Lugar en dicho Ranking.<\/p>\n<p>fue fundada un\u00a029 de octubre\u00a0de\u00a01958\u00a0en la ciudad de\u00a0Guayaquil,\u00a0Ecuador. Esta universidad, mejor conocida por su\u00a0acr\u00f3nimo\u00a0<b>ESPOL<\/b>, surgi\u00f3 como respuesta a las crecientes demandas de educaci\u00f3n cient\u00edfico-t\u00e9cnica en la\u00a0Regi\u00f3n Litoral. Fue creada siendo Presidente de la Rep\u00fablica el Dr.\u00a0Camilo Ponce Enr\u00edquez, mediante\u00a0<i>Decreto Ejecutivo No. 1664<\/i>\u00a0publicado en el\u00a0<i>Registro Oficial<\/i>\u00a0del\u00a011 de noviembre\u00a0de\u00a01958.<\/p>\n<p>El\u00a025 de mayo\u00a0del\u00a01959, en dos aulas de la denominada\u00a0<i>Casona Universitaria<\/i>\u00a0perteneciente a la\u00a0Universidad de Guayaquil, con alrededor de 50 alumnos, inici\u00f3 de manera oficial la vida acad\u00e9mica de la\u00a0<i>ESPOL<\/i>, bajo la direcci\u00f3n de su primer Rector, el Ing. Walter Camacho Navarro.<\/p>\n<p>La\u00a0<i>ESPOL<\/i>\u00a0adem\u00e1s de ser una instituci\u00f3n de educaci\u00f3n superior, es una persona jur\u00eddica de derecho p\u00fablico, sin fines de lucro. Es aut\u00f3noma en el campo acad\u00e9mico, cient\u00edfico, t\u00e9cnico, administrativo, financiero y econ\u00f3mico. Tiene la capacidad para auto-regularse y formular propuestas para el desarrollo humano, sin m\u00e1s restricciones que las se\u00f1aladas en la constituci\u00f3n y las leyes tanto de la\u00a0Rep\u00fablica\u00a0como las institucionales.<\/p>\n","protected":false},"excerpt":{"rendered":"<p>La\u00a0Escuela Superior Polit\u00e9cnica del Litoral\u00a0(ESPOL) es una instituci\u00f3n p\u00fablica de educaci\u00f3n superior, ubicada en\u00a0Guayaquil\u00a0,\u00a0Ecuador. La ESPOL ha cosechado un gran prestigio hist\u00f3rico demostrando notables esfuerzos en sus ramas de investigaci\u00f3n y una constante excelencia acad\u00e9mica. En septiembre de 2012, la &hellip; <a href=\"https:\/\/blog.espol.edu.ec\/vidadiaria\/sobre-nosotros\/\">Sigue leyendo <span class=\"meta-nav\">&rarr;<\/span><\/a><\/p>\n","protected":false},"author":11186,"featured_media":0,"parent":0,"menu_order":0,"comment_status":"closed","ping_status":"closed","template":"","meta":{"footnotes":""},"class_list":["post-41","page","type-page","status-publish","hentry"],"_links":{"self":[{"href":"https:\/\/blog.espol.edu.ec\/vidadiaria\/wp-json\/wp\/v2\/pages\/41","targetHints":{"allow":["GET"]}}],"collection":[{"href":"https:\/\/blog.espol.edu.ec\/vidadiaria\/wp-json\/wp\/v2\/pages"}],"about":[{"href":"https:\/\/blog.espol.edu.ec\/vidadiaria\/wp-json\/wp\/v2\/types\/page"}],"author":[{"embeddable":true,"href":"https:\/\/blog.espol.edu.ec\/vidadiaria\/wp-json\/wp\/v2\/users\/11186"}],"replies":[{"embeddable":true,"href":"https:\/\/blog.espol.edu.ec\/vidadiaria\/wp-json\/wp\/v2\/comments?post=41"}],"version-history":[{"count":2,"href":"https:\/\/blog.espol.edu.ec\/vidadiaria\/wp-json\/wp\/v2\/pages\/41\/revisions"}],"predecessor-version":[{"id":49,"href":"https:\/\/blog.espol.edu.ec\/vidadiaria\/wp-json\/wp\/v2\/pages\/41\/revisions\/49"}],"wp:attachment":[{"href":"https:\/\/blog.espol.edu.ec\/vidadiaria\/wp-json\/wp\/v2\/media?parent=41"}],"curies":[{"name":"wp","href":"https:\/\/api.w.org\/{rel}","templated":true}]}}