{"id":12,"date":"2016-11-15T12:23:25","date_gmt":"2016-11-15T17:23:25","guid":{"rendered":"http:\/\/blog.espol.edu.ec\/vigahim\/?page_id=12"},"modified":"2016-11-15T12:23:25","modified_gmt":"2016-11-15T17:23:25","slug":"picnic-en-gye","status":"publish","type":"page","link":"https:\/\/blog.espol.edu.ec\/vigahim\/picnic-en-gye\/","title":{"rendered":"Picnic en Gye"},"content":{"rendered":"<header class=\"entry-header\">\n<h1 class=\"entry-title\">Picnic en #Gye<\/h1>\n<\/header>\n<div class=\"entry-content\">\n<p>Otra de mis actividades favoritas cuando me encuentro en tiempos libres es una tarde de recreaci\u00f3n y picnic en \u00e1reas verdes, dentro de Guayaquil existen infinidad de lugares donde se pueden realizar este tipo de actividades pero si buscamos adem\u00e1s de recreaci\u00f3n tambi\u00e9n seguridad \u201cEl parque de Samanes\u201d es la opci\u00f3n m\u00e1s recomendada, a continuaci\u00f3n les adjunto informaci\u00f3n sobre el lugar.<\/p>\n<p>El <b>Parque Samanes<\/b>, tambi\u00e9n conocido como <b>Parque Ecol\u00f3gico Samanes<\/b>, es un parque ubicado en la ciudad de Guayaquil,Ecuador, cuya primera fase fue inaugurada en enero de 2013.\u00a0En su totalidad contar\u00e1 con una extensi\u00f3n de 851 hect\u00e1reas, lo que lo convierte en el tercer parque m\u00e1s grande de Latinoam\u00e9rica, detr\u00e1s del Parque de Chapultepec en M\u00e9xico y el Parque Metropolitano Sim\u00f3n Bol\u00edvar en Colombia.<\/p>\n<p>El proyecto se construye con una inversi\u00f3n de 230 millones de d\u00f3lares sobre terrenos antes pertenecientes al Instituto de Seguridad Social de las Fuerzas Armadas y forma parte del proyecto gubernamental <i>Guayaquil Ecol\u00f3gico<\/i>, que busca la generaci\u00f3n y restauraci\u00f3n de \u00e1reas verdes en la ciudad.<\/p>\n<p>&nbsp;<\/p>\n<p><strong><em><span id=\"Caracter.C3.ADsticas\" class=\"mw-headline\">Caracter\u00edsticas<\/span><\/em><\/strong><\/p>\n<p>El parque cuenta con 57 canchas deportivas para practicar varios deportes, as\u00ed como un estadio de f\u00fatbol nombrado en honor del futbolista ecuatoriano Christian Ben\u00edtez y un edificio polideportivo dividido en dos bloques en que se ubican un coliseo y un gimnasio.\u00a0Tambi\u00e9n cuenta con ciclov\u00edas, pistas para trotar, \u00e1reas de juegos infantiles y \u00e1reas de camping.<\/p>\n<p>Como sitios art\u00edsticos y de contemplaci\u00f3n posee una plaza de eventos con capacidad para 150.000 personas, as\u00ed como viveros, granjas, reservas de aves, establos y lagos artificiales, el m\u00e1s grande de los cuales posee una superficie de 4.892 metros cuadrados. En los viveros del parque se espera producir 500.000 plantas anuales con miras a reforestar diversas zonas de la ciudad.<\/p>\n<p>En el \u00e1rea aleda\u00f1a al R\u00edo Daule, se construir\u00e1 un balneario artificial de 7,2 hect\u00e1reas de extensi\u00f3n para realizar deportes acu\u00e1ticos.\u00a0En el \u00e1rea tambi\u00e9n se edificar\u00e1 un malec\u00f3n y un museo naval.<\/p>\n<p>Entre los edificios p\u00fablicos que se ubican en el parque est\u00e1n el Ministerio del Ambiente y el Ministerio del Deporte.\u00a0Tambi\u00e9n se ubica una academia de polic\u00eda montada donde se ofrece servicio de equinoterapia.<\/p>\n<p>A continuaci\u00f3n les adjunto el link donde podr\u00e1n obtener mayor informaci\u00f3n sobre el lugar mencionado:<\/p>\n<p><a href=\"https:\/\/es.wikipedia.org\/wiki\/Parque_Samanes\">https:\/\/es.wikipedia.org\/wiki\/Parque_Samanes<\/a><\/p>\n<p><img loading=\"lazy\" decoding=\"async\" class=\"alignnone wp-image-49\" src=\"http:\/\/blog.espol.edu.ec\/davidreimer\/files\/2016\/10\/psamanes-300x161.jpg\" alt=\"psamanes\" width=\"531\" height=\"285\" \/><\/p>\n<p><img loading=\"lazy\" decoding=\"async\" class=\"alignnone wp-image-50\" src=\"http:\/\/blog.espol.edu.ec\/davidreimer\/files\/2016\/10\/psamanes2-300x199.jpg\" alt=\"psamanes2\" width=\"528\" height=\"350\" \/><\/p>\n<\/div>\n","protected":false},"excerpt":{"rendered":"<p>Picnic en #Gye Otra de mis actividades favoritas cuando me encuentro en tiempos libres es una tarde de recreaci\u00f3n y picnic en \u00e1reas verdes, dentro de Guayaquil existen infinidad de lugares donde se pueden realizar este tipo de actividades pero si buscamos adem\u00e1s de recreaci\u00f3n tambi\u00e9n seguridad \u201cEl parque de Samanes\u201d es la opci\u00f3n m\u00e1s [&hellip;]<\/p>\n","protected":false},"author":10799,"featured_media":0,"parent":0,"menu_order":0,"comment_status":"closed","ping_status":"closed","template":"","meta":{"footnotes":""},"class_list":["post-12","page","type-page","status-publish","hentry"],"_links":{"self":[{"href":"https:\/\/blog.espol.edu.ec\/vigahim\/wp-json\/wp\/v2\/pages\/12","targetHints":{"allow":["GET"]}}],"collection":[{"href":"https:\/\/blog.espol.edu.ec\/vigahim\/wp-json\/wp\/v2\/pages"}],"about":[{"href":"https:\/\/blog.espol.edu.ec\/vigahim\/wp-json\/wp\/v2\/types\/page"}],"author":[{"embeddable":true,"href":"https:\/\/blog.espol.edu.ec\/vigahim\/wp-json\/wp\/v2\/users\/10799"}],"replies":[{"embeddable":true,"href":"https:\/\/blog.espol.edu.ec\/vigahim\/wp-json\/wp\/v2\/comments?post=12"}],"version-history":[{"count":1,"href":"https:\/\/blog.espol.edu.ec\/vigahim\/wp-json\/wp\/v2\/pages\/12\/revisions"}],"predecessor-version":[{"id":13,"href":"https:\/\/blog.espol.edu.ec\/vigahim\/wp-json\/wp\/v2\/pages\/12\/revisions\/13"}],"wp:attachment":[{"href":"https:\/\/blog.espol.edu.ec\/vigahim\/wp-json\/wp\/v2\/media?parent=12"}],"curies":[{"name":"wp","href":"https:\/\/api.w.org\/{rel}","templated":true}]}}