{"id":303,"date":"2013-09-30T14:50:48","date_gmt":"2013-09-30T19:50:48","guid":{"rendered":"http:\/\/blog.espol.edu.ec\/vinculos\/?page_id=303"},"modified":"2015-02-15T22:47:59","modified_gmt":"2015-02-16T03:47:59","slug":"proyectos-de-vinculacion","status":"publish","type":"page","link":"https:\/\/blog.espol.edu.ec\/vinculos\/proyectos-de-vinculacion\/","title":{"rendered":"Proyectos de Vinculaci\u00f3n"},"content":{"rendered":"<p><span style=\"color: #333333\">Programas y\u00a0\u00a0proyectos\u00a0de Vinculaci\u00f3n con la Sociedad<\/span><\/p>\n<ul type=\"disc\">\n<li class=\"x_MsoNormal\">LOES<\/li>\n<li class=\"x_MsoNormal\"><span style=\"color: #800000\"><a style=\"color: #800000\" title=\"Reglamento de r\u00e9gimen acad\u00e9mico \" href=\"http:\/\/goo.gl\/6OmD0X\" target=\"_blank\">REGLAMENTO DE R\u00c9GIMEN ACAD\u00c9MICO<\/a><\/span><span style=\"color: #800000\"><a style=\"color: #800000\" title=\"Reglamento de r\u00e9gimen acad\u00e9mico \" href=\"http:\/\/goo.gl\/6OmD0X\" target=\"_blank\">\u00a0<\/a><\/span><\/li>\n<li class=\"x_MsoNormal\"><a title=\"Lineamientos para la vinculaci\u00f3n con la sociedad\" href=\"http:\/\/goo.gl\/Qg3Z9d\" target=\"_blank\">LINEAMIENTOS PARA LA VINCULACI\u00d3N CON LA SOCIEDAD\u00a0<\/a>\n<ul type=\"circle\">\n<li class=\"x_MsoNormal\"><a href=\"http:\/\/goo.gl\/ECBNUj\" target=\"_blank\">Anexo 1<\/a><\/li>\n<li class=\"x_MsoNormal\"><a href=\"http:\/\/goo.gl\/oUDsOM\" target=\"_blank\">Anexo 2<\/a><\/li>\n<li class=\"x_MsoNormal\"><a href=\"http:\/\/goo.gl\/EDaLbt\" target=\"_blank\">Anexo 3<\/a><\/li>\n<li class=\"x_MsoNormal\"><a title=\"Anexo 4\" href=\"http:\/\/goo.gl\/294XI1\" target=\"_blank\">Anexo 4<\/a><\/li>\n<li class=\"x_MsoNormal\"><a title=\"Anexo 5\" href=\"http:\/\/goo.gl\/PYcqiV\" target=\"_blank\">Anexo 5<\/a><\/li>\n<li class=\"x_MsoNormal\">Anexo 6<\/li>\n<li class=\"x_MsoNormal\"><a title=\"Anexo 7\" href=\"http:\/\/goo.gl\/cj5vxh\" target=\"_blank\">Anexo 7<\/a><\/li>\n<li class=\"x_MsoNormal\"><a title=\"Anexo 8\" href=\"http:\/\/goo.gl\/h0GJ7N\" target=\"_blank\">Anexo 8<\/a><\/li>\n<li class=\"x_MsoNormal\"><a title=\"Practicas 2015\" href=\"http:\/\/goo.gl\/LJKdmR\" target=\"_blank\">Pr\u00e1cticas 2015 (presentaci\u00f3n en ppt)<\/a><\/li>\n<\/ul>\n<\/li>\n<\/ul>\n<p>&nbsp;<\/p>\n<p>&nbsp;<\/p>\n","protected":false},"excerpt":{"rendered":"<p>Programas y\u00a0\u00a0proyectos\u00a0de Vinculaci\u00f3n con la Sociedad LOES REGLAMENTO DE R\u00c9GIMEN ACAD\u00c9MICO\u00a0 LINEAMIENTOS PARA LA VINCULACI\u00d3N CON LA SOCIEDAD\u00a0 Anexo 1 Anexo 2 Anexo 3 Anexo 4 Anexo 5 Anexo 6 Anexo 7 Anexo 8 Pr\u00e1cticas 2015 (presentaci\u00f3n en ppt) &nbsp; &hellip; <a href=\"https:\/\/blog.espol.edu.ec\/vinculos\/proyectos-de-vinculacion\/\">Sigue leyendo <span class=\"meta-nav\">&rarr;<\/span><\/a><\/p>\n","protected":false},"author":3667,"featured_media":0,"parent":0,"menu_order":2,"comment_status":"open","ping_status":"open","template":"","meta":{"footnotes":""},"class_list":["post-303","page","type-page","status-publish","hentry"],"_links":{"self":[{"href":"https:\/\/blog.espol.edu.ec\/vinculos\/wp-json\/wp\/v2\/pages\/303","targetHints":{"allow":["GET"]}}],"collection":[{"href":"https:\/\/blog.espol.edu.ec\/vinculos\/wp-json\/wp\/v2\/pages"}],"about":[{"href":"https:\/\/blog.espol.edu.ec\/vinculos\/wp-json\/wp\/v2\/types\/page"}],"author":[{"embeddable":true,"href":"https:\/\/blog.espol.edu.ec\/vinculos\/wp-json\/wp\/v2\/users\/3667"}],"replies":[{"embeddable":true,"href":"https:\/\/blog.espol.edu.ec\/vinculos\/wp-json\/wp\/v2\/comments?post=303"}],"version-history":[{"count":16,"href":"https:\/\/blog.espol.edu.ec\/vinculos\/wp-json\/wp\/v2\/pages\/303\/revisions"}],"predecessor-version":[{"id":429,"href":"https:\/\/blog.espol.edu.ec\/vinculos\/wp-json\/wp\/v2\/pages\/303\/revisions\/429"}],"wp:attachment":[{"href":"https:\/\/blog.espol.edu.ec\/vinculos\/wp-json\/wp\/v2\/media?parent=303"}],"curies":[{"name":"wp","href":"https:\/\/api.w.org\/{rel}","templated":true}]}}