{"id":403,"date":"2015-02-15T21:09:01","date_gmt":"2015-02-16T02:09:01","guid":{"rendered":"http:\/\/blog.espol.edu.ec\/vinculos\/?page_id=403"},"modified":"2015-02-23T14:34:40","modified_gmt":"2015-02-23T19:34:40","slug":"practicas-pre-profesionales","status":"publish","type":"page","link":"https:\/\/blog.espol.edu.ec\/vinculos\/practicas-pre-profesionales\/","title":{"rendered":"Pr\u00e1cticas Pre-Profesionales"},"content":{"rendered":"<p><span style=\"color: #003300\">Pr\u00e1cticas Pre-Profesionales de Servicio Comunitario<\/span><\/p>\n<ul>\n<li><a style=\"color: #800000\" href=\"http:\/\/goo.gl\/8lUArw\" target=\"_blank\">PROYECTOS DE PR\u00c1CTICAS PRE-PROFESIONALES SEG\u00daN EL CES<\/a><\/li>\n<li><a href=\"http:\/\/blog.espol.edu.ec\/vinculos\/files\/2015\/02\/POLIZA-DE-ACCIDENTES-PERSONALES-ECUATORIANO-SUIZA.pdf\" target=\"_blank\">SEGURO ESTUDIANTES ESPOL - P\u00d3LIZA<\/a><\/li>\n<li><a href=\"http:\/\/blog.espol.edu.ec\/vinculos\/files\/2015\/02\/POLIZA-DE-ACCIDENTES-PERSONALES-ECUATORIANO-SUIZA.pdf\" target=\"_blank\">SEGURO ESTUDIANTES ESPOL<\/a><a href=\"http:\/\/blog.espol.edu.ec\/vinculos\/files\/2015\/02\/ECUASUIZA-HOSPITALES-AFILIADOS.pdf\" target=\"_blank\">\u00a0- CL\u00cdNICAS AFILIADAS<\/a><\/li>\n<\/ul>\n<p>&nbsp;<\/p>\n","protected":false},"excerpt":{"rendered":"<p>Pr\u00e1cticas Pre-Profesionales de Servicio Comunitario PROYECTOS DE PR\u00c1CTICAS PRE-PROFESIONALES SEG\u00daN EL CES SEGURO ESTUDIANTES ESPOL - P\u00d3LIZA SEGURO ESTUDIANTES ESPOL\u00a0- CL\u00cdNICAS AFILIADAS &nbsp;<\/p>\n","protected":false},"author":3658,"featured_media":0,"parent":0,"menu_order":0,"comment_status":"open","ping_status":"open","template":"","meta":{"footnotes":""},"class_list":["post-403","page","type-page","status-publish","hentry"],"_links":{"self":[{"href":"https:\/\/blog.espol.edu.ec\/vinculos\/wp-json\/wp\/v2\/pages\/403","targetHints":{"allow":["GET"]}}],"collection":[{"href":"https:\/\/blog.espol.edu.ec\/vinculos\/wp-json\/wp\/v2\/pages"}],"about":[{"href":"https:\/\/blog.espol.edu.ec\/vinculos\/wp-json\/wp\/v2\/types\/page"}],"author":[{"embeddable":true,"href":"https:\/\/blog.espol.edu.ec\/vinculos\/wp-json\/wp\/v2\/users\/3658"}],"replies":[{"embeddable":true,"href":"https:\/\/blog.espol.edu.ec\/vinculos\/wp-json\/wp\/v2\/comments?post=403"}],"version-history":[{"count":17,"href":"https:\/\/blog.espol.edu.ec\/vinculos\/wp-json\/wp\/v2\/pages\/403\/revisions"}],"predecessor-version":[{"id":438,"href":"https:\/\/blog.espol.edu.ec\/vinculos\/wp-json\/wp\/v2\/pages\/403\/revisions\/438"}],"wp:attachment":[{"href":"https:\/\/blog.espol.edu.ec\/vinculos\/wp-json\/wp\/v2\/media?parent=403"}],"curies":[{"name":"wp","href":"https:\/\/api.w.org\/{rel}","templated":true}]}}