{"id":282,"date":"2013-11-25T01:55:19","date_gmt":"2013-11-25T01:55:19","guid":{"rendered":"http:\/\/blog.espol.edu.ec\/vivianaliss\/?page_id=282"},"modified":"2013-11-25T02:11:10","modified_gmt":"2013-11-25T02:11:10","slug":"uso-de-texto","status":"publish","type":"page","link":"https:\/\/blog.espol.edu.ec\/vivianaliss\/uso-de-texto\/","title":{"rendered":"Uso de Texto"},"content":{"rendered":"<h1>Uso de textos en Flash<\/h1>\n<p>Si se utilizan textos en las pel\u00edculas Flash, se puede establecer el tama\u00f1o, el tipo de fuente, el espaciado, el color y la alineaci\u00f3n. Los bloques de texto o tipos pueden transformarse: rotar, escalar, inclinar, reflejar, etc del mismo modo que cualquier objeto.<\/p>\n<h1>Configurar las propiedades del cuadro de texto<\/h1>\n<table width=\"100%\" border=\"0\">\n<tbody>\n<tr>\n<td align=\"right\" valign=\"top\" width=\"16\"><span style=\"color: #000080\"><b>1<\/b><\/span><\/td>\n<td><\/td>\n<td>Selecciona la herramienta <b>Texto.<\/b><\/td>\n<\/tr>\n<tr>\n<td align=\"right\" valign=\"top\" width=\"16\"><span style=\"color: #000080\"><b>2<\/b><\/span><\/td>\n<td><\/td>\n<td>Activa <b>Ventana &gt; Propiedades <\/b>para visualizar el <b>Inspector de Propiedades <\/b>si no estuviera todav\u00eda visible.<\/td>\n<\/tr>\n<\/tbody>\n<\/table>\n<table border=\"0\" cellspacing=\"0\" cellpadding=\"0\">\n<tbody>\n<tr>\n<td>\u00a0<img loading=\"lazy\" decoding=\"async\" alt=\"\" src=\"http:\/\/www.ite.educacion.es\/formacion\/materiales\/34\/cd\/curso\/cap08\/images\/image0803.jpg\" width=\"624\" height=\"131\" border=\"1\" \/><\/td>\n<\/tr>\n<tr>\n<td><\/td>\n<\/tr>\n<tr>\n<td>\n<p align=\"center\">Inspector de propiedades de la herramienta Texto<\/p>\n<\/td>\n<\/tr>\n<tr>\n<td><\/td>\n<\/tr>\n<\/tbody>\n<\/table>\n<table>\n<tbody>\n<tr>\n<td align=\"right\" valign=\"top\" width=\"16\"><span style=\"color: #000080\"><b>3<\/b><\/span><\/td>\n<td><\/td>\n<td>Se puede elegir un tipo de texto de la lista desplegable para indicar el tipo de campo de texto deseado:<\/p>\n<ul>\n<li><b>Texto est\u00e1tico. <\/b>Es la opci\u00f3n por defecto. Muestra caracteres que no se modificar\u00e1n durante la visualizaci\u00f3n de la pel\u00edcula.<\/li>\n<li><b>Texto din\u00e1mico. <\/b>Su contenido va actualizarse din\u00e1micamente a medida que la pel\u00edcula se ejecuta.<\/li>\n<li><b>Texto de entrada<\/b>. Permite que el usuario introduzca por teclado texto para formularios o encuestas.<\/li>\n<\/ul>\n<p>En principio vamos a utilizar la modalidad de <b>Texto est\u00e1tico.\u00a0<\/b><\/td>\n<\/tr>\n<tr>\n<td align=\"right\" valign=\"top\" width=\"16\"><span style=\"color: #000080\"><b>4<\/b><\/span><\/td>\n<td><\/td>\n<td>Haz clic en el tri\u00e1ngulo situado junto al campo <b>Fuente<\/b> y selecciona una fuente de la lista, por ejemplo, <b>Tahoma<\/b>.<\/td>\n<\/tr>\n<tr>\n<td align=\"right\" valign=\"top\" width=\"16\"><span style=\"color: #000080\"><b>5<\/b><\/span><\/td>\n<td><\/td>\n<td>En la casilla <b>Tama\u00f1o de la fuente<\/b>, arrastra el deslizador para seleccionar un valor o introduce por teclado un valor de tama\u00f1o de fuente, por ejemplo, 18 puntos.<\/td>\n<\/tr>\n<tr>\n<td align=\"right\" valign=\"top\" width=\"16\"><span style=\"color: #000080\"><b>6<\/b><\/span><\/td>\n<td><\/td>\n<td>Clic en el bot\u00f3n Negrita <b>B<\/b> o Cursiva <b>I<\/b>\u00a0 para aplicar el estilo negrita o cursiva.<\/td>\n<\/tr>\n<tr>\n<td align=\"right\" valign=\"top\" width=\"16\"><span style=\"color: #000080\"><b>7<\/b><\/span><\/td>\n<td><\/td>\n<td>Para elegir un color de texto, clic en el cuadro de color y elige una muestra de la paleta. Tambi\u00e9n es posible introducir el valor hexadecimal de un color precedido del signo # en el cuadro de texto. Ejemplo: \u201c#FFCC00\u201d.<\/td>\n<\/tr>\n<tr>\n<td align=\"right\" valign=\"top\" width=\"16\"><span style=\"color: #000080\"><b>8<\/b><\/span><\/td>\n<td><\/td>\n<td>En el deslizador<b> AV<\/b> se especifica la separaci\u00f3n entre caracteres. La opci\u00f3n por defecto es cero. En la lista desplegable <b>Posici\u00f3n del car\u00e1cter\u00a0 <\/b> se indica la altura respecto a la l\u00ednea base: Normal, Super\u00edndice y Sub\u00edndice. En este caso vamos a dejar el valor por defecto: Normal.<\/td>\n<\/tr>\n<tr>\n<td align=\"right\" valign=\"top\" width=\"16\"><span style=\"color: #000080\"><b>9<\/b><\/span><\/td>\n<td><\/td>\n<td>Clic sobre el escenario para comenzar a escribir un cuadro de texto est\u00e1tico con los atributos de car\u00e1cter definidos previamente: \u201c<b>Canci\u00f3n del pirata<\/b>\u201d.<\/td>\n<\/tr>\n<tr>\n<td align=\"right\" valign=\"top\" width=\"16\"><span style=\"color: #000080\"><b>10<\/b><\/span><\/td>\n<td><\/td>\n<td>Modifica la configuraci\u00f3n del inspector de propiedades. Por ejemplo, reduce el tama\u00f1o de la fuente a 12 puntos y el color del texto ser\u00e1 negro #000000. Haz clic en otro lugar del escenario para crear otro cuadro con las nuevas propiedades. Teclea: \u201c<i>Con diez ca\u00f1ones por banda, viento en popa, a toda vela, no corta el mar, sino vuela un velero bergant\u00edn.\u201d<\/i><\/p>\n<table width=\"100%\" border=\"0\">\n<tbody>\n<tr>\n<td style=\"text-align: center\"><img loading=\"lazy\" decoding=\"async\" alt=\"\" src=\"http:\/\/www.ite.educacion.es\/formacion\/materiales\/34\/cd\/curso\/cap08\/images\/image0804.jpg\" width=\"166\" height=\"92\" border=\"1\" \/><\/td>\n<\/tr>\n<tr>\n<td>\n<p align=\"center\">Aspecto final del cuadro de texto Canci\u00f3n del pirata<\/p>\n<\/td>\n<\/tr>\n<tr>\n<td><\/td>\n<\/tr>\n<\/tbody>\n<\/table>\n<\/td>\n<\/tr>\n<\/tbody>\n<\/table>\n<p>Para modificar las propiedades de un cuadro de texto:<\/p>\n<table width=\"100%\" border=\"0\">\n<tbody>\n<tr>\n<td align=\"right\" valign=\"top\" width=\"16\"><span style=\"color: #000080\"><b>1<\/b><\/span><\/td>\n<td><\/td>\n<td>&lt;\u00a0\u00a0\u00a0\u00a0\u00a0\u00a0\u00a0\u00a0\u00a0\u00a0\u00a0\u00a0 Selecciona la herramienta <b>Flecha <\/b>(flecha negra).<\/td>\n<\/tr>\n<tr>\n<td align=\"right\" valign=\"top\" width=\"16\"><span style=\"color: #000080\"><b>2<\/b><\/span><\/td>\n<td><\/td>\n<td><b> <\/b>Clic sobre el cuadro de texto seleccionado. En este caso el que contiene el t\u00edtulo \u201cCanci\u00f3n del Pirata\u201d. Advierte que aparecer\u00e1 destacado en un recuadro con un borde fino azul.<\/td>\n<\/tr>\n<tr>\n<td align=\"right\" valign=\"top\" width=\"16\"><span style=\"color: #000080\"><b>3<\/b><\/span><\/td>\n<td><\/td>\n<td>Visualiza, si no lo estuviera, el Inspector de Propiedades mediante <b>Ventana &gt; Propiedades<\/b>.<\/td>\n<\/tr>\n<tr>\n<td align=\"right\" valign=\"top\" width=\"16\"><span style=\"color: #000080\"><b>4<\/b><\/span><\/td>\n<td><\/td>\n<td>Sobre este panel puedes cambiar el tipo de fuente, tama\u00f1o, color, etc. Advierte que las nuevas propiedades son asumidas autom\u00e1ticamente<\/td>\n<\/tr>\n<tr>\n<td align=\"right\" valign=\"top\" width=\"16\"><span style=\"color: #000080\"><b>5<\/b><\/span><\/td>\n<td><\/td>\n<td>Para convertir el cuadro de texto horizontal en uno vertical, haz clic en el bot\u00f3n <b>Cambiar direcci\u00f3n del texto<\/b> y selecciona en la lista emergente una de las dos opciones: <b>Vertical, izquierda a derecha <\/b>y <b>Vertical, derecha a izquierda.<\/b><\/p>\n<table width=\"100%\" border=\"0\">\n<tbody>\n<tr>\n<td>&nbsp;<\/p>\n<h1>Efecto sombra en un cuadro de texto<\/h1>\n<p>En el siguiente ejemplo se dise\u00f1ar\u00e1 un cuadro de texto con efecto de sombra:<\/p>\n<table width=\"100%\" border=\"0\">\n<tbody>\n<tr>\n<td align=\"right\" valign=\"top\" width=\"16\"><span style=\"color: #000080\"><b>1<\/b><\/span><\/td>\n<td><\/td>\n<td>Si el fondo del documento no es blanco, clic en <b>Modificar &gt; Documento <\/b>y elige este color en la casilla <b>Color de fondo<\/b>.<\/td>\n<\/tr>\n<tr>\n<td align=\"right\" valign=\"top\" width=\"16\"><span style=\"color: #000080\"><b>2<\/b><\/span><\/td>\n<td><\/td>\n<td>Activa la herramienta <b>Texto.<\/b><\/td>\n<\/tr>\n<tr>\n<td align=\"right\" valign=\"top\" width=\"16\"><span style=\"color: #000080\"><b>3<\/b><\/span><\/td>\n<td><\/td>\n<td>En el <b>Inspector de propiedades <\/b>define para la fuente como tama\u00f1o 48 puntos, color gris claro (#CCCCCC) y efecto negrita.<\/td>\n<\/tr>\n<tr>\n<td align=\"right\" valign=\"top\" width=\"16\"><span style=\"color: #000080\"><b>4<\/b><\/span><\/td>\n<td><\/td>\n<td>Clic en el escenario para escribir el texto. Por ejemplo:\u201c<i>El Quijote\u201d<b>.<\/b><\/i><\/td>\n<\/tr>\n<tr>\n<td align=\"right\" valign=\"top\" width=\"16\"><span style=\"color: #000080\"><b>5<\/b><\/span><\/td>\n<td><\/td>\n<td>Elige la herramienta <b>Flecha <\/b>.<\/td>\n<\/tr>\n<tr>\n<td align=\"right\" valign=\"top\" width=\"16\"><span style=\"color: #000080\"><b>6<\/b><\/span><\/td>\n<td><\/td>\n<td>Pulsa la tecla <b>&lt;Alt&gt; <\/b>y sin soltarla arrastra ligeramente el cuadro de texto creado. Con esta operaci\u00f3n has creado un segundo cuadro de texto encima del anterior.<\/td>\n<\/tr>\n<tr>\n<td align=\"right\" valign=\"top\" width=\"16\"><span style=\"color: #000080\"><b>7<\/b><\/span><\/td>\n<td><\/td>\n<td>En el <b>Inspector de propiedades <\/b>modifica el color de la fuente a negro del cuadro de texto situado encima.<\/td>\n<\/tr>\n<tr>\n<td align=\"right\" valign=\"top\" width=\"16\"><span style=\"color: #000080\"><b>8<\/b><\/span><\/td>\n<td><\/td>\n<td>Utilizando las teclas de direcci\u00f3n sit\u00faa con precisi\u00f3n el cuadro de texto negro sobre su sombra para conseguir la adecuada direcci\u00f3n.<\/td>\n<\/tr>\n<tr>\n<td align=\"right\" valign=\"top\" width=\"16\"><span style=\"color: #000080\"><b>9<\/b><\/span><\/td>\n<td><\/td>\n<td>Pincha y arrastra para definir un \u00e1rea lo suficientemente grande donde se muestren seleccionados ambos cuadros de texto.<\/td>\n<\/tr>\n<tr>\n<td align=\"right\" valign=\"top\" width=\"16\"><span style=\"color: #000080\"><b>10<\/b><\/span><\/td>\n<td><\/td>\n<td>Elige <b>Modificar &gt; Agrupar <\/b>para anclarlos y evitar desplazamientos relativos. Cuando pinches y arrastres sobre el cuadro, \u00e9ste se desplazar\u00e1 como un todo conservando el efecto sombra.<\/td>\n<\/tr>\n<\/tbody>\n<\/table>\n<table width=\"100%\" border=\"0\">\n<tbody>\n<tr>\n<td>\u00a0<img loading=\"lazy\" decoding=\"async\" class=\"aligncenter\" alt=\"\" src=\"http:\/\/www.ite.educacion.es\/formacion\/materiales\/34\/cd\/curso\/cap08\/images\/image0811.jpg\" width=\"223\" height=\"63\" \/><\/td>\n<\/tr>\n<tr>\n<td><\/td>\n<\/tr>\n<tr>\n<td>\n<p align=\"center\">Aspecto final del r\u00f3tulo<\/p>\n<\/td>\n<\/tr>\n<\/tbody>\n<\/table>\n<table width=\"100%\" border=\"0\">\n<tbody>\n<tr>\n<td align=\"right\" valign=\"top\" width=\"16\"><\/td>\n<td width=\"3\"><\/td>\n<td><\/td>\n<\/tr>\n<\/tbody>\n<\/table>\n<\/td>\n<\/tr>\n<\/tbody>\n<\/table>\n<\/td>\n<\/tr>\n<\/tbody>\n<\/table>\n","protected":false},"excerpt":{"rendered":"<p>Uso de textos en Flash Si se utilizan textos en las pel\u00edculas Flash, se puede establecer el tama\u00f1o, el tipo de fuente, el espaciado, el color y la alineaci\u00f3n. Los bloques de texto o tipos pueden transformarse: rotar, escalar, inclinar, &hellip; <a href=\"https:\/\/blog.espol.edu.ec\/vivianaliss\/uso-de-texto\/\">Sigue leyendo <span class=\"meta-nav\">&rarr;<\/span><\/a><\/p>\n","protected":false},"author":8769,"featured_media":0,"parent":0,"menu_order":0,"comment_status":"open","ping_status":"open","template":"","meta":{"footnotes":""},"class_list":["post-282","page","type-page","status-publish","hentry"],"_links":{"self":[{"href":"https:\/\/blog.espol.edu.ec\/vivianaliss\/wp-json\/wp\/v2\/pages\/282","targetHints":{"allow":["GET"]}}],"collection":[{"href":"https:\/\/blog.espol.edu.ec\/vivianaliss\/wp-json\/wp\/v2\/pages"}],"about":[{"href":"https:\/\/blog.espol.edu.ec\/vivianaliss\/wp-json\/wp\/v2\/types\/page"}],"author":[{"embeddable":true,"href":"https:\/\/blog.espol.edu.ec\/vivianaliss\/wp-json\/wp\/v2\/users\/8769"}],"replies":[{"embeddable":true,"href":"https:\/\/blog.espol.edu.ec\/vivianaliss\/wp-json\/wp\/v2\/comments?post=282"}],"version-history":[{"count":3,"href":"https:\/\/blog.espol.edu.ec\/vivianaliss\/wp-json\/wp\/v2\/pages\/282\/revisions"}],"predecessor-version":[{"id":285,"href":"https:\/\/blog.espol.edu.ec\/vivianaliss\/wp-json\/wp\/v2\/pages\/282\/revisions\/285"}],"wp:attachment":[{"href":"https:\/\/blog.espol.edu.ec\/vivianaliss\/wp-json\/wp\/v2\/media?parent=282"}],"curies":[{"name":"wp","href":"https:\/\/api.w.org\/{rel}","templated":true}]}}