{"id":53,"date":"2009-06-27T14:04:14","date_gmt":"2009-06-27T18:04:14","guid":{"rendered":"http:\/\/blog.espol.edu.ec\/vkrivera\/?page_id=53"},"modified":"2010-04-12T17:05:59","modified_gmt":"2010-04-12T21:05:59","slug":"musica","status":"publish","type":"page","link":"https:\/\/blog.espol.edu.ec\/vkrivera\/","title":{"rendered":"Mi m\u00fasica, tu m\u00fasica"},"content":{"rendered":"<p class=\"MsoNormal\" style=\"margin: 0cm 0cm 0pt\"><span style=\"font-size: small;font-family: Times New Roman\"><em>\u00a0<\/em><\/span><\/p>\n<p class=\"MsoNormal\" style=\"margin: 0cm 0cm 0pt\"><span style=\"font-size: small;font-family: Times New Roman\"><em>Hola, c\u00f3mo est\u00e1n?<\/em><\/span><\/p>\n<p class=\"MsoNormal\" style=\"margin: 0cm 0cm 0pt\"><span style=\"font-size: small;font-family: Times New Roman\"><em>\u00a0<\/em><\/span><\/p>\n<p class=\"MsoNormal\" style=\"margin: 0cm 0cm 0pt\"><span style=\"font-size: small;font-family: Times New Roman\"><em>\u00a0<\/em><\/span><\/p>\n<p class=\"MsoNormal\" style=\"margin: 0cm 0cm 0pt\"><span style=\"font-size: small;font-family: Times New Roman\"><em>\u00a0<\/em><\/span><\/p>\n<p class=\"MsoNormal\" style=\"margin: 0cm 0cm 0pt\"><span style=\"font-size: small;font-family: Times New Roman\"><em>\u00a0<\/em><\/span><\/p>\n<p class=\"MsoNormal\" style=\"margin: 0cm 0cm 0pt\"><span style=\"font-size: small;font-family: Times New Roman\"><em>Bienvenidos a Vivi\u2019s, un blog dedicado a la m\u00fasica rom\u00e1ntica y los artistas m\u00e1s representativos de este g\u00e9nero!!! <\/em><\/span><\/p>\n<p class=\"MsoNormal\" style=\"margin: 0cm 0cm 0pt\"><span style=\"font-size: small;font-family: Times New Roman\"><em>\u00a0<\/em><\/span><\/p>\n<p class=\"MsoNormal\" style=\"margin: 0cm 0cm 0pt\"><span style=\"font-size: small;font-family: Times New Roman\"><em>\u00a0<\/em><\/span><\/p>\n<p class=\"MsoNormal\" style=\"margin: 0cm 0cm 0pt\"><span style=\"font-size: small;font-family: Times New Roman\"><em>\u00a0<\/em><\/span><\/p>\n<p class=\"MsoNormal\" style=\"margin: 0cm 0cm 0pt\"><span style=\"font-size: small;font-family: Times New Roman\"><em>Aqu\u00ed encontrar\u00e1n <span>\u00a0<\/span>informaci\u00f3n, canciones,\u00a0y m\u00e1s acerca de\u00a0diversos artistas rom\u00e1nticos que hicieron enamorar a muchos con sus temas. <\/em><\/span><\/p>\n<p class=\"MsoNormal\" style=\"margin: 0cm 0cm 0pt\"><span style=\"font-size: small;font-family: Times New Roman\"><em>\u00a0<\/em><\/span><\/p>\n<p class=\"MsoNormal\" style=\"margin: 0cm 0cm 0pt\"><span style=\"font-size: small;font-family: Times New Roman\"><em>\u00a0<\/em><\/span><\/p>\n<p class=\"MsoNormal\" style=\"margin: 0cm 0cm 0pt\"><span style=\"font-size: small;font-family: Times New Roman\"><em>Tambi\u00e9n podr\u00e1n conocer un poco m\u00e1s de m\u00ed, Vivi, la autora de este blog en la p\u00e1gina <a href=\"http:\/\/www.blog.espol.edu.ec\/vkrivera\/vivi\" target=\"_blank\">About Vivi<\/a> y leer mis entradas m\u00e1s recientes en la p\u00e1gina <a href=\"http:\/\/www.blog.espol.edu.ec\/vkrivera\/entradas\" target=\"_blank\">Lo m\u00e1s nuevo<\/a>.<\/em> <\/span><\/p>\n<p class=\"MsoNormal\" style=\"margin: 0cm 0cm 0pt\"><span style=\"font-size: small;font-family: Times New Roman\"><em>\u00a0<\/em><\/span><\/p>\n<p class=\"MsoNormal\" style=\"margin: 0cm 0cm 0pt\"><span style=\"font-size: small;font-family: Times New Roman\"><em>\u00a0<\/em><\/span><\/p>\n<p class=\"MsoNormal\" style=\"margin: 0cm 0cm 0pt\"><span style=\"font-size: small;font-family: Times New Roman\"><em>\u00a0<\/em><\/span><\/p>\n<p class=\"MsoNormal\" style=\"margin: 0cm 0cm 0pt\"><span style=\"font-size: small;font-family: Times New Roman\"><em>Cualquier sugerencia es bien recibida, as\u00ed que no duden en dejar cometarios si les gust\u00f3 o si creen que este sitio web\u00a0debe mejorar. <\/em><\/span><\/p>\n<p class=\"MsoNormal\" style=\"margin: 0cm 0cm 0pt\"><span style=\"font-size: small;font-family: Times New Roman\"><em>\u00a0<\/em><\/span><\/p>\n<p class=\"MsoNormal\" style=\"margin: 0cm 0cm 0pt\"><span style=\"font-size: small;font-family: Times New Roman\"><em>\u00a0<\/em><\/span><\/p>\n<p class=\"MsoNormal\" style=\"margin: 0cm 0cm 0pt\"><span style=\"font-size: small;font-family: Times New Roman\"><em>\u00a0<\/em><\/span><\/p>\n<p class=\"MsoNormal\" style=\"margin: 0cm 0cm 0pt\"><span style=\"font-size: small;font-family: Times New Roman\"><em>Muchas gracias por su visita y espero que les guste!!!<\/em><\/span><\/p>\n<p class=\"MsoNormal\" style=\"margin: 0cm 0cm 0pt\"><span style=\"font-size: small;font-family: Times New Roman\"><em>\u00a0<\/em><\/span><\/p>\n<p class=\"MsoNormal\" style=\"margin: 0cm 0cm 0pt\"><span style=\"font-size: small;font-family: Times New Roman\"><em>\u00a0<\/em><\/span><\/p>\n<p class=\"MsoNormal\" style=\"margin: 0cm 0cm 0pt\"><span style=\"font-size: small;font-family: Times New Roman\"><em>\u00a0<\/em><\/span><\/p>\n<p class=\"MsoNormal\" style=\"margin: 0cm 0cm 0pt\"><span style=\"font-size: small;font-family: Times New Roman\"><em>\u00a0<\/em><\/span><\/p>\n<p class=\"MsoNormal\" style=\"margin: 0cm 0cm 0pt\"><span style=\"font-size: small;font-family: Times New Roman\"><em>\u00a0<\/em><\/span><\/p>\n<p class=\"MsoNormal\" style=\"margin: 0cm 0cm 0pt\"><span style=\"font-size: small;font-family: Times New Roman\"><em>Saludos a todos,<\/em><\/span><\/p>\n<p class=\"MsoNormal\" style=\"margin: 0cm 0cm 0pt\"><span style=\"font-size: small;font-family: Times New Roman\"><em>Vivi<\/em><\/span><\/p>\n<p class=\"MsoNormal\" style=\"margin: 0cm 0cm 0pt\"><span style=\"font-size: small;font-family: Times New Roman\"><em>\u00a0<\/em><\/span><\/p>\n<p class=\"MsoNormal\" style=\"margin: 0cm 0cm 0pt;text-align: center\"><span style=\"font-size: small;font-family: Times New Roman\"><img loading=\"lazy\" decoding=\"async\" class=\"aligncenter size-full wp-image-116\" src=\"http:\/\/blog.espol.edu.ec\/vkrivera\/files\/2009\/06\/separador2.gif\" alt=\"separador2\" width=\"200\" height=\"40\" \/><em>\u00a0<\/em><\/span><\/p>\n<p class=\"MsoNormal\" style=\"margin: 0cm 0cm 0pt\"><span style=\"font-size: small;font-family: Times New Roman\"><em>\u00a0<\/em><\/span><\/p>\n<p><em>En esta p\u00e1gina encontrar\u00e1n aspectos interesantes de int\u00e9rpretes y compositores de m\u00fasica rom\u00e1ntica en general, pero he enfocado m\u00e1s mi atenci\u00f3n en tres representantes de este g\u00e9nero musical:<\/em><\/p>\n<p style=\"text-align: center\"><a href=\"http:\/\/www.blog.espol.edu.ec\/vkrivera\/musica\/sin-bandera\" target=\"_blank\">Sin Bandera<\/a><\/p>\n<p style=\"text-align: center\"><a href=\"http:\/\/www.blog.espol.edu.ec\/vkrivera\/musica\/luis-fonsi\" target=\"_blank\">Luis Fonsi<\/a><\/p>\n<p style=\"text-align: center\"><a href=\"http:\/\/www.blog.espol.edu.ec\/vkrivera\/musica\/axel-fernando\" target=\"_blank\">Axel Fernando<\/a><\/p>\n<p style=\"text-align: center\"><a href=\"http:\/\/www.blog.espol.edu.ec\/vkrivera\/musica\/fonseca\/\">Fonseca<\/a><\/p>\n<p><em>Los invito\u00a0a visitar\u00a0las p\u00e1ginas\u00a0que he creado acerca de ellos y\u00a0dejen alg\u00fan comentario si lo desean. Por cierto, realicen las encuestas que he preparado para ustedes, su opini\u00f3n es muy importante.<\/em><\/p>\n<p><em>\u00a0<\/em><\/p>\n<p style=\"text-align: center\"><em><img loading=\"lazy\" decoding=\"async\" class=\"aligncenter size-full wp-image-116\" src=\"http:\/\/blog.espol.edu.ec\/vkrivera\/files\/2009\/06\/separador2.gif\" alt=\"separador2\" width=\"200\" height=\"40\" \/><\/em><\/p>\n<p><em>\u00a0<\/em><\/p>\n<p><em>Artistas de diferentes pa\u00edses del mundo que comparten su gusto por la m\u00fasica hacen que \u00e9sta pueda cruzar todas las fronteras uniendo a las personas con su magia particular. Por esta raz\u00f3n he decidido crear\u00a0peque\u00f1as fichas \u00a0acerca de los\u00a0mejores exponentes del g\u00e9nero musical rom\u00e1ntico. \u00a0Disfr\u00fatenla!!!<\/em><\/p>\n<div id=\"__ss_1659089\" style=\"width: 425px;text-align: left\"><a title=\"Los Mejores Artistas!!!\" href=\"http:\/\/www.slideshare.net\/vivirivera20\/los-mejores-artistas?type=powerpoint\">Los Mejores Artistas!!!<\/a><object width=\"425\" height=\"355\"><param name=\"data\" value=\"http:\/\/static.slidesharecdn.com\/swf\/ssplayer2.swf?doc=losmejoresartistas-090629205535-phpapp01&amp;rel=0&amp;stripped_title=los-mejores-artistas\" \/><param name=\"allowFullScreen\" value=\"true\" \/><param name=\"allowScriptAccess\" value=\"always\" \/><param name=\"src\" value=\"http:\/\/static.slidesharecdn.com\/swf\/ssplayer2.swf?doc=losmejoresartistas-090629205535-phpapp01&amp;rel=0&amp;stripped_title=los-mejores-artistas\" \/><param name=\"allowfullscreen\" value=\"true\" \/><embed type=\"application\/x-shockwave-flash\" width=\"425\" height=\"355\" src=\"http:\/\/static.slidesharecdn.com\/swf\/ssplayer2.swf?doc=losmejoresartistas-090629205535-phpapp01&amp;rel=0&amp;stripped_title=los-mejores-artistas\"><\/embed><\/object><\/div>\n<div style=\"font-size: 11px;padding-top: 2px;font-family: tahoma,arial;height: 26px\">View more <a href=\"http:\/\/www.slideshare.net\/\">documents<\/a> from <a href=\"http:\/\/www.slideshare.net\/vivirivera20\">vivirivera20<\/a>.<\/div>\n<p><em><\/em><\/p>\n<p><em><\/em><\/p>\n<p style=\"text-align: center\"><em><img loading=\"lazy\" decoding=\"async\" class=\"aligncenter size-full wp-image-116\" src=\"http:\/\/blog.espol.edu.ec\/vkrivera\/files\/2009\/06\/separador2.gif\" alt=\"separador2\" width=\"200\" height=\"40\" \/><\/em><\/p>\n<ul>\n<li>\n<div style=\"text-align: center\"><strong><em>Reproductor de M\u00fasica<\/em><\/strong><\/div>\n<\/li>\n<\/ul>\n<p style=\"text-align: center\">\u00a0<\/p>\n<div style=\"margin-left: auto;width: 450px;margin-right: auto;text-align: center\"><object width=\"435\" height=\"270\"><param name=\"data\" value=\"http:\/\/www.profileplaylist.net\/mc\/mp3player_new.swf\" \/><param name=\"allowscriptaccess\" value=\"never\" \/><param name=\"wmode\" value=\"transparent\" \/><param name=\"flashvars\" value=\"config=http%3A%2F%2Fwww.indimusic.us%2Fext%2Fpc%2Fconfig_regular.xml&amp;mywidth=435&amp;myheight=270&amp;playlist_url=http%3A%2F%2Fwww.indimusic.us%2Floadplaylist.php%3Fplaylist%3D66046232%26t%3D1246215974&amp;wid=os\" \/><param name=\"src\" value=\"http:\/\/www.profileplaylist.net\/mc\/mp3player_new.swf\" \/><embed type=\"application\/x-shockwave-flash\" width=\"435\" height=\"270\" src=\"http:\/\/www.profileplaylist.net\/mc\/mp3player_new.swf\"><\/embed><\/object><br \/>\n<a href=\"http:\/\/www.profileplaylist.net\"><img decoding=\"async\" src=\"http:\/\/www.profileplaylist.net\/mc\/images\/create_gray.jpg\" border=\"0\" alt=\"\" \/><\/a> <a href=\"http:\/\/www.mysocialgroup.com\/standalone\/66046232\" target=\"_blank\"><img decoding=\"async\" src=\"http:\/\/www.profileplaylist.net\/mc\/images\/launch_gray.jpg\" border=\"0\" alt=\"\" \/><\/a> <a href=\"http:\/\/www.mysocialgroup.com\/download\/66046232\"><img decoding=\"async\" src=\"http:\/\/www.profileplaylist.net\/mc\/images\/get_gray.jpg\" border=\"0\" alt=\"\" \/><\/a><\/div>\n<p><em><\/em><\/p>\n","protected":false},"excerpt":{"rendered":"<p>\u00a0 Hola, c\u00f3mo est\u00e1n? \u00a0 \u00a0 \u00a0 \u00a0 Bienvenidos a Vivi\u2019s, un blog dedicado a la m\u00fasica rom\u00e1ntica y los artistas m\u00e1s representativos de este g\u00e9nero!!! \u00a0 \u00a0 \u00a0 Aqu\u00ed encontrar\u00e1n \u00a0informaci\u00f3n, canciones,\u00a0y m\u00e1s acerca de\u00a0diversos artistas rom\u00e1nticos que hicieron enamorar a muchos con sus temas. \u00a0 \u00a0 Tambi\u00e9n podr\u00e1n conocer un poco m\u00e1s de [&hellip;]<\/p>\n","protected":false},"author":1635,"featured_media":0,"parent":0,"menu_order":2,"comment_status":"open","ping_status":"open","template":"","meta":{"footnotes":""},"class_list":["post-53","page","type-page","status-publish","hentry"],"_links":{"self":[{"href":"https:\/\/blog.espol.edu.ec\/vkrivera\/wp-json\/wp\/v2\/pages\/53","targetHints":{"allow":["GET"]}}],"collection":[{"href":"https:\/\/blog.espol.edu.ec\/vkrivera\/wp-json\/wp\/v2\/pages"}],"about":[{"href":"https:\/\/blog.espol.edu.ec\/vkrivera\/wp-json\/wp\/v2\/types\/page"}],"author":[{"embeddable":true,"href":"https:\/\/blog.espol.edu.ec\/vkrivera\/wp-json\/wp\/v2\/users\/1635"}],"replies":[{"embeddable":true,"href":"https:\/\/blog.espol.edu.ec\/vkrivera\/wp-json\/wp\/v2\/comments?post=53"}],"version-history":[{"count":12,"href":"https:\/\/blog.espol.edu.ec\/vkrivera\/wp-json\/wp\/v2\/pages\/53\/revisions"}],"predecessor-version":[{"id":101,"href":"https:\/\/blog.espol.edu.ec\/vkrivera\/wp-json\/wp\/v2\/pages\/53\/revisions\/101"}],"wp:attachment":[{"href":"https:\/\/blog.espol.edu.ec\/vkrivera\/wp-json\/wp\/v2\/media?parent=53"}],"curies":[{"name":"wp","href":"https:\/\/api.w.org\/{rel}","templated":true}]}}