{"id":20,"date":"2009-04-06T18:52:48","date_gmt":"2009-04-06T23:52:48","guid":{"rendered":"http:\/\/blog.espol.edu.ec\/vlirtel\/?page_id=20"},"modified":"2009-05-11T03:02:34","modified_gmt":"2009-05-11T08:02:34","slug":"publicaciones-y-ponencias","status":"publish","type":"page","link":"https:\/\/blog.espol.edu.ec\/vlirtel\/divulgacion\/publicaciones-y-ponencias\/","title":{"rendered":"Publicaciones"},"content":{"rendered":"<ul>\n<li>\u201cEstimating Signal Strengths in Indoor Wireless Systems in order to deliver a cost-effective solution optimizing the performance of the network\u201d; <em><a href=\"http:\/\/blog.espol.edu.ec\/vlirtel\/gabriel-astudillo\/\" target=\"_self\">G.A. Astudillo<\/a>, L. Gar\u00f3falo, H.X. C\u00f3rdova; IRMA 2006, Telecommunications Conference; Washington, D.C., E.U.A.<\/em><\/li>\n<li>\u201cAn\u00e1lisis Predictivo de las Perspectivas de Uso de Identificadores por Radiofrecuencia (RFID) en el Ecuador\u201d; <em><a href=\"http:\/\/blog.espol.edu.ec\/vlirtel\/gabriel-astudillo\/\" target=\"_self\">G.A. Astudillo<\/a>, S.A. Herrera, C. Monsalve; revista TENDENCIAS, Jornadas de Sistemas de Telecomunicaciones 2008; Quito,Ecuador; mayo 2008<\/em><\/li>\n<li>\u201cDesarrollo de una Herramienta Didactica de Soporte mediante Software y Hardware para los cursos de Se\u00f1ales y Sistemas Lineales usando FPGA\u201d; <em><a href=\"http:\/\/blog.espol.edu.ec\/vlirtel\/jose-cordova-garcia\/\" target=\"_self\">J.E. C\u00f3rdova<\/a>, <a href=\"http:\/\/blog.espol.edu.ec\/vlirtel\/rebeca-estrada-pico\/\" target=\"_self\">R.L. Estrada<\/a>; VI Congreso Internacional de Investigaci\u00f3n en Ingenier\u00eda El\u00e9ctrica y Electr\u00f3nica (CIIIEE 2008); Aguascaliente, AGS, M\u00e9xico; nov. 2008<\/em><\/li>\n<li>\u201cDevelopment of a Software Tool for Performance Evaluation of MIMO OFDM scheme using a didactical Approach as an Educational and Research Support in Wireless Communications \u201d, <em><a href=\"http:\/\/blog.espol.edu.ec\/vlirtel\/jose-cordova-garcia\/\" target=\"_self\">J.E. C\u00f3rdova<\/a>, <a href=\"http:\/\/blog.espol.edu.ec\/vlirtel\/rebeca-estrada-pico\/\" target=\"_self\">R.L. Estrada<\/a>;<\/em><em> WSEAS EHAC09; Cambridge, R.U.<\/em><\/li>\n<li><a href=\"http:\/\/blog.espol.edu.ec\/vlirtel\/simulacion-de-un-esquema-de-modulaciondemodulacion-ofdm-utilizando-un-modelo-de-canal-multitrayectoria\/\" target=\"_self\">\u201cSimulaci\u00f3n de un Esquema de Modulaci\u00f3n\/Demodulaci\u00f3n OFDM Utilizando un Modelo de Canal Multitrayectoria\u201d<\/a>;<a href=\"http:\/\/blog.espol.edu.ec\/vlirtel\/jose-mauricio-vergara\/\" target=\"_self\"> <\/a><em><a href=\"http:\/\/blog.espol.edu.ec\/vlirtel\/jose-mauricio-vergara\/\" target=\"_self\">J.M. Vergara<\/a>, <a href=\"http:\/\/blog.espol.edu.ec\/vlirtel\/rebeca-estrada-pico\/\" target=\"_self\">R.L. Estrada<\/a>; VI Congreso Internacional de Investigaci\u00f3n en Ingenier\u00eda El\u00e9ctrica y Electr\u00f3nica (CIIIEE 2008); Aguascaliente, AGS, M\u00e9xico; nov. 2008; <\/em><strong>ISBN:<\/strong> 978-607-95060-1-8.<\/li>\n<li>\u201cCaracterizaci\u00f3n y Simulaci\u00f3n del Devanecimiento a Corta Escala de un Canal Multitrayectoria para Esquema de Modulaci\u00f3n\/Demodulaci\u00f3n OFDM\u201d;<a href=\"http:\/\/blog.espol.edu.ec\/vlirtel\/jose-mauricio-vergara\/\" target=\"_self\"> <\/a><em><a href=\"http:\/\/blog.espol.edu.ec\/vlirtel\/jose-mauricio-vergara\/\" target=\"_self\">J.M. Vergara<\/a>, <a href=\"http:\/\/blog.espol.edu.ec\/vlirtel\/rebeca-estrada-pico\/\">R.L. Estrada<\/a>; XIII Congreso Internacional de Telecomunicaciones (SENACITEL 2008) ; Valdivia, Chile; Nov. 2008<\/em><\/li>\n<\/ul>\n","protected":false},"excerpt":{"rendered":"<p>\u201cEstimating Signal Strengths in Indoor Wireless Systems in order to deliver a cost-effective solution optimizing the performance of the network\u201d; G.A. Astudillo, L. Gar\u00f3falo, H.X. C\u00f3rdova; IRMA 2006, Telecommunications Conference; Washington, D.C., E.U.A. \u201cAn\u00e1lisis Predictivo de las Perspectivas de Uso de Identificadores por Radiofrecuencia (RFID) en el Ecuador\u201d; G.A. Astudillo, S.A. Herrera, C. Monsalve; revista [&hellip;]<\/p>\n","protected":false},"author":1500,"featured_media":0,"parent":12,"menu_order":0,"comment_status":"open","ping_status":"open","template":"","meta":{"_monsterinsights_skip_tracking":false,"_monsterinsights_sitenote_active":false,"_monsterinsights_sitenote_note":"","_monsterinsights_sitenote_category":0,"footnotes":""},"class_list":["post-20","page","type-page","status-publish","hentry"],"aioseo_notices":[],"_links":{"self":[{"href":"https:\/\/blog.espol.edu.ec\/vlirtel\/wp-json\/wp\/v2\/pages\/20","targetHints":{"allow":["GET"]}}],"collection":[{"href":"https:\/\/blog.espol.edu.ec\/vlirtel\/wp-json\/wp\/v2\/pages"}],"about":[{"href":"https:\/\/blog.espol.edu.ec\/vlirtel\/wp-json\/wp\/v2\/types\/page"}],"author":[{"embeddable":true,"href":"https:\/\/blog.espol.edu.ec\/vlirtel\/wp-json\/wp\/v2\/users\/1500"}],"replies":[{"embeddable":true,"href":"https:\/\/blog.espol.edu.ec\/vlirtel\/wp-json\/wp\/v2\/comments?post=20"}],"version-history":[{"count":7,"href":"https:\/\/blog.espol.edu.ec\/vlirtel\/wp-json\/wp\/v2\/pages\/20\/revisions"}],"predecessor-version":[{"id":192,"href":"https:\/\/blog.espol.edu.ec\/vlirtel\/wp-json\/wp\/v2\/pages\/20\/revisions\/192"}],"up":[{"embeddable":true,"href":"https:\/\/blog.espol.edu.ec\/vlirtel\/wp-json\/wp\/v2\/pages\/12"}],"wp:attachment":[{"href":"https:\/\/blog.espol.edu.ec\/vlirtel\/wp-json\/wp\/v2\/media?parent=20"}],"curies":[{"name":"wp","href":"https:\/\/api.w.org\/{rel}","templated":true}]}}