{"id":2,"date":"2011-06-08T21:53:03","date_gmt":"2011-06-08T21:53:03","guid":{"rendered":""},"modified":"2011-06-29T17:44:39","modified_gmt":"2011-06-29T22:44:39","slug":"about","status":"publish","type":"page","link":"https:\/\/blog.espol.edu.ec\/vs21\/about\/","title":{"rendered":"YoOoOoO"},"content":{"rendered":"\n\t\t<style type=\"text\/css\">\n\t\t\t#gallery-1 {\n\t\t\t\tmargin: auto;\n\t\t\t}\n\t\t\t#gallery-1 .gallery-item {\n\t\t\t\tfloat: left;\n\t\t\t\tmargin-top: 10px;\n\t\t\t\ttext-align: center;\n\t\t\t\twidth: 33%;\n\t\t\t}\n\t\t\t#gallery-1 img {\n\t\t\t\tborder: 2px solid #cfcfcf;\n\t\t\t}\n\t\t\t#gallery-1 .gallery-caption {\n\t\t\t\tmargin-left: 0;\n\t\t\t}\n\t\t\t\/* see gallery_shortcode() in wp-includes\/media.php *\/\n\t\t<\/style>\n\t\t<div id='gallery-1' class='gallery galleryid-2 gallery-columns-3 gallery-size-thumbnail'><dl class='gallery-item'>\n\t\t\t<dt class='gallery-icon landscape'>\n\t\t\t\t<a href='https:\/\/blog.espol.edu.ec\/vs21\/about\/gato-pianista\/'><img loading=\"lazy\" decoding=\"async\" width=\"150\" height=\"150\" src=\"https:\/\/blog.espol.edu.ec\/vs21\/files\/2011\/06\/Gato-pianista-150x150.jpg\" class=\"attachment-thumbnail size-thumbnail\" alt=\"2 de mis pasiones\" \/><\/a>\n\t\t\t<\/dt><\/dl><dl class='gallery-item'>\n\t\t\t<dt class='gallery-icon portrait'>\n\t\t\t\t<a href='https:\/\/blog.espol.edu.ec\/vs21\/about\/252400_1942183806416_1597089331_31949649_1973110_n\/'><img loading=\"lazy\" decoding=\"async\" width=\"150\" height=\"150\" src=\"https:\/\/blog.espol.edu.ec\/vs21\/files\/2011\/06\/252400_1942183806416_1597089331_31949649_1973110_n-150x150.jpg\" class=\"attachment-thumbnail size-thumbnail\" alt=\"Espejos jeje\" \/><\/a>\n\t\t\t<\/dt><\/dl><dl class='gallery-item'>\n\t\t\t<dt class='gallery-icon landscape'>\n\t\t\t\t<a href='https:\/\/blog.espol.edu.ec\/vs21\/about\/38536_1454620897648_1597089331_31101638_1299222_n\/'><img loading=\"lazy\" decoding=\"async\" width=\"150\" height=\"150\" src=\"https:\/\/blog.espol.edu.ec\/vs21\/files\/2011\/06\/38536_1454620897648_1597089331_31101638_1299222_n-150x150.jpg\" class=\"attachment-thumbnail size-thumbnail\" alt=\"Parte de mi familia :D\" \/><\/a>\n\t\t\t<\/dt><\/dl><br style=\"clear: both\" \/>\n\t\t<\/div>\n\n<p>Tengo 17 a\u00f1os , soy cristiano, canto en una iglesia en Gral. Villamil Playas. Tengo 5 hermanos \ud83d\ude00 incluyendo a mi hermano gemelo \ud83d\ude00 \ud83d\ude00<\/p>\n<p>Mi color favorito es el <em>verde,<\/em> mi banda favorita es Hillsong, estudio en la Espol en la carrera de Econom\u00eda. Amo estar en Playas, fui criado desde mi ni\u00f1ez y me gusta caminar por la ma\u00f1ana en la playa:D<\/p>\n<p>Me encantan los gatos \ud83d\ude00 y tambien tocar el piano \ud83d\ude00 a lo largo de mi vida he tenido muchas compa\u00f1ias pero siento q ser amigo es un t\u00e9rmino que muy pocos se ganas, para m\u00ed la primera impresi\u00f3n cuenta mucho.... \ud83d\ude42<\/p>\n<p>Amo mi nombre jejeje, es b\u00edblico y a pesar de lo que le pasa al rey Sa\u00fal (1 samuel desde el cap 9) al final, es como una muestra de lo que pasa si no depositamos nuestra Fe en El \ud83d\ude00<\/p>\n","protected":false},"excerpt":{"rendered":"<p>Tengo 17 a\u00f1os , soy cristiano, canto en una iglesia en Gral. Villamil Playas. Tengo 5 hermanos \ud83d\ude00 incluyendo a mi hermano gemelo \ud83d\ude00 \ud83d\ude00 Mi color favorito es el verde, mi banda favorita es Hillsong, estudio en la Espol en la carrera de Econom\u00eda. Amo estar en Playas, fui criado desde mi ni\u00f1ez y [&hellip;]<\/p>\n","protected":false},"author":6290,"featured_media":0,"parent":0,"menu_order":0,"comment_status":"open","ping_status":"open","template":"","meta":{"footnotes":""},"class_list":["post-2","page","type-page","status-publish","hentry"],"_links":{"self":[{"href":"https:\/\/blog.espol.edu.ec\/vs21\/wp-json\/wp\/v2\/pages\/2","targetHints":{"allow":["GET"]}}],"collection":[{"href":"https:\/\/blog.espol.edu.ec\/vs21\/wp-json\/wp\/v2\/pages"}],"about":[{"href":"https:\/\/blog.espol.edu.ec\/vs21\/wp-json\/wp\/v2\/types\/page"}],"author":[{"embeddable":true,"href":"https:\/\/blog.espol.edu.ec\/vs21\/wp-json\/wp\/v2\/users\/6290"}],"replies":[{"embeddable":true,"href":"https:\/\/blog.espol.edu.ec\/vs21\/wp-json\/wp\/v2\/comments?post=2"}],"version-history":[{"count":12,"href":"https:\/\/blog.espol.edu.ec\/vs21\/wp-json\/wp\/v2\/pages\/2\/revisions"}],"predecessor-version":[{"id":7,"href":"https:\/\/blog.espol.edu.ec\/vs21\/wp-json\/wp\/v2\/pages\/2\/revisions\/7"}],"wp:attachment":[{"href":"https:\/\/blog.espol.edu.ec\/vs21\/wp-json\/wp\/v2\/media?parent=2"}],"curies":[{"name":"wp","href":"https:\/\/api.w.org\/{rel}","templated":true}]}}