{"id":71,"date":"2011-06-29T08:33:54","date_gmt":"2011-06-29T13:33:54","guid":{"rendered":"http:\/\/blog.espol.edu.ec\/vs21\/?page_id=71"},"modified":"2011-06-29T08:34:29","modified_gmt":"2011-06-29T13:34:29","slug":"galilea-playas","status":"publish","type":"page","link":"https:\/\/blog.espol.edu.ec\/vs21\/galilea-playas\/","title":{"rendered":"GaLiLeA PlAyAs"},"content":{"rendered":"\n\t\t<style type=\"text\/css\">\n\t\t\t#gallery-1 {\n\t\t\t\tmargin: auto;\n\t\t\t}\n\t\t\t#gallery-1 .gallery-item {\n\t\t\t\tfloat: left;\n\t\t\t\tmargin-top: 10px;\n\t\t\t\ttext-align: center;\n\t\t\t\twidth: 33%;\n\t\t\t}\n\t\t\t#gallery-1 img {\n\t\t\t\tborder: 2px solid #cfcfcf;\n\t\t\t}\n\t\t\t#gallery-1 .gallery-caption {\n\t\t\t\tmargin-left: 0;\n\t\t\t}\n\t\t\t\/* see gallery_shortcode() in wp-includes\/media.php *\/\n\t\t<\/style>\n\t\t<div id='gallery-1' class='gallery galleryid-71 gallery-columns-3 gallery-size-thumbnail'><dl class='gallery-item'>\n\t\t\t<dt class='gallery-icon landscape'>\n\t\t\t\t<a href='https:\/\/blog.espol.edu.ec\/vs21\/galilea-playas\/dsc00046\/'><img loading=\"lazy\" decoding=\"async\" width=\"150\" height=\"150\" src=\"https:\/\/blog.espol.edu.ec\/vs21\/files\/2011\/06\/DSC00046-150x150.jpg\" class=\"attachment-thumbnail size-thumbnail\" alt=\"\" \/><\/a>\n\t\t\t<\/dt><\/dl><dl class='gallery-item'>\n\t\t\t<dt class='gallery-icon landscape'>\n\t\t\t\t<a href='https:\/\/blog.espol.edu.ec\/vs21\/galilea-playas\/imagen-134\/'><img loading=\"lazy\" decoding=\"async\" width=\"150\" height=\"150\" src=\"https:\/\/blog.espol.edu.ec\/vs21\/files\/2011\/06\/Imagen-134-150x150.jpg\" class=\"attachment-thumbnail size-thumbnail\" alt=\"\" \/><\/a>\n\t\t\t<\/dt><\/dl><dl class='gallery-item'>\n\t\t\t<dt class='gallery-icon landscape'>\n\t\t\t\t<a href='https:\/\/blog.espol.edu.ec\/vs21\/galilea-playas\/boda-tia-009\/'><img loading=\"lazy\" decoding=\"async\" width=\"150\" height=\"150\" src=\"https:\/\/blog.espol.edu.ec\/vs21\/files\/2011\/06\/boda-t\u00eda-009-150x150.jpg\" class=\"attachment-thumbnail size-thumbnail\" alt=\"\" \/><\/a>\n\t\t\t<\/dt><\/dl><br style=\"clear: both\" \/><dl class='gallery-item'>\n\t\t\t<dt class='gallery-icon landscape'>\n\t\t\t\t<a href='https:\/\/blog.espol.edu.ec\/vs21\/galilea-playas\/62555_1516802654359_1663283449_1233242_3851777_n\/'><img loading=\"lazy\" decoding=\"async\" width=\"150\" height=\"150\" src=\"https:\/\/blog.espol.edu.ec\/vs21\/files\/2011\/06\/62555_1516802654359_1663283449_1233242_3851777_n-150x150.jpg\" class=\"attachment-thumbnail size-thumbnail\" alt=\"\" \/><\/a>\n\t\t\t<\/dt><\/dl><dl class='gallery-item'>\n\t\t\t<dt class='gallery-icon landscape'>\n\t\t\t\t<a href='https:\/\/blog.espol.edu.ec\/vs21\/galilea-playas\/img01270-20110219-1706\/'><img loading=\"lazy\" decoding=\"async\" width=\"150\" height=\"150\" src=\"https:\/\/blog.espol.edu.ec\/vs21\/files\/2011\/06\/IMG01270-20110219-1706-150x150.jpg\" class=\"attachment-thumbnail size-thumbnail\" alt=\"\" \/><\/a>\n\t\t\t<\/dt><\/dl>\n\t\t\t<br style='clear: both' \/>\n\t\t<\/div>\n\n<p>En Diciembre del 2005 una familia de Playas; el Sr Vicente Pinargote, su esposa Ermita Vera y sus 5 hijos, conocieron del Se\u00f1or y entregaron sus vidas a El.<\/p>\n<p>Enamorados de Dios y con fuertes deseos de servirle bajaron a las aguas el 19 de Marzo del 2006 y preocupados por su crecimiento espiritual para poder testimoniar del Evangelio al pueblo en donde viv\u00edan, empezaron a asistir a las actividades de la Iglesia Galilea de Guayaquil sin dejar de orar porque el Se\u00f1or env\u00ede obreros a Playas.<\/p>\n<p>En Noviembre del mismo a\u00f1o, sus oraciones fueron contestadas con la llegada de 2 fieles servidores y amantes de las almas, Susana N\u00fa\u00f1ez y su hijo Tito Campos, quienes con amor empezaron a predicar al pueblo de Playas cada fin de semana en la casa de la familia Pinargote.<\/p>\n<p>Como la gente que asist\u00eda a esta barca empez\u00f3 a multiplicarse. En Noviembre del 2007 empezaron a celebrarse los primeros cultos dominicales los cuales han sido llenos de bendici\u00f3n hasta la fecha de hoy.<\/p>\n<p>En el 2008 se incorpor\u00f3 al servicio de la Iglesia el hermano Byron Velasco quien fue un instrumento de Dios para la ense\u00f1anza de la alabanza.<\/p>\n<p>Actualmente la obra est\u00e1 en manos del Pastor Tito Roggiero, quien la asumi\u00f3 el s\u00e1bado 4 de abril del 2009 Y la cumple d\u00eda a d\u00eda con fidelidad y amor.<\/p>\n","protected":false},"excerpt":{"rendered":"<p>En Diciembre del 2005 una familia de Playas; el Sr Vicente Pinargote, su esposa Ermita Vera y sus 5 hijos, conocieron del Se\u00f1or y entregaron sus vidas a El. Enamorados de Dios y con fuertes deseos de servirle bajaron a las aguas el 19 de Marzo del 2006 y preocupados por su crecimiento espiritual para [&hellip;]<\/p>\n","protected":false},"author":6290,"featured_media":0,"parent":0,"menu_order":0,"comment_status":"open","ping_status":"open","template":"","meta":{"footnotes":""},"class_list":["post-71","page","type-page","status-publish","hentry"],"_links":{"self":[{"href":"https:\/\/blog.espol.edu.ec\/vs21\/wp-json\/wp\/v2\/pages\/71","targetHints":{"allow":["GET"]}}],"collection":[{"href":"https:\/\/blog.espol.edu.ec\/vs21\/wp-json\/wp\/v2\/pages"}],"about":[{"href":"https:\/\/blog.espol.edu.ec\/vs21\/wp-json\/wp\/v2\/types\/page"}],"author":[{"embeddable":true,"href":"https:\/\/blog.espol.edu.ec\/vs21\/wp-json\/wp\/v2\/users\/6290"}],"replies":[{"embeddable":true,"href":"https:\/\/blog.espol.edu.ec\/vs21\/wp-json\/wp\/v2\/comments?post=71"}],"version-history":[{"count":3,"href":"https:\/\/blog.espol.edu.ec\/vs21\/wp-json\/wp\/v2\/pages\/71\/revisions"}],"predecessor-version":[{"id":79,"href":"https:\/\/blog.espol.edu.ec\/vs21\/wp-json\/wp\/v2\/pages\/71\/revisions\/79"}],"wp:attachment":[{"href":"https:\/\/blog.espol.edu.ec\/vs21\/wp-json\/wp\/v2\/media?parent=71"}],"curies":[{"name":"wp","href":"https:\/\/api.w.org\/{rel}","templated":true}]}}

<style type="text/css">
			#gallery-1 {
				margin: auto;
			}
			#gallery-1 .gallery-item {
				float: left;
				margin-top: 10px;
				text-align: center;
				width: 33%;
			}
			#gallery-1 img {
				border: 2px solid #cfcfcf;
			}
			#gallery-1 .gallery-caption {
				margin-left: 0;
			}
			/* see gallery_shortcode() in wp-includes/media.php */
		</style>
		<div id='gallery-1' class='gallery galleryid-71 gallery-columns-3 gallery-size-thumbnail'><dl class='gallery-item'>
			<dt class='gallery-icon landscape'>
				<a href='https://blog.espol.edu.ec/vs21/galilea-playas/dsc00046/'><img loading="lazy" decoding="async" width="150" height="150" src="https://blog.espol.edu.ec/vs21/files/2011/06/DSC00046-150x150.jpg" class="attachment-thumbnail size-thumbnail" alt="" /></a>
			</dt></dl><dl class='gallery-item'>
			<dt class='gallery-icon landscape'>
				<a href='https://blog.espol.edu.ec/vs21/galilea-playas/imagen-134/'><img loading="lazy" decoding="async" width="150" height="150" src="https://blog.espol.edu.ec/vs21/files/2011/06/Imagen-134-150x150.jpg" class="attachment-thumbnail size-thumbnail" alt="" /></a>
			</dt></dl><dl class='gallery-item'>
			<dt class='gallery-icon landscape'>
				<a href='https://blog.espol.edu.ec/vs21/galilea-playas/boda-tia-009/'><img loading="lazy" decoding="async" width="150" height="150" src="https://blog.espol.edu.ec/vs21/files/2011/06/boda-tía-009-150x150.jpg" class="attachment-thumbnail size-thumbnail" alt="" /></a>
			</dt></dl><br style="clear: both" /><dl class='gallery-item'>
			<dt class='gallery-icon landscape'>
				<a href='https://blog.espol.edu.ec/vs21/galilea-playas/62555_1516802654359_1663283449_1233242_3851777_n/'><img loading="lazy" decoding="async" width="150" height="150" src="https://blog.espol.edu.ec/vs21/files/2011/06/62555_1516802654359_1663283449_1233242_3851777_n-150x150.jpg" class="attachment-thumbnail size-thumbnail" alt="" /></a>
			</dt></dl><dl class='gallery-item'>
			<dt class='gallery-icon landscape'>
				<a href='https://blog.espol.edu.ec/vs21/galilea-playas/img01270-20110219-1706/'><img loading="lazy" decoding="async" width="150" height="150" src="https://blog.espol.edu.ec/vs21/files/2011/06/IMG01270-20110219-1706-150x150.jpg" class="attachment-thumbnail size-thumbnail" alt="" /></a>
			</dt></dl>
			<br style='clear: both' />
		</div>

<p>En Diciembre del 2005 una familia de Playas; el Sr Vicente Pinargote, su esposa Ermita Vera y sus 5 hijos, conocieron del Señor y entregaron sus vidas a El.</p>
<p>Enamorados de Dios y con fuertes deseos de servirle bajaron a las aguas el 19 de Marzo del 2006 y preocupados por su crecimiento espiritual para poder testimoniar del Evangelio al pueblo en donde vivían, empezaron a asistir a las actividades de la Iglesia Galilea de Guayaquil sin dejar de orar porque el Señor envíe obreros a Playas.</p>
<p>En Noviembre del mismo año, sus oraciones fueron contestadas con la llegada de 2 fieles servidores y amantes de las almas, Susana Núñez y su hijo Tito Campos, quienes con amor empezaron a predicar al pueblo de Playas cada fin de semana en la casa de la familia Pinargote.</p>
<p>Como la gente que asistía a esta barca empezó a multiplicarse. En Noviembre del 2007 empezaron a celebrarse los primeros cultos dominicales los cuales han sido llenos de bendición hasta la fecha de hoy.</p>
<p>En el 2008 se incorporó al servicio de la Iglesia el hermano Byron Velasco quien fue un instrumento de Dios para la enseñanza de la alabanza.</p>
<p>Actualmente la obra está en manos del Pastor Tito Roggiero, quien la asumió el sábado 4 de abril del 2009 Y la cumple día a día con fidelidad y amor.</p>

<p>En Diciembre del 2005 una familia de Playas; el Sr Vicente Pinargote, su esposa Ermita Vera y sus 5 hijos, conocieron del Señor y entregaron sus vidas a El. Enamorados de Dios y con fuertes deseos de servirle bajaron a las aguas el 19 de Marzo del 2006 y preocupados por su crecimiento espiritual para [&hellip;]</p>
