{"id":754,"date":"2009-07-10T15:38:02","date_gmt":"2009-07-10T20:38:02","guid":{"rendered":"http:\/\/blog.espol.edu.ec\/wirelez\/?page_id=754"},"modified":"2009-07-14T21:25:34","modified_gmt":"2009-07-15T02:25:34","slug":"wirelezztwitter","status":"publish","type":"page","link":"https:\/\/blog.espol.edu.ec\/wirelez\/?page_id=754","title":{"rendered":"twirelezz"},"content":{"rendered":"<p align=\"center\"><font size=\"3\"><img decoding=\"async\" src=\"http:\/\/blog.espol.edu.ec\/wirelez\/files\/2009\/07\/twirelezzbanner.jpg\" \/><br \/>\n<\/br>\n<\/p>\n<p>\n<\/br><br \/>\ntWirelezz es una aplicaci\u00f3n <a href=\"http:\/\/www.twitter.com\">Twitter<\/a> SMS. La program\u00e9 pensando en los momentos en los que no estaba frente al computador y me hubiera gustado twittear: podr\u00eda llegar a ser divertido twittear con s\u00f3lo enviar un SMS. En <a href=\"http:\/\/blog.espol.edu.ec\/wirelez\/?p=762\">este post<\/a> explico con m\u00e1s detalle de qu\u00e9 se trata.<br \/>\n<\/br><br \/>\n<\/br><\/p>\n<p align=\"center\"><img decoding=\"async\" src=\"http:\/\/blog.espol.edu.ec\/wirelez\/files\/2009\/07\/plano.jpg\" \/><br \/>\n<\/br><\/p>\n<p><\/br><br \/>\nHe estado experimentando con aplicaciones SMS para resolver problemas comunes, dentro del proceso he aprendido algunas cosas y del lado de las motivaciones geeks, se encuentra esta aplicaci\u00f3n, que la program\u00e9 sin ning\u00fan \u00e1nimo de distribuirla o que est\u00e9 disponible para descargar.<br \/>\n<\/br><br \/>\nNo obstante, he recibido feedbacks de que ser\u00eda divertido twittear desde el celular, as\u00ed que no podr\u00eda descartar en ofrecerlo como un servicio. Si eres de Ecuador, quiz\u00e1s podr\u00edas ayudarme con una peque\u00f1a encuesta:<\/p>\n<p><a href=\"http:\/\/www.survey.com\/cgi-bin\/pollxt.pl?poll=PM2U1AR6G2M8\">ENCUESTA!<\/a><\/p>\n<p>agradezco tu ayuda \ud83d\ude42<br \/>\n<\/font><\/p>\n","protected":false},"excerpt":{"rendered":"<p>tWirelezz es una aplicaci\u00f3n Twitter SMS. La program\u00e9 pensando en los momentos en los que no estaba frente al computador y me hubiera gustado twittear: podr\u00eda llegar a ser divertido twittear con s\u00f3lo enviar un SMS. En este post explico con m\u00e1s detalle de qu\u00e9 se trata. He estado experimentando con aplicaciones SMS para resolver [&hellip;]<\/p>\n","protected":false},"author":13,"featured_media":0,"parent":0,"menu_order":0,"comment_status":"open","ping_status":"open","template":"","meta":{"_monsterinsights_skip_tracking":false,"_monsterinsights_sitenote_active":false,"_monsterinsights_sitenote_note":"","_monsterinsights_sitenote_category":0,"footnotes":""},"class_list":["post-754","page","type-page","status-publish","hentry"],"_links":{"self":[{"href":"https:\/\/blog.espol.edu.ec\/wirelez\/index.php?rest_route=\/wp\/v2\/pages\/754","targetHints":{"allow":["GET"]}}],"collection":[{"href":"https:\/\/blog.espol.edu.ec\/wirelez\/index.php?rest_route=\/wp\/v2\/pages"}],"about":[{"href":"https:\/\/blog.espol.edu.ec\/wirelez\/index.php?rest_route=\/wp\/v2\/types\/page"}],"author":[{"embeddable":true,"href":"https:\/\/blog.espol.edu.ec\/wirelez\/index.php?rest_route=\/wp\/v2\/users\/13"}],"replies":[{"embeddable":true,"href":"https:\/\/blog.espol.edu.ec\/wirelez\/index.php?rest_route=%2Fwp%2Fv2%2Fcomments&post=754"}],"version-history":[{"count":11,"href":"https:\/\/blog.espol.edu.ec\/wirelez\/index.php?rest_route=\/wp\/v2\/pages\/754\/revisions"}],"predecessor-version":[{"id":791,"href":"https:\/\/blog.espol.edu.ec\/wirelez\/index.php?rest_route=\/wp\/v2\/pages\/754\/revisions\/791"}],"wp:attachment":[{"href":"https:\/\/blog.espol.edu.ec\/wirelez\/index.php?rest_route=%2Fwp%2Fv2%2Fmedia&parent=754"}],"curies":[{"name":"wp","href":"https:\/\/api.w.org\/{rel}","templated":true}]}}