{"id":22,"date":"2010-06-11T19:57:12","date_gmt":"2010-06-11T19:57:12","guid":{"rendered":"http:\/\/blog.espol.edu.ec\/wrizzo\/?page_id=22"},"modified":"2010-06-11T20:01:54","modified_gmt":"2010-06-11T20:01:54","slug":"cine","status":"publish","type":"page","link":"https:\/\/blog.espol.edu.ec\/wrizzo\/cine\/","title":{"rendered":"\"cine\""},"content":{"rendered":"<p><a href=\"http:\/\/www.cinemark.com.ec\/boton1.htm\" target=\"_self\"><img loading=\"lazy\" decoding=\"async\" src=\"http:\/\/www.cinemark.com.ec\/images\/foEst_01.gif\" border=\"0\" alt=\"\" vspace=\"10\" width=\"162\" height=\"84\" \/><\/a><\/p>\n<p>DIA LOCO<\/p>\n<p><span style=\"font-family: Verdana, Arial, Helvetica, sans-serif;font-size: xx-small\"><span style=\"color: #000000\">Plaza de las Am\u00e9ricas todo el d\u00eda $1.85 <strong>este martes 8 de Junio del 2010. <\/strong><\/span><strong><span style=\"font-family: Verdana, Arial, Helvetica, sans-serif;font-size: xx-small\"><span style=\"font-family: Verdana, Arial, Helvetica, sans-serif;font-size: xx-small\"><span style=\"color: #000000\"><strong>martes <\/strong><\/span><span style=\"font-family: Verdana, Arial, Helvetica, sans-serif;font-size: xx-small\"><span style=\"color: #000000\"><strong>martes 8 de Junio <\/strong><\/span><\/span><\/span><span style=\"color: #000000\"><strong>del 2010. <\/strong><\/span><\/span><span style=\"color: #990000;font-size: small\"><br \/>\nRECLAMA TU: 2X1<\/span><\/strong><\/span><span style=\"font-family: Verdana, Arial, Helvetica, sans-serif;font-size: xx-small\"><strong>2 x 1<\/strong> en las carteleras del Diario Hoy (AMBATO) de fin de semana (recorta y ac\u00e9rcate con esta promo a las boleter\u00edas)<\/span><br \/>\n<span style=\"font-family: Verdana, Arial, Helvetica, sans-serif;font-size: xx-small\"><img loading=\"lazy\" decoding=\"async\" src=\"http:\/\/www.cinemark.com.ec\/images\/Tarjeta.jpg\" alt=\"\" width=\"170\" height=\"130\" align=\"right\" \/><\/span><span style=\"font-family: Verdana, Arial, Helvetica, sans-serif;color: #990000;font-size: xx-small\"><strong><\/strong><\/span><span style=\"font-family: Verdana, Arial, Helvetica, sans-serif;color: #990000;font-size: xx-small\"><strong><br \/>\n<\/strong><\/span><span style=\"font-family: Verdana, Arial, Helvetica, sans-serif;color: #990000;font-size: xx-small\"><strong><span style=\"font-size: small\">CINEMARK<br \/>\nGOLD CARD<\/span><\/strong><\/span><span style=\"font-family: Verdana, Arial, Helvetica, sans-serif;color: #990000;font-size: small\"><strong><br \/>\n<\/strong><\/span><span style=\"font-family: Verdana, Arial, Helvetica, sans-serif;color: #990000;font-size: xx-small\"><strong><br \/>\n<\/strong><\/span><br \/>\n<span style=\"font-family: Verdana, Arial, Helvetica, sans-serif;font-size: xx-small\"><strong><span style=\"font-size: x-small\">CINEMARK GOLD CARD COMO PUEDES OBTENERLA?<\/span><\/strong><\/span><\/p>\n<p>Mall del Sur y Mall de los Andes todo el d\u00eda $1.70 <strong>este<\/strong><span style=\"font-family: Verdana, Arial, Helvetica, sans-serif;font-size: xx-small\"><span style=\"color: #000000\"><strong>martes 8 de Junio <\/strong><\/span><strong>del 2010. <\/strong><\/span><br \/>\nMall del Sol todo el d\u00eda $1.85<\/p>\n<p><strong>2 x 1<\/strong> v\u00e1lido de Lunes a Jueves en Cinemark presentando la tarjeta Socio Preferente Club Hotel Marriot.<\/p>\n<p><strong>2 x 1<\/strong> Tarjeta Supermax\u00ed Ilimitada \/ Empresarial. V\u00e1lida todos los Lunes y Jueves, aplicado a la tarifa de adulto de fin de semana.<\/p>\n<p>Ac\u00e9rcate a las boleter\u00edas de cualquier Cinemark a nivel nacional y llena un formulario con tus datos personales y cancela el valor de \u00fanicamente $15.00 USD, inmediatamente se te entregar\u00e1 una nota de venta con la que podr\u00e1s utilizar tus beneficios a nivel nacional en cualquiera de nuestros Cines, en 15 d\u00edas laborables podr\u00e1s tener ya tu tarjeta con validez de un a\u00f1o.<\/p>\n<p><span style=\"font-size: x-small\"><strong><span style=\"color: #990000\">C\u00f3mprala ya\u2026<\/span><\/strong><\/span><\/p>\n<p><span style=\"font-family: Verdana, Arial, Helvetica, sans-serif;color: #990000;font-size: xx-small\"><strong>Beneficios generales en el cine<\/strong><\/span>\u00a0<\/p>\n<table id=\"AutoNumber1\" border=\"1\" cellspacing=\"0\" cellpadding=\"1\" width=\"100%\">\n<tbody>\n<tr bgcolor=\"#c0c0c0\">\n<td align=\"center\"><strong><span style=\"color: #333333\"><span style=\"font-family: Arial\">Ciudad<\/span> <\/span><\/strong><\/td>\n<td><strong><span style=\"font-family: Arial;color: #333333\">Pel\u00edcula<\/span><\/strong><\/td>\n<td align=\"center\"><strong><span style=\"font-family: Arial;color: #333333\">Horario<\/span> <\/strong><\/td>\n<td align=\"center\"><strong><span style=\"font-family: Arial;color: #333333\">WebSite<\/span><\/strong><\/td>\n<\/tr>\n<tr>\n<td>\n<div><strong><span><span style=\"font-family: Arial\">Guayaquil 9 y 7 <\/span><\/span><\/strong><\/div>\n<\/td>\n<td>\n<div><strong><span style=\"font-family: Arial\">Alicia en el Pais de las Maravillas<\/span> <\/strong><\/div>\n<\/td>\n<td width=\"40%\" align=\"center\"><strong><span><span style=\"font-family: Arial\">Viernes 05 de Marzo a Jueves 11de Marzo \/'10 <\/span><\/span><\/strong><\/td>\n<td align=\"center\"><strong><span><span style=\"font-family: Arial;color: #990000\"><a href=\"http:\/\/adisney.go.com\/disneypictures\/aliceinwonderland\/\" target=\"_blank\"><\/a><\/span><\/span><\/strong><\/td>\n<\/tr>\n<tr>\n<td>\n<div><strong><span><span style=\"font-family: Arial\">Guayaquil 9 y 7 <\/span><\/span><\/strong><\/div>\n<\/td>\n<td>\n<div><strong><span style=\"font-family: Arial\">Un Sue\u00f1o Posible<\/span> <\/strong><\/div>\n<\/td>\n<td width=\"40%\" align=\"center\"><strong><span><span style=\"font-family: Arial\">Viernes 12 de Marzo a Jueves 18de Marzo \/'10 <\/span><\/span><\/strong><\/td>\n<td align=\"center\"><strong><span><span style=\"font-family: Arial;color: #990000\"><a href=\"http:\/\/www.theblindsidemovie.com\/\" target=\"_blank\"><\/a><\/span><\/span><\/strong><\/td>\n<\/tr>\n<tr>\n<td>\n<div><strong><span><span style=\"font-family: Arial\">Guayaquil 9 y 7 <\/span><\/span><\/strong><\/div>\n<\/td>\n<td>\n<div><strong><span style=\"font-family: Arial\">Asesino Ninja<\/span> <\/strong><\/div>\n<\/td>\n<td width=\"40%\" align=\"center\"><strong><span><span style=\"font-family: Arial\">Viernes 05 de Marzo a Jueves 11de Marzo \/'10 <\/span><\/span><\/strong><\/td>\n<td align=\"center\"><strong><span><span style=\"font-family: Arial;color: #990000\"><a href=\"http:\/\/ninja-assassin-movie.warnerbros.com\/dvd\/\" target=\"_blank\"><\/a><\/span><\/span><\/strong><\/td>\n<\/tr>\n<tr>\n<td>\n<div><strong><span><span style=\"font-family: Arial\">Guayaquil 9 y 7 <\/span><\/span><\/strong><\/div>\n<\/td>\n<td>\n<div><strong><span style=\"font-family: Arial\">Siempre Hay Tiempo para Reir<\/span> <\/strong><\/div>\n<\/td>\n<td width=\"40%\" align=\"center\"><strong><span><span style=\"font-family: Arial\">Viernes 05 de Marzo a Jueves 11de Marzo \/'10 <\/span><\/span><\/strong><\/td>\n<td align=\"center\"><strong><span><span style=\"font-family: Arial;color: #990000\"><a href=\"http:\/\/www.funnypeoplemovie.com\/\" target=\"_blank\"><\/a><\/span><\/span><\/strong><\/td>\n<\/tr>\n<tr>\n<td>\n<div><strong><span><span style=\"font-family: Arial\">Guayaquil 9 y 7 <\/span><\/span><\/strong><\/div>\n<\/td>\n<td>\n<div><strong><span style=\"font-family: Arial\">Abr\u00edgate<\/span> <\/strong><\/div>\n<\/td>\n<td width=\"40%\" align=\"center\"><strong><span><span style=\"font-family: Arial\">Viernes 09 de Marzo a Jueves 15 de Marzo \/'10 <\/span><\/span><\/strong><\/td>\n<td align=\"center\"><strong><span><span style=\"font-family: Arial;color: #990000\"><a href=\"http:\/\/www.imdb.es\/title\/tt0836632\/combined?0836632\" target=\"_blank\"><\/a><\/span><\/span><\/strong><\/td>\n<\/tr>\n<tr>\n<td>\n<div><strong><span><span style=\"font-family: Arial\">Guayaquil 9 y 7 <\/span><\/span><\/strong><\/div>\n<\/td>\n<td>\n<div><strong><span style=\"font-family: Arial\">Enamor\u00e1ndome de mi ex<\/span> <\/strong><\/div>\n<\/td>\n<td width=\"40%\" align=\"center\"><strong><span><span style=\"font-family: Arial\">Viernes 09 de Marzo a Jueves 15 de Marzo \/'10 <\/span><\/span><\/strong><\/td>\n<td align=\"center\"><strong><span><span style=\"font-family: Arial;color: #990000\"><a href=\"http:\/\/www.itscomplicatedmovie.com\/\" target=\"_blank\"><\/a><\/span><\/span><\/strong><\/td>\n<\/tr>\n<tr>\n<td>\n<div><strong><span><span style=\"font-family: Arial\">Guayaquil 9 y 7 <\/span><\/span><\/strong><\/div>\n<\/td>\n<td>\n<div><strong><span style=\"font-family: Arial\">Una noche fuera de serie<\/span> <\/strong><\/div>\n<\/td>\n<td width=\"40%\" align=\"center\"><strong><span><span style=\"font-family: Arial\">Viernes 09 de Marzo a Jueves 15 de Marzo \/'10 <\/span><\/span><\/strong><\/td>\n<td align=\"center\"><strong><span><span style=\"font-family: Arial;color: #990000\"><a href=\"http:\/\/www.datenight-movie.com\/#\/home\" target=\"_blank\"><\/a><\/span><\/span><\/strong><\/td>\n<\/tr>\n<tr>\n<td>\n<div><strong><span><span style=\"font-family: Arial\">Guayaquil 9 y 7 <\/span><\/span><\/strong><\/div>\n<\/td>\n<td>\n<div><strong><span style=\"font-family: Arial\">Fama<\/span> <\/strong><\/div>\n<\/td>\n<td width=\"40%\" align=\"center\"><strong><span><span style=\"font-family: Arial\">Viernes 12 de Marzo a Jueves 18de Marzo \/'10 <\/span><\/span><\/strong><\/td>\n<td align=\"center\"><strong><span><span style=\"font-family: Arial;color: #990000\"><a href=\"http:\/\/www.widepictures.es\/fama\/\" target=\"_blank\"><\/a><\/span><\/span><\/strong><\/td>\n<\/tr>\n<tr>\n<td>\n<div><strong><span><span style=\"font-family: Arial\">Guayaquil 9 y 7 <\/span><\/span><\/strong><\/div>\n<\/td>\n<td>\n<div><strong><span style=\"font-family: Arial\">Asalto al Camion Blindado<\/span> <\/strong><\/div>\n<\/td>\n<td width=\"40%\" align=\"center\"><strong><span><span style=\"font-family: Arial\">Viernes 12 de Marzo a Jueves 18de Marzo <\/span><\/span><\/strong><\/td>\n<\/tr>\n<\/tbody>\n<\/table>\n","protected":false},"excerpt":{"rendered":"<p>DIA LOCO Plaza de las Am\u00e9ricas todo el d\u00eda $1.85 este martes 8 de Junio del 2010. martes martes 8 de Junio del 2010. RECLAMA TU: 2X12 x 1 en las carteleras del Diario Hoy (AMBATO) de fin de semana (recorta y ac\u00e9rcate con esta promo a las boleter\u00edas) CINEMARK GOLD CARD CINEMARK GOLD CARD [&hellip;]<\/p>\n","protected":false},"author":4396,"featured_media":0,"parent":0,"menu_order":0,"comment_status":"open","ping_status":"open","template":"","meta":{"footnotes":""},"class_list":["post-22","page","type-page","status-publish","hentry"],"_links":{"self":[{"href":"https:\/\/blog.espol.edu.ec\/wrizzo\/wp-json\/wp\/v2\/pages\/22","targetHints":{"allow":["GET"]}}],"collection":[{"href":"https:\/\/blog.espol.edu.ec\/wrizzo\/wp-json\/wp\/v2\/pages"}],"about":[{"href":"https:\/\/blog.espol.edu.ec\/wrizzo\/wp-json\/wp\/v2\/types\/page"}],"author":[{"embeddable":true,"href":"https:\/\/blog.espol.edu.ec\/wrizzo\/wp-json\/wp\/v2\/users\/4396"}],"replies":[{"embeddable":true,"href":"https:\/\/blog.espol.edu.ec\/wrizzo\/wp-json\/wp\/v2\/comments?post=22"}],"version-history":[{"count":2,"href":"https:\/\/blog.espol.edu.ec\/wrizzo\/wp-json\/wp\/v2\/pages\/22\/revisions"}],"predecessor-version":[{"id":24,"href":"https:\/\/blog.espol.edu.ec\/wrizzo\/wp-json\/wp\/v2\/pages\/22\/revisions\/24"}],"wp:attachment":[{"href":"https:\/\/blog.espol.edu.ec\/wrizzo\/wp-json\/wp\/v2\/media?parent=22"}],"curies":[{"name":"wp","href":"https:\/\/api.w.org\/{rel}","templated":true}]}}