{"id":82,"date":"2012-04-25T10:28:47","date_gmt":"2012-04-25T14:28:47","guid":{"rendered":"http:\/\/blog.espol.edu.ec\/xallam\/?page_id=82"},"modified":"2017-02-23T06:25:45","modified_gmt":"2017-02-23T05:25:45","slug":"gsoc-2012","status":"publish","type":"page","link":"https:\/\/blog.espol.edu.ec\/xallam\/gsoc-2012\/","title":{"rendered":"GSOC 2012"},"content":{"rendered":"<p>Despu\u00e9s de unas cuantas semanas de impaciente espera (y uno que otro sue\u00f1o mortificante), finalmente se publicaron los resultados del GSOC 2012!<\/p>\n<p>Este a\u00f1o prepar\u00e9 tres propuestas: dos para <a title=\"ESUG\" href=\"http:\/\/gsoc2012.esug.org\/\" target=\"_blank\">ESUG<\/a>\u00a0y una para\u00a0<a title=\"ASF - PIG\" href=\"https:\/\/cwiki.apache.org\/confluence\/display\/PIG\/GSoc2012\" target=\"_blank\">ASF - PIG<\/a>. Luego de unos cuantos mails con los mentores y comentarios en los grupos, dos propuestas (una por cada comunidad) fueron aprobadas para pasar a la depuraci\u00f3n interna. Claro, esto no aseguraba un cupo par ninguna de las dos, pero deb\u00eda tomar una decisi\u00f3n. Fueron dos d\u00edas dif\u00edciles, pues deb\u00eda tomar en cuenta muchas cosas relacionadas al proyecto y al tiempo que tengo.<\/p>\n<p>A veces, hay que arriesgarse a todo, incluso a lo desconocido ... y me arriesgu\u00e9 por ASF. Fue un fin de semana de estr\u00e9s total, en el casi \"tiro la toalla\", pues no es f\u00e1cil imaginarse (o por lo menos para m\u00ed) ser seleccionado para ASF.<\/p>\n<p>Lleg\u00f3 el 23 de abril, 7 horas de diferencia, 1 minuto antes recib\u00ed un correo: \"Congratulations!\"...decid\u00ed esperar. Y s\u00ed, estoy dentro de GSOC 2012. Gracias ASF - PIG!<\/p>\n<h6 class=\"zemanta-related-title\" style=\"font-size: 1em\">Art\u00edculos Relacionados<\/h6>\n<ul class=\"zemanta-article-ul zemanta-article-ul-image\" style=\"margin: 0;padding: 0;overflow: hidden\">\n<li class=\"zemanta-article-ul-li-image zemanta-article-ul-li\" style=\"padding: 0;background: none;float: left;vertical-align: top;text-align: left;width: 84px;font-size: 11px;margin: 2px 10px 10px 2px\"><a style=\"padding: 2px;text-decoration: none\" href=\"http:\/\/shop.oreilly.com\/product\/0636920044383.do\" target=\"_blank\"><img decoding=\"async\" style=\"padding: 0;margin: 0;border: 0;width: 80px;max-width: 100%\" src=\"\/\/i.zemanta.com\/376106633_80_80.jpg\" \/><\/a><a style=\"overflow: hidden;text-decoration: none;line-height: 12pt;height: 83px;padding: 5px 2px 0 2px\" href=\"http:\/\/shop.oreilly.com\/product\/0636920044383.do\" target=\"_blank\">Programming Pig<\/a><\/li>\n<\/ul>\n","protected":false},"excerpt":{"rendered":"<p>Despu\u00e9s de unas cuantas semanas de impaciente espera (y uno que otro sue\u00f1o mortificante), finalmente se publicaron los resultados del GSOC 2012! Este a\u00f1o prepar\u00e9 tres propuestas: dos para ESUG\u00a0y una para\u00a0ASF - PIG. Luego de unos cuantos mails con &hellip; <a href=\"https:\/\/blog.espol.edu.ec\/xallam\/gsoc-2012\/\">Sigue leyendo <span class=\"meta-nav\">&rarr;<\/span><\/a><\/p>\n","protected":false},"author":16,"featured_media":0,"parent":0,"menu_order":0,"comment_status":"open","ping_status":"open","template":"","meta":{"_monsterinsights_skip_tracking":false,"_monsterinsights_sitenote_active":false,"_monsterinsights_sitenote_note":"","_monsterinsights_sitenote_category":0,"footnotes":""},"class_list":["post-82","page","type-page","status-publish","hentry"],"_links":{"self":[{"href":"https:\/\/blog.espol.edu.ec\/xallam\/wp-json\/wp\/v2\/pages\/82","targetHints":{"allow":["GET"]}}],"collection":[{"href":"https:\/\/blog.espol.edu.ec\/xallam\/wp-json\/wp\/v2\/pages"}],"about":[{"href":"https:\/\/blog.espol.edu.ec\/xallam\/wp-json\/wp\/v2\/types\/page"}],"author":[{"embeddable":true,"href":"https:\/\/blog.espol.edu.ec\/xallam\/wp-json\/wp\/v2\/users\/16"}],"replies":[{"embeddable":true,"href":"https:\/\/blog.espol.edu.ec\/xallam\/wp-json\/wp\/v2\/comments?post=82"}],"version-history":[{"count":8,"href":"https:\/\/blog.espol.edu.ec\/xallam\/wp-json\/wp\/v2\/pages\/82\/revisions"}],"predecessor-version":[{"id":198,"href":"https:\/\/blog.espol.edu.ec\/xallam\/wp-json\/wp\/v2\/pages\/82\/revisions\/198"}],"wp:attachment":[{"href":"https:\/\/blog.espol.edu.ec\/xallam\/wp-json\/wp\/v2\/media?parent=82"}],"curies":[{"name":"wp","href":"https:\/\/api.w.org\/{rel}","templated":true}]}}