{"id":2,"date":"2012-01-24T20:31:43","date_gmt":"2012-01-24T20:31:43","guid":{"rendered":"http:\/\/blog.espol.edu.ec\/ximendez\/?page_id=2"},"modified":"2012-01-25T21:02:32","modified_gmt":"2012-01-25T21:02:32","slug":"sample-page","status":"publish","type":"page","link":"https:\/\/blog.espol.edu.ec\/ximendez\/sample-page\/","title":{"rendered":"\u00bfComo empezar a escribir?"},"content":{"rendered":"<p>Realmente no s\u00e9 c\u00f3mo empezar a escribir para que pueda atrapar su atenci\u00f3n, tal vez una broma, o un chiste, pero en este momento no se me ocurre m\u00e1s que avocar a su curiosidad y me permitan robarles un par de minutos; hace un tiempo me pidieron que hiciera esta nota y se me pasaron muchas cosas por la cabeza sobre el modo de abordar el tema, pero en la mayor\u00eda de los casos eran meros rega\u00f1os o aclaraciones, as\u00ed que nunca me gustaba.<\/p>\n<p>\u00bfC\u00f3mo poder orientar al escritor\/lector sin que pareciera un reporte del ministerio?<\/p>\n<p>Pues no me queda m\u00e1s que contarles mi experiencia y seguramente algunos se identificar\u00e1n con ella:<\/p>\n<p>A ver, \u00bfqui\u00e9nes de aqu\u00ed iniciaron escribiendo lo que cre\u00edan una fenomenal historia y se desilusionaron al no conseguir el impacto que esperaban?, perm\u00edtanme preguntar adem\u00e1s, \u00bfpor qu\u00e9 creen que sucedi\u00f3 eso?; cada uno tendr\u00e1 respuestas diferentes, pero todos podemos coincidir en algo: no era el mejor trabajo que hemos hecho.<\/p>\n<p>Y eso es normal cuando jam\u00e1s en la vida hemos escrito algo adem\u00e1s de la tarea del colegio, as\u00ed que cuando publicamos nuestra historia, ten\u00eda las siguientes caracter\u00edsticas.<\/p>\n<p>- Cero descripciones<br \/>\n- S\u00f3lo dialogo<br \/>\n- Palabras repetidas (redundancia)<br \/>\n- Trama o sentido de la l\u00f3gica inexistente<\/p>\n<p>Por mencionar algunas. Estos son los cl\u00e1sicos errores que cometemos cuando empezamos a escribir, pero no se desanimen, esto no es una cr\u00edtica \u00bfrecuerdan?, no aprendimos a escribir de la noche a la ma\u00f1ana, as\u00ed que mucho menos \"aprenderemos a escribir\" de un d\u00eda\u00a0 para otro; cuando escribimos debemos sumergirnos en nuestra imaginaci\u00f3n y plasmar cada detalle que pasa por nuestra mente, para que as\u00ed, cuando sea le\u00edda, el lector pueda imaginar tambi\u00e9n lo que nosotros vimos. Por citar un ejemplo: no es lo mismo decir \"dos personas hablando en la calle\", a decir \"dos magos hablando en Hogsmeade\".<\/p>\n<p>\u00bfVerdad que en la segunda idea se imaginaron el pueblo, las t\u00fanicas de los magos y la gente caminando? mientras en la primera escena no imaginamos mayor cosa que dos personas hablando;\u00a0 eso es gracias a que JK nos regal\u00f3 un mundo de detalles, que nos permiten apropiarnos de la idea y hacerla nuestra. Cuando una historia es pobre en detalles, no le permite al lector crear en su mente ese mundo que queremos transmitir, no se apropia de la idea, por ende, no le provoca saber qu\u00e9 sigue. No tiene gancho. Tampoco les digo que se maten describiendo hasta el \u00faltimo detalle de una flor que crece a la orilla de la calle donde platican nuestros protagonistas, debemos encontrar el equilibrio, darle detalles al usuario, pero sin saturarle de ellos.<\/p>\n<p>Aparte de los detalles tambi\u00e9n debemos cuidar la trama, es importante que cuando nos aventuremos a escribir tengamos una idea de a d\u00f3nde queremos llegar, as\u00ed no nos perderemos a mitad del camino. De esa manera, tendremos un destino, y sabremos la idea que estamos buscando transmitir; de igual manera, nunca est\u00e1 de m\u00e1s tener una segunda opini\u00f3n antes de publicar, alguien que nos diga si la idea que queremos comunicar est\u00e1 siendo bien definida, o se entiende algo completamente distinto.<\/p>\n<p>Y como no quiero hacer de esto un testamento, s\u00f3lo les dar\u00e9 un consejo: Cuando escriban, p\u00f3nganse en los zapatos de sus lectores, \u00bfQu\u00e9 es lo que esperan cuando leen algo?, al pensar como lectores, podr\u00e1n tener una perspectiva m\u00e1s amplia y brindar as\u00ed una historia de mejor calidad. No se fijen como meta principal conseguir la mayor cantidad de comentarios, preoc\u00fapense primero por la calidad de sus escritos, no por la rapidez con la que actualizan; los lectores sabr\u00e1n esperarlos un par de d\u00edas m\u00e1s y los recompensar\u00e1n con un comentario sustancial al recibir una historia bien cuidada.<\/p>\n","protected":false},"excerpt":{"rendered":"<p>Realmente no s\u00e9 c\u00f3mo empezar a escribir para que pueda atrapar su atenci\u00f3n, tal vez una broma, o un chiste, pero en este momento no se me ocurre m\u00e1s que avocar a su curiosidad y me permitan robarles un par de minutos; hace un tiempo me pidieron que hiciera esta nota y se me pasaron [&hellip;]<\/p>\n","protected":false},"author":7261,"featured_media":0,"parent":0,"menu_order":0,"comment_status":"open","ping_status":"open","template":"","meta":{"footnotes":""},"class_list":["post-2","page","type-page","status-publish","hentry"],"_links":{"self":[{"href":"https:\/\/blog.espol.edu.ec\/ximendez\/wp-json\/wp\/v2\/pages\/2","targetHints":{"allow":["GET"]}}],"collection":[{"href":"https:\/\/blog.espol.edu.ec\/ximendez\/wp-json\/wp\/v2\/pages"}],"about":[{"href":"https:\/\/blog.espol.edu.ec\/ximendez\/wp-json\/wp\/v2\/types\/page"}],"author":[{"embeddable":true,"href":"https:\/\/blog.espol.edu.ec\/ximendez\/wp-json\/wp\/v2\/users\/7261"}],"replies":[{"embeddable":true,"href":"https:\/\/blog.espol.edu.ec\/ximendez\/wp-json\/wp\/v2\/comments?post=2"}],"version-history":[{"count":2,"href":"https:\/\/blog.espol.edu.ec\/ximendez\/wp-json\/wp\/v2\/pages\/2\/revisions"}],"predecessor-version":[{"id":21,"href":"https:\/\/blog.espol.edu.ec\/ximendez\/wp-json\/wp\/v2\/pages\/2\/revisions\/21"}],"wp:attachment":[{"href":"https:\/\/blog.espol.edu.ec\/ximendez\/wp-json\/wp\/v2\/media?parent=2"}],"curies":[{"name":"wp","href":"https:\/\/api.w.org\/{rel}","templated":true}]}}