{"id":211,"date":"2009-08-08T17:55:47","date_gmt":"2009-08-08T21:55:47","guid":{"rendered":"http:\/\/blog.espol.edu.ec\/yojeda\/?page_id=211"},"modified":"2009-08-11T10:28:06","modified_gmt":"2009-08-11T14:28:06","slug":"reciclaje-de-aceites","status":"publish","type":"page","link":"https:\/\/blog.espol.edu.ec\/yojeda\/reciclaje-de-aceites\/","title":{"rendered":"**RECICLAJE DE ACEITES**"},"content":{"rendered":"<p><a href=\"http:\/\/blog.espol.edu.ec\/yojeda\/files\/2009\/08\/reciclaje-aceite.jpg\"><img loading=\"lazy\" decoding=\"async\" class=\"alignleft size-thumbnail wp-image-164\" src=\"http:\/\/blog.espol.edu.ec\/yojeda\/files\/2009\/08\/reciclaje-aceite-150x150.jpg\" alt=\"reciclaje-aceite\" width=\"94\" height=\"127\" \/><\/a>El hecho de reciclar aceites es una acci\u00f3n que lo comenzaron a implementar los pa\u00edses europeos (UNI\u00d3N EUROPEA), ya<a href=\"http:\/\/blog.espol.edu.ec\/yojeda\/files\/2009\/08\/255.jpeg\"><img loading=\"lazy\" decoding=\"async\" class=\"size-full wp-image-135 alignright\" src=\"http:\/\/blog.espol.edu.ec\/yojeda\/files\/2009\/08\/255.jpeg\" alt=\"255\" width=\"142\" height=\"106\" \/><\/a> que realizaron varios estudios y se dieron cuenta que los desechos aceitosos que generan las industrias , peque\u00f1as empresas, como lubricadoras, hasta el desecho generamos en el hogar cuando cocinamos en nuestros hogares , contaminan nuestros mares, r\u00edos , etc..<\/p>\n<p>Por esta raz\u00f3n se considero que estos dechechos aceitosos puede ser reinsertados en la cadena productiva evitando la contaminaci\u00f3n ambien<a href=\"http:\/\/blog.espol.edu.ec\/yojeda\/files\/2009\/08\/reciclaraceiteusadomalaga.jpg\"><img loading=\"lazy\" decoding=\"async\" class=\"alignright size-thumbnail wp-image-169\" src=\"http:\/\/blog.espol.edu.ec\/yojeda\/files\/2009\/08\/reciclaraceiteusadomalaga-150x150.jpg\" alt=\"reciclaraceiteusadomalaga\" width=\"74\" height=\"74\" \/><\/a>tal. De ah\u00ed sal\u00edo la idea de reciclar este residuo.<\/p>\n<p>En estos pa\u00edses se utilizada un tacho especial donde las personas , depositan el desecho aceitoso que reciclan en su hogar..... .<\/p>\n<p><a href=\"http:\/\/blog.espol.edu.ec\/yojeda\/files\/2009\/08\/contenedor-aceite-usado.jpg\"><img loading=\"lazy\" decoding=\"async\" class=\"alignleft size-thumbnail wp-image-146\" src=\"http:\/\/blog.espol.edu.ec\/yojeda\/files\/2009\/08\/contenedor-aceite-usado-150x150.jpg\" alt=\"contenedor-aceite-usado\" width=\"86\" height=\"92\" \/><\/a>Es por eso debemos pensar que esta buena idea de reciclar aceite nos ayudar\u00e1 cuidar nuestros mares y r\u00edos... =)y cuando reciclamos este desecho es sometido a un proceso , puede generar una base para fabricar lubricantes , que no se produce masivamente.<\/p>\n<p>Este video nos muestra cu\u00e1n importante es reciclar el aceite dom\u00e9stico..<\/p>\n<p><object width=\"400\" height=\"250\" data=\"http:\/\/www.youtube.com\/v\/lloUrdhFztg&amp;hl=es&amp;fs=1&amp;color1=0x402061&amp;color2=0x9461ca\" type=\"application\/x-shockwave-flash\"><param name=\"allowFullScreen\" value=\"true\" \/><param name=\"allowscriptaccess\" value=\"always\" \/><param name=\"src\" value=\"http:\/\/www.youtube.com\/v\/lloUrdhFztg&amp;hl=es&amp;fs=1&amp;color1=0x402061&amp;color2=0x9461ca\" \/><param name=\"allowfullscreen\" value=\"true\" \/><\/object><\/p>\n<p>Este video de aqu\u00ed nos muestra un reportaje de una televisora Espa\u00f1ola TVE... sobre el proceso de reciclaje.....<\/p>\n<p><object width=\"400\" height=\"250\" data=\"http:\/\/www.youtube.com\/v\/nb_toUH88p0&amp;hl=es&amp;fs=1&amp;color1=0xcc2550&amp;color2=0xe87a9f\" type=\"application\/x-shockwave-flash\"><param name=\"allowFullScreen\" value=\"true\" \/><param name=\"allowscriptaccess\" value=\"always\" \/><param name=\"src\" value=\"http:\/\/www.youtube.com\/v\/nb_toUH88p0&amp;hl=es&amp;fs=1&amp;color1=0xcc2550&amp;color2=0xe87a9f\" \/><param name=\"allowfullscreen\" value=\"true\" \/><\/object><\/p>\n<p>Campa\u00f1a de Reciclaje y nos muetra las consecuencias de no reciclar desechos aceitosos...<\/p>\n<p><object width=\"400\" height=\"250\" data=\"http:\/\/www.youtube.com\/v\/_U-QcD04_pg&amp;hl=es&amp;fs=1&amp;color1=0x5d1719&amp;color2=0xcd311b\" type=\"application\/x-shockwave-flash\"><param name=\"allowFullScreen\" value=\"true\" \/><param name=\"allowscriptaccess\" value=\"always\" \/><param name=\"src\" value=\"http:\/\/www.youtube.com\/v\/_U-QcD04_pg&amp;hl=es&amp;fs=1&amp;color1=0x5d1719&amp;color2=0xcd311b\" \/><\/object><\/p>\n","protected":false},"excerpt":{"rendered":"<p>El hecho de reciclar aceites es una acci\u00f3n que lo comenzaron a implementar los pa\u00edses europeos (UNI\u00d3N EUROPEA), ya que realizaron varios estudios y se dieron cuenta que los desechos aceitosos que generan las industrias , peque\u00f1as empresas, como lubricadoras, hasta el desecho generamos en el hogar cuando cocinamos en nuestros hogares , contaminan nuestros [&hellip;]<\/p>\n","protected":false},"author":1822,"featured_media":0,"parent":0,"menu_order":0,"comment_status":"open","ping_status":"open","template":"","meta":{"footnotes":""},"class_list":["post-211","page","type-page","status-publish","hentry"],"_links":{"self":[{"href":"https:\/\/blog.espol.edu.ec\/yojeda\/wp-json\/wp\/v2\/pages\/211","targetHints":{"allow":["GET"]}}],"collection":[{"href":"https:\/\/blog.espol.edu.ec\/yojeda\/wp-json\/wp\/v2\/pages"}],"about":[{"href":"https:\/\/blog.espol.edu.ec\/yojeda\/wp-json\/wp\/v2\/types\/page"}],"author":[{"embeddable":true,"href":"https:\/\/blog.espol.edu.ec\/yojeda\/wp-json\/wp\/v2\/users\/1822"}],"replies":[{"embeddable":true,"href":"https:\/\/blog.espol.edu.ec\/yojeda\/wp-json\/wp\/v2\/comments?post=211"}],"version-history":[{"count":6,"href":"https:\/\/blog.espol.edu.ec\/yojeda\/wp-json\/wp\/v2\/pages\/211\/revisions"}],"predecessor-version":[{"id":308,"href":"https:\/\/blog.espol.edu.ec\/yojeda\/wp-json\/wp\/v2\/pages\/211\/revisions\/308"}],"wp:attachment":[{"href":"https:\/\/blog.espol.edu.ec\/yojeda\/wp-json\/wp\/v2\/media?parent=211"}],"curies":[{"name":"wp","href":"https:\/\/api.w.org\/{rel}","templated":true}]}}