{"id":75,"date":"2009-08-08T17:54:37","date_gmt":"2009-08-08T21:54:37","guid":{"rendered":"http:\/\/blog.espol.edu.ec\/yojeda\/?page_id=75"},"modified":"2009-08-08T17:54:37","modified_gmt":"2009-08-08T21:54:37","slug":"consejos-para-ahorrar-energia-en-el-hogar","status":"publish","type":"page","link":"https:\/\/blog.espol.edu.ec\/yojeda\/consejos-para-ahorrar-energia-en-el-hogar\/","title":{"rendered":"Consejos para Ahorrar Energia en el Hogar!"},"content":{"rendered":"<p><a href=\"http:\/\/blog.espol.edu.ec\/yojeda\/files\/2009\/08\/linea_blanca.jpg\"><\/a><a href=\"http:\/\/blog.espol.edu.ec\/yojeda\/files\/2009\/08\/linea_blanca.jpg\"><img loading=\"lazy\" decoding=\"async\" class=\"alignright size-thumbnail wp-image-103\" src=\"http:\/\/blog.espol.edu.ec\/yojeda\/files\/2009\/08\/linea_blanca-150x150.jpg\" alt=\"linea_blanca\" width=\"135\" height=\"135\" \/><\/a>Lo primero que debes sabere \u00a0cuales son\u00a0los\u00a0 enseres domesticos consumen \u00a0mas esnerg\u00eda:<\/p>\n<ul>\n<li>Batidora\u00a0\u00a0\u00a0\u00a0\u00a0\u00a0\u00a0\u00a0\u00a0\u00a0\u00a0\u00a0\u00a0\u00a0\u00a0\u00a0\u00a0\u00a0\u00a0\u00a0\u00a0\u00a0\u00a0\u00a0\u00a0\u00a0\u00a0\u00a0\u00a0\u00a0\u00a0\u00a0\u00a0 \u00a060 watts<\/li>\n<li>congelador\u00a0\u00a0\u00a0\u00a0\u00a0\u00a0\u00a0\u00a0\u00a0\u00a0\u00a0\u00a0\u00a0\u00a0\u00a0\u00a0\u00a0\u00a0\u00a0\u00a0\u00a0\u00a0\u00a0\u00a0\u00a0\u00a0\u00a0\u00a0 300 watts<\/li>\n<li>horno\u00a0\u00a0\u00a0\u00a0\u00a0\u00a0\u00a0\u00a0\u00a0\u00a0\u00a0\u00a0\u00a0\u00a0\u00a0\u00a0\u00a0\u00a0\u00a0\u00a0\u00a0\u00a0\u00a0\u00a0\u00a0\u00a0\u00a0\u00a0\u00a0\u00a0\u00a0\u00a0\u00a0\u00a0\u00a0\u00a0\u00a0\u00a0\u00a0 2000 watts<\/li>\n<li>licuadora\u00a0\u00a0\u00a0\u00a0\u00a0\u00a0\u00a0\u00a0\u00a0\u00a0\u00a0\u00a0\u00a0\u00a0\u00a0\u00a0\u00a0\u00a0\u00a0\u00a0\u00a0\u00a0\u00a0\u00a0\u00a0\u00a0\u00a0\u00a0\u00a0\u00a0\u00a0\u00a0 160 watts<\/li>\n<li>horno Microondas\u00a0\u00a0\u00a0\u00a0\u00a0\u00a0\u00a0\u00a0\u00a0\u00a0\u00a0\u00a0\u00a0\u00a0 600 watts<\/li>\n<li>aspiradora\u00a0\u00a0\u00a0\u00a0\u00a0\u00a0\u00a0\u00a0\u00a0\u00a0\u00a0\u00a0\u00a0\u00a0\u00a0\u00a0\u00a0\u00a0\u00a0\u00a0\u00a0\u00a0\u00a0\u00a0\u00a0\u00a0\u00a0\u00a0\u00a0\u00a0 1000 watts<\/li>\n<li>ducha electrica\u00a0\u00a0\u00a0\u00a0\u00a0\u00a0\u00a0\u00a0\u00a0\u00a0\u00a0\u00a0\u00a0\u00a0\u00a0\u00a0\u00a0\u00a0\u00a0\u00a0\u00a0 3000-6000 watts<\/li>\n<li>lavadora de ropa\u00a0\u00a0\u00a0\u00a0\u00a0\u00a0\u00a0\u00a0\u00a0\u00a0\u00a0\u00a0\u00a0\u00a0\u00a0\u00a0\u00a0\u00a0 2500 watts<\/li>\n<li>secadora de pelo\u00a0\u00a0\u00a0\u00a0\u00a0\u00a0\u00a0\u00a0\u00a0\u00a0\u00a0\u00a0\u00a0\u00a0\u00a0\u00a0\u00a0\u00a0 350-800 watts<\/li>\n<li>secadora de ropa\u00a0\u00a0\u00a0\u00a0\u00a0\u00a0\u00a0\u00a0\u00a0\u00a0\u00a0\u00a0\u00a0\u00a0\u00a0\u00a0\u00a0 2500 watts<\/li>\n<li>televisor\u00a0\u00a0\u00a0\u00a0\u00a0\u00a0\u00a0\u00a0\u00a0\u00a0\u00a0\u00a0\u00a0\u00a0\u00a0\u00a0\u00a0\u00a0\u00a0\u00a0\u00a0\u00a0\u00a0\u00a0\u00a0\u00a0\u00a0\u00a0\u00a0\u00a0\u00a0\u00a0\u00a0\u00a0 100 watts<\/li>\n<li>computador personal\u00a0\u00a0\u00a0\u00a0\u00a0\u00a0\u00a0\u00a030 watts<\/li>\n<li>plancha\u00a0\u00a0\u00a0\u00a0\u00a0\u00a0\u00a0\u00a0\u00a0\u00a0\u00a0\u00a0\u00a0\u00a0\u00a0\u00a0\u00a0\u00a0\u00a0\u00a0\u00a0\u00a0\u00a0\u00a0\u00a0\u00a0\u00a0\u00a0\u00a0\u00a0\u00a0\u00a0\u00a0\u00a0\u00a0\u00a0 1250 watts<\/li>\n<li>radio\u00a0\u00a0\u00a0\u00a0\u00a0\u00a0\u00a0\u00a0\u00a0\u00a0\u00a0\u00a0\u00a0\u00a0\u00a0\u00a0\u00a0\u00a0\u00a0\u00a0\u00a0\u00a0\u00a0\u00a0\u00a0\u00a0\u00a0\u00a0\u00a0\u00a0\u00a0\u00a0\u00a0\u00a0\u00a0\u00a0\u00a0\u00a0\u00a0\u00a0\u00a0 50 watts<\/li>\n<\/ul>\n<p>Para ahorrar energia puedes segui estos consejitos que solo sirven para conserva al planeta sino que te ahorrar\u00e1n algunos dolares en tu planillad de luz:<\/p>\n<p><strong>En los quehaceres del hogar:<\/strong><\/p>\n<ul>\n<li><a href=\"http:\/\/blog.espol.edu.ec\/yojeda\/files\/2009\/08\/cocina.jpg\"><img loading=\"lazy\" decoding=\"async\" class=\"alignleft size-thumbnail wp-image-105\" src=\"http:\/\/blog.espol.edu.ec\/yojeda\/files\/2009\/08\/cocina-150x150.jpg\" alt=\"cocina\" width=\"150\" height=\"150\" \/><\/a>puede usar una olla de presi\u00f3n , le ahorrar\u00e1 tiempo y energ\u00eda.<\/li>\n<li>cuando utilice el horno , resuzca al m\u00e1ximo el n\u00famero de veces que abre la puerta.<\/li>\n<li>El horno microondas representa menos gasto de energ\u00eda frente a las cocinas el\u00e9ctricas.<\/li>\n<\/ul>\n<p><strong>Al planchar:<\/strong><\/p>\n<ul>\n<li>El aumento inncesario de la tempeatura durante el planchado de la ropa es un factor de alto consumo en\u00e9rgetico , por lo que se recomienda empezar con las ropa que se telas que necesiten altas temperaturas hasta las prendas que no necesiten tanto calor.<\/li>\n<\/ul>\n<p><a href=\"http:\/\/blog.espol.edu.ec\/yojeda\/files\/2009\/08\/plancha1.jpg\"><\/a><\/p>\n<p>Los desechos t\u00f3xicos peligrosos:<\/p>\n<ul>\n<li>En nuestra casa tenemos variados productos, algunos de ellos sin<a href=\"http:\/\/blog.espol.edu.ec\/yojeda\/files\/2009\/08\/plancha1.jpg\"><img loading=\"lazy\" decoding=\"async\" class=\"alignright size-thumbnail wp-image-106\" src=\"http:\/\/blog.espol.edu.ec\/yojeda\/files\/2009\/08\/plancha1-150x150.jpg\" alt=\"plancha1\" width=\"150\" height=\"150\" \/><\/a> que nos demos cuenta peligrosos y contaminantes.<\/li>\n<li>Productos Contamienates:Pinturas, barnices, baterpias de auto, aerosoles, artpiculso de limpieza , \u00e1cidos.<\/li>\n<li>La maypr\u00eda de estos productos t\u00f3xicos son productos de limpieza. Por elo les aconsejo que emplee productos naturales como el agua y el jabpon.<\/li>\n<\/ul>\n<p><strong>En el uso de Equipos Electr\u00f3nicos..<\/strong><\/p>\n<ul>\n<li>Ocupe sus aparatos el\u00e9ctronicos cuando sea estrictamente<a href=\"http:\/\/blog.espol.edu.ec\/yojeda\/files\/2009\/08\/36.jpg\"><img loading=\"lazy\" decoding=\"async\" class=\"size-thumbnail wp-image-109 alignleft\" src=\"http:\/\/blog.espol.edu.ec\/yojeda\/files\/2009\/08\/36-150x116.jpg\" alt=\"36\" width=\"150\" height=\"116\" \/><\/a> necesario y d\u00e9sconectelos cuando no los este utilizando.<\/li>\n<li>Instale el refrigerador lejos de la cocina o de otras fuentes de calor, no deje la puerta abierta de su refrigerador m\u00e1s del tiempo necesario,espere que la comida se enfr\u00ede antes de colocarla dentro de \u00e9ste.<\/li>\n<\/ul>\n","protected":false},"excerpt":{"rendered":"<p>Lo primero que debes sabere \u00a0cuales son\u00a0los\u00a0 enseres domesticos consumen \u00a0mas esnerg\u00eda: Batidora\u00a0\u00a0\u00a0\u00a0\u00a0\u00a0\u00a0\u00a0\u00a0\u00a0\u00a0\u00a0\u00a0\u00a0\u00a0\u00a0\u00a0\u00a0\u00a0\u00a0\u00a0\u00a0\u00a0\u00a0\u00a0\u00a0\u00a0\u00a0\u00a0\u00a0\u00a0\u00a0\u00a0 \u00a060 watts congelador\u00a0\u00a0\u00a0\u00a0\u00a0\u00a0\u00a0\u00a0\u00a0\u00a0\u00a0\u00a0\u00a0\u00a0\u00a0\u00a0\u00a0\u00a0\u00a0\u00a0\u00a0\u00a0\u00a0\u00a0\u00a0\u00a0\u00a0\u00a0 300 watts horno\u00a0\u00a0\u00a0\u00a0\u00a0\u00a0\u00a0\u00a0\u00a0\u00a0\u00a0\u00a0\u00a0\u00a0\u00a0\u00a0\u00a0\u00a0\u00a0\u00a0\u00a0\u00a0\u00a0\u00a0\u00a0\u00a0\u00a0\u00a0\u00a0\u00a0\u00a0\u00a0\u00a0\u00a0\u00a0\u00a0\u00a0\u00a0\u00a0 2000 watts licuadora\u00a0\u00a0\u00a0\u00a0\u00a0\u00a0\u00a0\u00a0\u00a0\u00a0\u00a0\u00a0\u00a0\u00a0\u00a0\u00a0\u00a0\u00a0\u00a0\u00a0\u00a0\u00a0\u00a0\u00a0\u00a0\u00a0\u00a0\u00a0\u00a0\u00a0\u00a0\u00a0 160 watts horno Microondas\u00a0\u00a0\u00a0\u00a0\u00a0\u00a0\u00a0\u00a0\u00a0\u00a0\u00a0\u00a0\u00a0\u00a0 600 watts aspiradora\u00a0\u00a0\u00a0\u00a0\u00a0\u00a0\u00a0\u00a0\u00a0\u00a0\u00a0\u00a0\u00a0\u00a0\u00a0\u00a0\u00a0\u00a0\u00a0\u00a0\u00a0\u00a0\u00a0\u00a0\u00a0\u00a0\u00a0\u00a0\u00a0\u00a0 1000 watts ducha electrica\u00a0\u00a0\u00a0\u00a0\u00a0\u00a0\u00a0\u00a0\u00a0\u00a0\u00a0\u00a0\u00a0\u00a0\u00a0\u00a0\u00a0\u00a0\u00a0\u00a0\u00a0 3000-6000 watts lavadora de ropa\u00a0\u00a0\u00a0\u00a0\u00a0\u00a0\u00a0\u00a0\u00a0\u00a0\u00a0\u00a0\u00a0\u00a0\u00a0\u00a0\u00a0\u00a0 2500 watts secadora de pelo\u00a0\u00a0\u00a0\u00a0\u00a0\u00a0\u00a0\u00a0\u00a0\u00a0\u00a0\u00a0\u00a0\u00a0\u00a0\u00a0\u00a0\u00a0 350-800 watts secadora de ropa\u00a0\u00a0\u00a0\u00a0\u00a0\u00a0\u00a0\u00a0\u00a0\u00a0\u00a0\u00a0\u00a0\u00a0\u00a0\u00a0\u00a0 2500 watts televisor\u00a0\u00a0\u00a0\u00a0\u00a0\u00a0\u00a0\u00a0\u00a0\u00a0\u00a0\u00a0\u00a0\u00a0\u00a0\u00a0\u00a0\u00a0\u00a0\u00a0\u00a0\u00a0\u00a0\u00a0\u00a0\u00a0\u00a0\u00a0\u00a0\u00a0\u00a0\u00a0\u00a0\u00a0 100 watts computador personal\u00a0\u00a0\u00a0\u00a0\u00a0\u00a0\u00a0\u00a030 [&hellip;]<\/p>\n","protected":false},"author":1822,"featured_media":0,"parent":0,"menu_order":0,"comment_status":"open","ping_status":"open","template":"","meta":{"footnotes":""},"class_list":["post-75","page","type-page","status-publish","hentry"],"_links":{"self":[{"href":"https:\/\/blog.espol.edu.ec\/yojeda\/wp-json\/wp\/v2\/pages\/75","targetHints":{"allow":["GET"]}}],"collection":[{"href":"https:\/\/blog.espol.edu.ec\/yojeda\/wp-json\/wp\/v2\/pages"}],"about":[{"href":"https:\/\/blog.espol.edu.ec\/yojeda\/wp-json\/wp\/v2\/types\/page"}],"author":[{"embeddable":true,"href":"https:\/\/blog.espol.edu.ec\/yojeda\/wp-json\/wp\/v2\/users\/1822"}],"replies":[{"embeddable":true,"href":"https:\/\/blog.espol.edu.ec\/yojeda\/wp-json\/wp\/v2\/comments?post=75"}],"version-history":[{"count":10,"href":"https:\/\/blog.espol.edu.ec\/yojeda\/wp-json\/wp\/v2\/pages\/75\/revisions"}],"predecessor-version":[{"id":280,"href":"https:\/\/blog.espol.edu.ec\/yojeda\/wp-json\/wp\/v2\/pages\/75\/revisions\/280"}],"wp:attachment":[{"href":"https:\/\/blog.espol.edu.ec\/yojeda\/wp-json\/wp\/v2\/media?parent=75"}],"curies":[{"name":"wp","href":"https:\/\/api.w.org\/{rel}","templated":true}]}}