{"id":8,"date":"2009-01-08T13:51:10","date_gmt":"2009-01-08T18:51:10","guid":{"rendered":"http:\/\/blog.espol.edu.ec\/zaikaper\/?page_id=8"},"modified":"2009-01-08T13:52:50","modified_gmt":"2009-01-08T18:52:50","slug":"errores-de-excel","status":"publish","type":"page","link":"https:\/\/blog.espol.edu.ec\/zaikaper\/errores-de-excel\/","title":{"rendered":"Errores de Excel."},"content":{"rendered":"<table border=\"0\" cellspacing=\"0\" cellpadding=\"0\" width=\"601\">\n<tbody>\n<tr valign=\"top\">\n<td class=\"titular\" colspan=\"3\">Errores en las f\u00f3rmulas<\/td>\n<\/tr>\n<tr>\n<td colspan=\"3\">\u00a0<\/td>\n<\/tr>\n<tr valign=\"top\">\n<td class=\"entradilla\" colspan=\"3\">Hasta que no te habit\u00faes a trabajar con f\u00f3rmulas y conozcas con detalle su funcionamiento te encontrar\u00e1s con muchos errores. En ocasiones te equivocar\u00e1s sin darte cuenta, colocando un car\u00e1cter o un n\u00famero de m\u00e1s y te llevar\u00e1s la sorpresa de que te aparece un mensaje de error. Lo mismo te puede ocurrir con el resultado de un c\u00e1lculo, por contener una formula que no es correcta.<\/td>\n<\/tr>\n<tr>\n<td colspan=\"3\">\u00a0<\/td>\n<\/tr>\n<tr valign=\"top\">\n<td class=\"texto\" colspan=\"3\"><strong>El error '#\u00bfNOMBRE?'<\/strong><br \/>\nCuando Excel advierte un error en una celda, utiliza una serie de expresiones y s\u00edmbolos para advertirnos. Uno de los m\u00e1s comunes es el error #\u00bfNOMBRE?, que significa que falta alg\u00fan signo matem\u00e1tico en la f\u00f3rmula. Vamos a verlo con un ejemplo:Sup\u00f3n que has hecho una hoja de c\u00e1lculo como la que aparece bajo estas l\u00edneas. En ella te aparece un mensaje de error en la celda B11.<\/p>\n<p align=\"center\"><img decoding=\"async\" src=\"https:\/\/blog.espol.edu.ec\/zaikaper\/fotos\/l0402a.gif\" border=\"0\" alt=\"\" \/><\/p>\n<p>\u00a0<\/p>\n<p>Este mensaje de error significa que hay algo err\u00f3neo en la formula que hemos colocado en dicha celda. Lo primero que tenemos que hacer es identificar el error. Para ello hacemos clic en la celda que contiene el mensaje de error (B11) para ver la f\u00f3rmula que est\u00e1 en ella.<\/p>\n<p align=\"center\"><img decoding=\"async\" src=\"https:\/\/blog.espol.edu.ec\/zaikaper\/fotos\/l0402b.gif\" border=\"0\" alt=\"\" \/><\/p>\n<p>\u00a0<\/p>\n<p>Advertimos que falta un signo matem\u00e1tico y que se han juntado las referencias de dos celdas (B6 y B7). Ahora, corregimos el problema a\u00f1adiendo el signo de la suma.<\/p>\n<p>Otros mensajes de error:<br \/>\n- El error <strong>#####<\/strong> se produce cuando la celda contiene una f\u00f3rmula de fecha u hora que genera un resultado negativo.<br \/>\n- El valor de error <strong>#\u00a1VALOR!<\/strong> da cuando se utiliza un tipo de argumento incorrecto. Por ejemplo, si se ha introducido texto y la f\u00f3rmula requiere un n\u00famero o un valor l\u00f3gico, como Verdadero o Falso.<br \/>\n- El valor de error <strong>#\u00a1DIV\/0!<\/strong> se produce cuando se divide una f\u00f3rmula por 0.<br \/>\n- El valor de error <strong>#\u00a1REF!<\/strong> se da cuando una referencia de celda no es v\u00e1lida. Por ejemplo, si se han eliminado celdas a las que hac\u00edan referencia otras f\u00f3rmulas.<br \/>\n- El valor de error <strong>#\u00a1NUM!<\/strong> se da cuando hay un problema con alg\u00fan n\u00famero en una f\u00f3rmula o funci\u00f3n.<\/td>\n<\/tr>\n<\/tbody>\n<\/table>\n<p>\u00a0<\/p>\n<div id=\"mensaje2\" class=\"mensajesBurbujaAsuntoAux\">\n<p class=\"libro1\" style=\"margin: 6pt 0cm\"><a rel=\"nofollow\" name=\"_Toc134596278\"><\/a><a rel=\"nofollow\" name=\"_Toc134594301\"><\/a><a rel=\"nofollow\" name=\"RTFToC31\"><span><span><span lang=\"ES-MX\"><strong><span style=\"font-size: x-large\">ERRORES M\u00c1S FRECUENTES<\/span><\/strong><\/span><\/span><\/span><\/a><\/p>\n<p class=\"MsoNormal\" style=\"margin: 0cm 0cm 6pt;text-align: justify\"><span style=\"font-family: 'Arial','sans-serif'\"><span style=\"font-size: small\">Cuando una f\u00f3rmula no se introduce correctamente, Excel presenta un mensaje de error que indica cu\u00e1l es el fallo cometido; a continuaci\u00f3n se muestra los mensajes mas comunes que suelen presentarse en las celdas. \u00a0<br \/>\n<\/span><\/span><\/p>\n<p class=\"MsoNormal\" style=\"margin: 0cm 0cm 6pt;text-align: justify\"><span style=\"font-family: 'Arial','sans-serif'\"><span style=\"font-size: small\">\u00a0<\/span><br \/>\n<\/span><\/p>\n<p class=\"MsoNormal\" style=\"margin: 0cm 0cm 6pt\"><a rel=\"nofollow\" name=\"_Toc134593740\"><\/a><a rel=\"nofollow\" name=\"RTFToC32\"><span><strong><span style=\"font-size: 14pt;font-family: 'Arial','sans-serif'\">#\u00a1VALOR!<\/span><\/strong><\/span><\/a><strong><span style=\"font-size: 14pt;font-family: 'Arial','sans-serif'\"> \u00a0<br \/>\n<\/span><\/strong><\/p>\n<p class=\"MsoNormal\" style=\"margin: 0cm 0cm 6pt;text-align: justify\"><span style=\"font-family: 'Arial','sans-serif'\"><span style=\"font-size: small\">En el primer caso hay que considerar que se han incluido en la f\u00f3rmula algunos caracteres de texto, o bien se ha hecho referencia a una casilla en la que no hay un valor num\u00e9rico sino de texto. \u00a0<br \/>\n<\/span><\/span><\/p>\n<p style=\"margin: 0cm 0cm 6pt;text-align: justify\"><span style=\"font-family: 'Arial','sans-serif'\" lang=\"ES-MX\"><span style=\"font-size: small\">Por ejemplo, suele aparecer este error cuando hacemos referencia a celdas con contenido decimal. Excel y sus formatos num\u00e9ricos tienen establecidos algunos caracteres para separar, por ejemplo, la parte entera de un n\u00famero de la decimal, que dependen de la versi\u00f3n en uso. Emplear otros caracteres supone introducir valores distintos y que la aplicaci\u00f3n lea como texto lo que deber\u00eda ser un n\u00famero. \u00a0<br \/>\n<\/span><\/span><\/p>\n<p style=\"margin: 0cm 0cm 6pt;text-align: justify\"><span style=\"font-family: 'Arial','sans-serif'\" lang=\"ES-MX\"><span style=\"font-size: small\">Para solucionar este problema hay que asegurarse de cu\u00e1l es la forma correcta para la versi\u00f3n en uso, y asegurarse de que, en las opciones, est\u00e1 especificado el idioma correcto para formatos num\u00e9ricos, teclado, etc. \u00a0<br \/>\n<\/span><\/span><\/p>\n<p class=\"MsoNormal\" style=\"margin: 0cm 0cm 0pt\"><a rel=\"nofollow\" name=\"RTFToC33\"><span style=\"font-size: small;font-family: Times New Roman\">\u00a0<\/span><br \/>\n<\/a><\/p>\n<p class=\"MsoNormal\" style=\"margin: 0cm 0cm 6pt\"><span><a rel=\"nofollow\" name=\"_Toc134593741\"><strong><span style=\"font-size: 14pt;font-family: 'Arial','sans-serif'\">#\u00a1DIV\/0!<\/span><\/strong><\/a><\/span><strong><span style=\"font-size: 14pt;font-family: 'Arial','sans-serif'\"> \u00a0<br \/>\n<\/span><\/strong><\/p>\n<p class=\"MsoNormal\" style=\"margin: 0cm 0cm 6pt;text-align: justify\"><span style=\"font-family: 'Arial','sans-serif'\"><span style=\"font-size: small\">El segundo caso se corrige cambiando la f\u00f3rmula, considerando que hemos hecho referencia en un denominador a una casilla donde el valor no existe, o es cero, o es una casilla en blanco. \u00a0<br \/>\n<\/span><\/span><\/p>\n<p class=\"MsoNormal\" style=\"margin: 0cm 0cm 6pt;text-align: justify\"><span style=\"font-family: 'Arial','sans-serif'\"><span style=\"font-size: small\">\u00a0<\/span><br \/>\n<\/span><\/p>\n<p class=\"MsoNormal\" style=\"margin: 0cm 0cm 6pt\"><a rel=\"nofollow\" name=\"_Toc134593742\"><\/a><a rel=\"nofollow\" name=\"RTFToC34\"><span><strong><span style=\"font-size: 14pt;font-family: 'Arial','sans-serif'\">#\u00a1REF!<\/span><\/strong><\/span><\/a><strong><span style=\"font-size: 14pt;font-family: 'Arial','sans-serif'\"> \u00a0<br \/>\n<\/span><\/strong><\/p>\n<p class=\"MsoNormal\" style=\"margin: 0cm 0cm 6pt;text-align: justify\"><span style=\"font-family: 'Arial','sans-serif'\"><span style=\"font-size: small\">Este quiere decir error en la referencia: Indica que, al actualizar una f\u00f3rmula con referencias relativas, se est\u00e1n tomando celdas que no existen porque la referencia sale de la hoja de c\u00e1lculo. \u00a0<br \/>\n<\/span><\/span><br \/>\n<span style=\"font-size: 12pt;font-family: 'Arial','sans-serif'\"><br \/><\/span><\/p>\n<p class=\"MsoNormal\" style=\"margin: 0cm 0cm 6pt;text-align: justify\"><a rel=\"nofollow\" name=\"RTFToC35\"><\/a><a rel=\"nofollow\" name=\"_Toc134593743\"><span><strong><span style=\"font-size: 14pt;font-family: 'Arial','sans-serif'\">Almohadillas (###)<\/span><\/strong><\/span><\/a><span><strong><span style=\"font-size: 14pt;font-family: 'Arial','sans-serif'\"> <\/span><\/strong><\/span><strong><span style=\"font-size: 14pt;font-family: 'Arial','sans-serif'\">\u00a0<br \/>\n<\/span><\/strong><\/p>\n<p class=\"MsoNormal\" style=\"margin: 0cm 0cm 6pt;text-align: justify\"><span style=\"font-family: 'Arial','sans-serif'\"><span style=\"font-size: small\">Si despu\u00e9s de una operaci\u00f3n aparecen los s\u00edmbolos llamados almohadillas en las celdas es indicativo de que el resultado no cabe en ese ancho. Basta con ampliar la anchura de la columna para conseguir ver bien los resultados. \u00a0<br \/>\n<\/span><\/span><\/p>\n<p style=\"margin: 0cm 0cm 6pt;text-align: justify\"><span style=\"font-family: 'Arial','sans-serif'\" lang=\"ES-MX\"><span style=\"font-size: small\">\u00a0<br \/>\n<\/span><\/span><\/p>\n<p class=\"libro2\" style=\"margin: 6pt 0cm\"><a rel=\"nofollow\" name=\"_Toc134596279\"><\/a><a rel=\"nofollow\" name=\"_Toc134594302\"><\/a><a rel=\"nofollow\" name=\"_Toc427645886\"><span><span><strong><span style=\"font-size: large\">OTROS MENSAJES DE ERROR<\/span><\/strong><\/span><\/span><\/a><\/p>\n<p class=\"MsoBlockText\" style=\"margin: 0cm 0cm 6pt;text-align: justify\"><span style=\"font-family: 'Arial','sans-serif'\" lang=\"ES-MX\"><span style=\"font-size: small\">En alg\u00fan momento puede producirse el hecho de que nos equivoquemos en la realizaci\u00f3n de una f\u00f3rmula y que \u00e9sta intente realizar c\u00e1lculos con datos err\u00f3neos. Por ejemplo, podemos intentar =C1+C2 habiendo un texto en C1 y un n\u00famero en C2, por lo que Excel devolver\u00e1 un mensaje de error. Observa los siguientes mensajes de error y su causa: \u00a0<br \/>\n<\/span><\/span><\/p>\n<p class=\"MsoBlockText\" style=\"margin: 6pt 0cm;text-align: justify\"><span style=\"font-size: small\"><strong><span style=\"font-family: 'Arial','sans-serif'\" lang=\"ES-MX\">#N\/A<span>\u00a0\u00a0 <\/span><\/span><\/strong><span style=\"font-family: 'Arial','sans-serif'\" lang=\"ES-MX\">Valor no disponible \u00a0<br \/>\n<\/span><\/span><\/p>\n<p class=\"MsoBlockText\" style=\"margin: 6pt 0cm;text-align: justify\"><span style=\"font-size: small\"><strong><span style=\"font-family: 'Arial','sans-serif'\" lang=\"ES-MX\">#\u00bfNAME?<span>\u00a0\u00a0\u00a0\u00a0 <\/span><\/span><\/strong><span style=\"font-family: 'Arial','sans-serif'\" lang=\"ES-MX\">Se ha utilizado un nombre que Excel no reconoce \u00a0<br \/>\n<\/span><\/span><\/p>\n<p class=\"MsoBlockText\" style=\"margin: 6pt 0cm;text-align: justify\"><span style=\"font-size: small\"><strong><span style=\"font-family: 'Arial','sans-serif'\" lang=\"ES-MX\">#\u00bfNULL!<span>\u00a0\u00a0\u00a0\u00a0\u00a0\u00a0 <\/span><\/span><\/strong><span style=\"font-family: 'Arial','sans-serif'\" lang=\"ES-MX\">Intersecci\u00f3n no v\u00e1lida de dos \u00e1reas \u00a0<br \/>\n<\/span><\/span><\/p>\n<p class=\"MsoBlockText\" style=\"margin: 6pt 0cm;text-align: justify\"><span style=\"font-size: small\"><strong><span style=\"font-family: 'Arial','sans-serif'\" lang=\"ES-MX\">#\u00a1NUM!<\/span><\/strong><span style=\"font-family: 'Arial','sans-serif'\" lang=\"ES-MX\"><span>\u00a0\u00a0\u00a0\u00a0\u00a0\u00a0\u00a0\u00a0\u00a0 <\/span>N\u00famero utilizado de forma incorrecta \u00a0<br \/>\n<\/span><\/span><\/p>\n<\/div>\n<form id=\"vozme_form_9855e129d7b8d6b49990b012e4d5acbe\" method=\"post\" name=\"vozme_form_9855e129d7b8d6b49990b012e4d5acbe\" target=\"9855e129d7b8d6b49990b012e4d5acbe\" action=\"http:\/\/vozme.com\/text2voice.php\"><input name=\"text\" type=\"hidden\" value=\"Errores de Excel.. \n\n\nErrores en las f\u00f3rmulas\n\n\n\u00a0\n\n\nHasta que no te habit\u00faes a trabajar con f\u00f3rmulas y conozcas con detalle su funcionamiento te encontrar\u00e1s con muchos errores. En ocasiones te equivocar\u00e1s sin darte cuenta, colocando un car\u00e1cter o un n\u00famero de m\u00e1s y te llevar\u00e1s la sorpresa de que te aparece un mensaje de error. Lo mismo te puede ocurrir con el resultado de un c\u00e1lculo, por contener una formula que no es correcta.\n\n\n\u00a0\n\n\nEl error &quot;#\u00bfNOMBRE?&quot;\nCuando Excel advierte un error en una celda, utiliza una serie de expresiones y s\u00edmbolos para advertirnos. Uno de los m\u00e1s comunes es el error #\u00bfNOMBRE?, que significa que falta alg\u00fan signo matem\u00e1tico en la f\u00f3rmula. Vamos a verlo con un ejemplo:Sup\u00f3n que has hecho una hoja de c\u00e1lculo como la que aparece bajo estas l\u00edneas. En ella te aparece un mensaje de error en la celda B11.\n\n\u00a0\nEste mensaje de error significa que hay algo err\u00f3neo en la formula que hemos colocado en dicha celda. Lo primero que tenemos que hacer es identificar el error. Para ello hacemos clic en la celda que contiene el mensaje de error (B11) para ver la f\u00f3rmula que est\u00e1 en ella.\n\n\u00a0\nAdvertimos que falta un signo matem\u00e1tico y que se han juntado las referencias de dos celdas (B6 y B7). Ahora, corregimos el problema a\u00f1adiendo el signo de la suma.\nOtros mensajes de error:\n- El error ##### se produce cuando la celda contiene una f\u00f3rmula de fecha u hora que genera un resultado negativo.\n- El valor de error #\u00a1VALOR! da cuando se utiliza un tipo de argumento incorrecto. Por ejemplo, si se ha introducido texto y la f\u00f3rmula requiere un n\u00famero o un valor l\u00f3gico, como Verdadero o Falso.\n- El valor de error #\u00a1DIV\/0! se produce cuando se divide una f\u00f3rmula por 0.\n- El valor de error #\u00a1REF! se da cuando una referencia de celda no es v\u00e1lida. Por ejemplo, si se han eliminado celdas a las que hac\u00edan referencia otras f\u00f3rmulas.\n- El valor de error #\u00a1NUM! se da cuando hay un problema con alg\u00fan n\u00famero en una f\u00f3rmula o funci\u00f3n.\n\n\n\n\u00a0\n\nERRORES M\u00c1S FRECUENTES\nCuando una f\u00f3rmula no se introduce correctamente, Excel presenta un mensaje de error que indica cu\u00e1l es el fallo cometido; a continuaci\u00f3n se muestra los mensajes mas comunes que suelen presentarse en las celdas. \u00a0\n\n\u00a0\n\n#\u00a1VALOR! \u00a0\n\nEn el primer caso hay que considerar que se han incluido en la f\u00f3rmula algunos caracteres de texto, o bien se ha hecho referencia a una casilla en la que no hay un valor num\u00e9rico sino de texto. \u00a0\n\nPor ejemplo, suele aparecer este error cuando hacemos referencia a celdas con contenido decimal. Excel y sus formatos num\u00e9ricos tienen establecidos algunos caracteres para separar, por ejemplo, la parte entera de un n\u00famero de la decimal, que dependen de la versi\u00f3n en uso. Emplear otros caracteres supone introducir valores distintos y que la aplicaci\u00f3n lea como texto lo que deber\u00eda ser un n\u00famero. \u00a0\n\nPara solucionar este problema hay que asegurarse de cu\u00e1l es la forma correcta para la versi\u00f3n en uso, y asegurarse de que, en las opciones, est\u00e1 especificado el idioma correcto para formatos num\u00e9ricos, teclado, etc. \u00a0\n\n\u00a0\n\n#\u00a1DIV\/0! \u00a0\n\nEl segundo caso se corrige cambiando la f\u00f3rmula, considerando que hemos hecho referencia en un denominador a una casilla donde el valor no existe, o es cero, o es una casilla en blanco. \u00a0\n\n\u00a0\n\n#\u00a1REF! \u00a0\n\nEste quiere decir error en la referencia: Indica que, al actualizar una f\u00f3rmula con referencias relativas, se est\u00e1n tomando celdas que no existen porque la referencia sale de la hoja de c\u00e1lculo. \u00a0\n\n\nAlmohadillas (###) \u00a0\n\nSi despu\u00e9s de una operaci\u00f3n aparecen los s\u00edmbolos llamados almohadillas en las celdas es indicativo de que el resultado no cabe en ese ancho. Basta con ampliar la anchura de la columna para conseguir ver bien los resultados. \u00a0\n\n\u00a0\n\nOTROS MENSAJES DE ERROR\nEn alg\u00fan momento puede producirse el hecho de que nos equivoquemos en la realizaci\u00f3n de una f\u00f3rmula y que \u00e9sta intente realizar c\u00e1lculos con datos err\u00f3neos. Por ejemplo, podemos intentar =C1+C2 habiendo un texto en C1 y un n\u00famero en C2, por lo que Excel devolver\u00e1 un mensaje de error. Observa los siguientes mensajes de error y su causa: \u00a0\n\n#N\/A\u00a0\u00a0 Valor no disponible \u00a0\n\n#\u00bfNAME?\u00a0\u00a0\u00a0\u00a0 Se ha utilizado un nombre que Excel no reconoce \u00a0\n\n#\u00bfNULL!\u00a0\u00a0\u00a0\u00a0\u00a0\u00a0 Intersecci\u00f3n no v\u00e1lida de dos \u00e1reas \u00a0\n\n#\u00a1NUM!\u00a0\u00a0\u00a0\u00a0\u00a0\u00a0\u00a0\u00a0\u00a0 N\u00famero utilizado de forma incorrecta \u00a0\n\n\n\" \/><input name=\"lang\" type=\"hidden\" value=\"en\" \/><input name=\"gn\" type=\"hidden\" value=\"ml\" \/><input type=\"hidden\" id=\"interface\" name=\"interface\" value=\"full\" \/>\n\t\t\t<div style=\"margin-left:40%;\">\n\t\t\t\n\t\t\t\t<input style=\"float:left;\" type=\"image\" width=\"40\" height=\"40\" src=\"http:\/\/blog.espol.edu.ec\/zaikaper\/wp-content\/plugins\/vozme\/img\/megaphone40x40w.gif\" alt=\"Hear this post\" onclick=\"window.open('', '9855e129d7b8d6b49990b012e4d5acbe', 'width=600,height=370,scrollbars=yes,location=yes,menubar=yes,resizable=yes,status=yes,toolbar=yes');\">\n\t\t\t\t<div style=\"margin-left:48px; text-align:left;\"><a style=\"font-size:12px;\" href=\"javascript:void(0);\" onclick=\"window.open('', '9855e129d7b8d6b49990b012e4d5acbe', 'width=600,height=370,scrollbars=yes,location=yes,menubar=yes,resizable=yes,status=yes,toolbar=yes'); document.getElementById('vozme_form_9855e129d7b8d6b49990b012e4d5acbe').submit();\">Hear<br\/>this post<\/a><\/div>\n\t\t\t<\/div><\/form>","protected":false},"excerpt":{"rendered":"<p>Errores en las f\u00f3rmulas \u00a0 Hasta que no te habit\u00faes a trabajar con f\u00f3rmulas y conozcas con detalle su funcionamiento te encontrar\u00e1s con muchos errores. En ocasiones te equivocar\u00e1s sin darte cuenta, colocando un car\u00e1cter o un n\u00famero de m\u00e1s y te llevar\u00e1s la sorpresa de que te aparece un mensaje de error. Lo mismo [&hellip;]<\/p>\n","protected":false},"author":812,"featured_media":0,"parent":0,"menu_order":0,"comment_status":"open","ping_status":"open","template":"","meta":{"_monsterinsights_skip_tracking":false,"_monsterinsights_sitenote_active":false,"_monsterinsights_sitenote_note":"","_monsterinsights_sitenote_category":0,"footnotes":""},"class_list":["post-8","page","type-page","status-publish","hentry"],"aioseo_notices":[],"_links":{"self":[{"href":"https:\/\/blog.espol.edu.ec\/zaikaper\/wp-json\/wp\/v2\/pages\/8","targetHints":{"allow":["GET"]}}],"collection":[{"href":"https:\/\/blog.espol.edu.ec\/zaikaper\/wp-json\/wp\/v2\/pages"}],"about":[{"href":"https:\/\/blog.espol.edu.ec\/zaikaper\/wp-json\/wp\/v2\/types\/page"}],"author":[{"embeddable":true,"href":"https:\/\/blog.espol.edu.ec\/zaikaper\/wp-json\/wp\/v2\/users\/812"}],"replies":[{"embeddable":true,"href":"https:\/\/blog.espol.edu.ec\/zaikaper\/wp-json\/wp\/v2\/comments?post=8"}],"version-history":[{"count":3,"href":"https:\/\/blog.espol.edu.ec\/zaikaper\/wp-json\/wp\/v2\/pages\/8\/revisions"}],"predecessor-version":[{"id":10,"href":"https:\/\/blog.espol.edu.ec\/zaikaper\/wp-json\/wp\/v2\/pages\/8\/revisions\/10"}],"wp:attachment":[{"href":"https:\/\/blog.espol.edu.ec\/zaikaper\/wp-json\/wp\/v2\/media?parent=8"}],"curies":[{"name":"wp","href":"https:\/\/api.w.org\/{rel}","templated":true}]}}